-- Table structure for table `iot_log_hours`
--

CREATE TABLE `iot_log_hours` (
  `log_hours_id` int NOT NULL AUTO_INCREMENT,
  `asset_id` int DEFAULT NULL,
  `utc_timestamp` int DEFAULT NULL,
  `hour_count` int DEFAULT NULL,
  `hour_offset` int DEFAULT NULL,
  `checked` tinyint DEFAULT NULL,
  PRIMARY KEY (`log_hours_id`),
  KEY `asset` (`asset_id`,`utc_timestamp`)
) ENGINE=InnoDB AUTO_INCREMENT=503 DEFAULT CHARSET=utf8mb4 COLLATE=utf8mb4_0900_ai_ci;

--
-- Dumping data for table `iot_log_hours`
--

INSERT INTO `iot_log_hours` VALUES (1,1,1782227737,0,0,1),(2,1,1782227887,0,0,1),(3,1,1782228771,1,0,1),(4,1,1782228772,1,0,1),(5,1,1782228773,1,0,1),(6,1,1782228778,6,0,1),(7,1,1782228779,7,0,1),(8,1,1782228846,73,0,1),(9,1,1782229331,545,0,1),(10,1,1782229332,545,0,1),(11,1,1782229377,589,0,1),(12,1,1782229378,589,0,1),(13,1,1782229382,589,0,1),(14,1,1782229387,589,0,1),(15,1,1782229395,589,0,1),(16,1,1782229396,590,0,1),(17,1,1782229401,595,0,1),(18,1,1782229902,1080,0,1),(19,1,1782229910,1080,0,1),(20,1,1782229911,1081,0,1),(21,1,1782231618,2742,0,1),(22,1,1782231619,2742,0,1),(23,1,1782231693,2815,0,1),(24,1,1782232258,3364,0,1),(25,1,1782232344,3448,0,1),(26,1,1782232849,3939,0,1),(27,1,1782232927,4015,0,1),(28,1,1782233242,4321,0,1),(29,1,1782233303,4381,0,1),(30,1,1782260574,30901,0,1),(31,1,1782260579,30901,0,1),(32,1,1782260598,30901,0,1),(33,1,1782260599,30901,0,1),(34,1,1782260600,30901,0,1),(35,1,1782260660,30901,0,1),(36,1,1782260663,30901,0,1),(37,1,1782261052,30901,0,1),(38,1,1782261113,30961,0,1),(39,1,1782261114,30961,0,1),(40,1,1782261122,30969,0,1),(41,1,1782261173,31019,0,1),(42,1,1782261176,31022,0,1),(43,1,1782261178,31024,0,1),(44,1,1782263352,33135,0,1),(45,1,1782263431,33212,0,1),(46,1,1782267011,36688,0,1),(47,1,1782270613,40184,0,1),(48,1,1782273846,43317,0,1),(49,1,1782273847,43318,0,1),(50,1,1782274214,43674,0,1),(51,1,1782309871,78294,0,1),(52,1,1782309877,78300,0,1),(53,1,1782309931,78351,0,1),(54,1,1782313969,82270,0,1),(55,1,1782314036,82335,0,1),(56,1,1782316848,85064,0,1),(57,1,1782316950,85163,0,1),(58,1,1782320888,88975,0,1),(59,1,1782320889,88976,0,1),(60,1,1782331261,99041,0,1),(61,1,1782331263,99041,0,1),(62,1,1782331824,99041,0,1),(63,1,1782331832,99042,0,1),(64,1,1782333988,101130,0,1),(65,1,1782333999,101140,0,1),(66,1,1782334047,101187,0,1),(67,1,1782334066,101206,0,1),(68,1,1782334068,101207,0,1),(69,1,1782337648,104686,0,1),(70,1,1782341250,108186,0,1),(71,1,1782344851,111683,0,1),(72,1,1782348505,115232,0,1),(73,1,1782348512,115239,0,1),(74,1,1782348571,115297,0,1),(75,1,1782348572,115297,0,1),(76,1,1782351992,118618,0,1),(77,1,1782351995,118621,0,1),(78,1,1782352051,118621,0,1),(79,1,1782352060,118621,0,1),(80,1,1782355652,118621,0,1),(81,1,1782359253,118621,0,1),(82,1,1782362855,118621,0,1),(83,1,1782384352,3510,115111,2),(84,1,1782387242,6325,115111,1),(85,1,1782387954,7018,115111,1),(86,1,1782389442,8468,115111,1),(87,1,1782389445,8471,115111,1),(88,1,1782389446,8471,115111,1),(89,1,1782390445,8471,115111,1),(90,1,1782390446,8472,115111,1),(91,1,1782390452,8479,115111,1),(92,1,1782390454,8481,115111,1),(93,1,1782390456,8483,115111,1),(94,1,1782390458,8484,115111,1),(95,1,1782390574,8596,115111,1),(96,1,1782390575,8596,115111,1),(97,1,1782391555,8596,115111,1),(98,1,1782394163,8596,115111,1),(99,1,1782394165,8596,115111,1),(100,1,1782394167,8597,115111,1),(101,1,1782395157,9561,115111,1),(102,1,1782398758,13067,115111,1),(103,1,1782402375,16583,115111,1),(104,1,1782402420,16627,115111,1),(105,1,1782402434,16641,115111,1),(106,1,1782402435,16641,115111,1),(107,1,1782404866,19008,115111,1),(108,1,1782406841,19008,115111,1),(109,1,1782406957,19008,115111,1),(110,1,1782406958,19009,115111,1),(111,1,1782406974,19025,115111,1),(112,1,1782406975,19025,115111,1),(113,1,1782406978,19026,115111,1),(114,1,1782406979,19026,115111,1),(115,1,1782407071,19116,115111,1),(116,1,1782407072,19117,115111,1),(117,1,1782407098,19142,115111,1),(118,1,1782407104,19148,115111,1),(119,1,1782407105,19149,115111,1),(120,1,1782407106,19150,115111,1),(121,1,1782407201,19243,115111,1),(122,1,1782407203,19244,115111,1),(123,1,1782407241,19281,115111,1),(124,1,1782407261,19301,115111,1),(125,1,1782407262,19302,115111,1),(126,1,1782407263,19303,115111,1),(127,1,1782407437,19472,115111,1),(128,1,1782407438,19472,115111,1),(129,1,1782407441,19472,115111,1),(130,1,1782407442,19473,115111,1),(131,1,1782407443,19473,115111,1),(132,1,1782407552,19579,115111,1),(133,1,1782407553,19580,115111,1),(134,1,1782407588,19614,115111,1),(135,1,1782407613,19638,115111,1),(136,1,1782407672,19696,115111,1),(137,1,1782407695,19718,115111,1),(138,1,1782407696,19719,115111,1),(139,1,1782407704,19727,115111,1),(140,1,1782407706,19729,115111,1),(141,1,1782408449,20451,115111,1),(142,1,1782408450,20451,115111,1),(143,1,1782411274,20451,115111,1),(144,1,1782411522,20451,115111,1),(145,1,1782411582,20451,115111,1),(146,1,1782411597,20451,115111,1),(147,1,1782411606,20451,115111,1),(148,1,1782412031,20451,115111,1),(149,1,1782413410,20451,123549,1),(150,1,1782413411,20451,123549,1),(151,1,1782413412,20451,123549,1),(152,1,1782413417,20452,123549,1),(153,1,1782413418,20452,123549,1),(154,1,1782413459,20493,123549,1),(155,1,1782413460,20493,123549,1),(156,1,1782413466,20499,123549,1),(157,1,1782413517,20549,123549,1),(158,1,1782413519,20551,123549,1),(159,1,1782413521,20553,123549,1),(160,1,1782413591,20621,123549,1),(161,1,1782413593,20623,123549,1),(162,1,1782413719,20745,123549,1),(163,1,1782413776,20801,123549,1),(164,1,1782413780,20805,123549,1),(165,1,1782413782,20807,123549,1),(166,1,1782414835,21831,123549,1),(167,1,1782415216,22201,123549,1),(168,1,1782415290,22201,123549,1),(169,1,1782415291,22202,123549,1),(170,1,1782415338,22248,123549,1),(171,1,1782415339,22249,123549,1),(172,1,1782415340,22250,123549,1),(173,1,1782421459,28200,123549,1),(174,1,1782421460,28202,123549,1),(175,1,1782421519,28259,123549,1),(176,1,1782421520,28260,123549,1),(177,1,1782421521,28261,123549,1),(178,1,1782425120,31757,123549,1),(179,1,1782428721,35256,123549,1),(180,1,1782432323,38756,123549,1),(181,1,1782435748,42083,123549,1),(182,1,1782435806,42139,123549,1),(183,1,1782435808,42142,123549,1),(184,1,1782435809,42143,123549,1),(185,1,1782436010,42338,123549,1),(186,1,1782439407,45638,123549,1),(187,1,1782443009,49138,123549,1),(188,1,1782446610,52635,123549,1),(189,1,1782495365,0,720000,2),(190,1,1782495373,0,720000,1),(191,1,1782495375,2,720000,1),(192,1,1782496933,1523,685365,1),(193,1,1782496992,1580,685365,1),(194,1,1782496994,1582,685365,1),(195,1,1782496995,1583,685365,1),(196,1,1782497373,1951,685365,1),(197,1,1782497432,2009,685365,1),(198,1,1782497466,2042,685365,1),(199,1,1782497467,2043,685365,1),(200,1,1782497529,2104,685365,1),(201,1,1782497530,2105,685365,1),(202,1,1782497589,2162,685365,1),(203,1,1782497593,2166,685365,1),(204,1,1782497594,2167,685365,1),(205,1,1782501191,5671,685365,1),(206,1,1782504481,8873,685365,1),(207,1,1782504491,8873,685365,1),(208,1,1782504492,8874,685365,1),(209,1,1782504792,9166,685365,1),(210,1,1782505549,9902,685365,1),(211,1,1782505550,9903,685365,1),(212,1,1782505609,9960,685365,1),(213,1,1782505611,9962,685365,1),(214,1,1782509210,13463,688980,1),(215,1,1782511001,15205,688980,1),(216,1,1782511060,15262,688980,1),(217,1,1782511062,15264,688980,1),(218,1,1782514661,18761,688980,1),(219,1,1782518263,22258,688980,1),(220,1,1782521864,25755,688980,1),(221,1,1782525466,29252,688980,1),(222,1,1782529067,32745,688980,1),(223,1,1782532669,36244,688980,1),(224,1,1782536270,39741,688980,1),(225,1,1782539872,43241,688980,1),(226,1,1782543473,46740,688980,1),(227,1,1782547075,50237,688980,1),(228,1,1782550676,53735,688980,1),(229,1,1782551034,54077,688980,1),(230,1,1782551035,54078,688980,1),(231,1,1782554278,57226,688980,1),(232,1,1782557879,60723,688980,1),(233,1,1782561481,64220,688980,1),(234,1,1782565082,67719,688980,1),(235,1,1782568684,71220,688980,1),(236,1,1782572285,74721,688980,1),(237,1,1782575887,78220,688980,1),(238,1,1782577751,80026,688980,1),(239,1,1782577752,80027,688980,1),(240,1,1782579488,81712,688980,1),(241,1,1782583090,85208,688980,1),(242,1,1782586691,88705,688980,1),(243,1,1782590293,92207,688980,1),(244,1,1782593894,95708,688980,1),(245,1,1782597496,99201,688980,1),(246,1,1782601097,102698,688980,1),(247,1,1782604700,106195,688980,1),(248,1,1782606937,108370,688980,1),(249,1,1782606938,108370,688980,1),(250,1,1782608301,108370,688980,1),(251,1,1782608705,108370,688980,1),(252,1,1782608706,108371,688980,1),(253,1,1782608708,108372,688980,1),(254,1,1782608719,108372,688980,1),(255,1,1782608720,108373,688980,1),(256,1,1782608721,108374,688980,1),(257,1,1782608723,108376,688980,1),(258,1,1782608730,108376,688980,1),(259,1,1782608731,108377,688980,1),(260,1,1782608732,108377,688980,1),(261,1,1782608844,108486,688980,1),(262,1,1782608921,108486,688980,1),(263,1,1782608922,108486,688980,1),(264,1,1782608924,108486,688980,1),(265,1,1782608925,108487,688980,1),(266,1,1782608926,108488,688980,1),(267,1,1782609741,109279,688980,1),(268,1,1782609742,109280,688980,1),(269,1,1782609766,109303,688980,1),(270,1,1782609770,109307,688980,1),(271,1,1782609801,109337,688980,1),(272,1,1782609811,109347,688980,1),(273,1,1782609812,109348,688980,1),(274,1,1782610167,109691,688980,1),(275,1,1782610173,109691,688980,1),(276,1,1782610174,109692,688980,1),(277,1,1782610175,109692,688980,1),(278,1,1782610177,109694,688980,1),(279,1,1782610210,109727,688980,1),(280,1,1782610211,109727,688980,1),(281,1,1782610212,109728,688980,1),(282,1,1782610270,109785,688980,1),(283,1,1782610271,109786,688980,1),(284,1,1782610273,109787,688980,1),(285,1,1782613872,113283,688980,1),(286,1,1782617474,116781,688980,1),(287,1,1782621075,120277,688980,1),(288,1,1782624677,123774,688980,1),(289,1,1782628278,127270,688980,1),(290,1,1782631880,130765,688980,1),(291,1,1782635482,134261,688980,1),(292,1,1782639083,137760,688980,1),(293,1,1782642685,141258,688980,1),(294,1,1782646286,144757,688980,1),(295,1,1782649888,148258,688980,1),(296,1,1782653489,151759,688980,1),(297,1,1782657091,155258,688980,1),(298,1,1782657810,155956,688980,1),(299,1,1782657868,156013,688980,1),(300,1,1782657870,156015,688980,1),(301,1,1782657871,156016,688980,1),(302,1,1782661469,159509,688980,1),(303,1,1782666750,164637,688980,1),(304,1,1782666751,164638,688980,1),(305,1,1782666814,164699,688980,1),(306,1,1782670411,168190,688980,1),(307,1,1782674012,171687,688980,1),(308,1,1782677614,175186,688980,1),(309,1,1782681216,178681,688980,1),(310,1,1782684817,182176,688980,1),(311,1,1782688419,185674,688980,1),(312,1,1782690841,188024,688980,1),(313,1,1782690900,188081,688980,1),(314,1,1782690901,188083,688980,1),(315,1,1782694501,191580,688980,1),(316,1,1782698103,195074,688980,1),(317,1,1782701704,198573,688980,1),(318,1,1782705306,202071,688980,1),(319,1,1782708907,205568,688980,1),(320,1,1782712510,209064,688980,1),(321,1,1782716111,212559,688980,1),(322,1,1782719712,216054,688980,1),(323,1,1782723314,219549,688980,1),(324,1,1782726915,223045,688980,1),(325,1,1782730517,226538,688980,1),(326,1,1782734119,230031,688980,1),(327,1,1782737721,233524,688980,1),(328,1,1782740126,235852,688980,1),(329,1,1782740127,235853,688980,1),(330,1,1782741322,237012,688980,1),(331,1,1782744923,240505,688980,1),(332,1,1782745522,241083,688980,1),(333,1,1782745523,241084,688980,1),(334,1,1782748525,243996,688980,1),(335,1,1782748999,244456,688980,1),(336,1,1782749057,244513,688980,1),(337,1,1782749059,244514,688980,1),(338,1,1782749124,244578,688980,1),(339,1,1782749125,244578,688980,1),(340,1,1782749184,244636,688980,1),(341,1,1782749190,244642,688980,1),(342,1,1782749192,244643,688980,1),(343,1,1782752786,248128,688980,1),(344,1,1782756387,251622,688980,1),(345,1,1782757142,252351,688980,1),(346,1,1782757145,252352,688980,1),(347,1,1782757146,252353,688980,1),(348,1,1782759989,255112,688980,1),(349,1,1782760591,255695,688980,1),(350,1,1782760592,255696,688980,1),(351,1,1782760650,255753,688980,1),(352,1,1782760652,255755,688980,1),(353,1,1782760653,255756,688980,1),(354,1,1782760741,255841,688980,1),(355,1,1782760743,255843,688980,1),(356,1,1782760752,255852,688980,1),(357,1,1782760777,255876,688980,1),(358,1,1782760801,255899,688980,1),(359,1,1782760806,255905,688980,1),(360,1,1782760808,255906,688980,1),(361,1,1782761208,256293,688980,1),(362,1,1782761210,256295,688980,1),(363,1,1782761211,256295,688980,1),(364,1,1782761214,256299,688980,1),(365,1,1782761215,256299,688980,1),(366,1,1782761217,256302,688980,1),(367,1,1782761268,256351,688980,1),(368,1,1782761279,256362,688980,1),(369,1,1782761281,256363,688980,1),(370,1,1782761471,256548,688980,1),(371,1,1782761472,256548,688980,1),(372,1,1782761473,256549,688980,1),(373,1,1782761474,256551,688980,1),(374,1,1782761476,256553,688980,1),(375,1,1782761477,256553,688980,1),(376,1,1782761482,256553,688980,1),(377,1,1782761533,256553,688980,1),(378,1,1782761536,256553,688980,1),(379,1,1782761677,256553,688980,1),(380,1,1782761678,256553,688980,1),(381,1,1782761679,256554,688980,1),(382,1,1782761680,256555,688980,1),(383,1,1782761682,256557,688980,1),(384,1,1782761683,256557,688980,1),(385,1,1782761684,256558,688980,1),(386,1,1782765134,259906,688980,1),(387,1,1782768736,263401,688980,1),(388,1,1782772338,266900,688980,1),(389,1,1782774461,256283,699597,2),(390,1,1782774462,256285,699597,1),(391,1,1782774560,256380,699597,1),(392,1,1782774566,256386,699597,1),(393,1,1782774567,256386,699597,1),(394,1,1782774584,256386,699597,1),(395,1,1782774585,256386,699597,1),(396,1,1782774586,256386,699597,1),(397,1,1782774587,256387,699597,1),(398,1,1782774588,256388,699597,1),(399,1,1782778061,259771,699597,1),(400,1,1782781899,263503,699597,1),(401,1,1782781900,263504,699597,1),(402,1,1782784158,265700,699597,1),(403,1,1782784159,265701,699597,1),(404,1,1782784160,265701,699597,1),(405,1,1782784165,265706,699597,1),(406,1,1782784166,265706,699597,1),(407,1,1782784173,265706,699597,1),(408,1,1782784174,265706,699597,1),(409,1,1782784177,265706,699597,1),(410,1,1782784178,265706,699597,1),(411,1,1782784179,265706,699597,1),(412,1,1782784180,265706,699597,1),(413,1,1782784182,265706,699597,1),(414,1,1782784183,265706,699597,1),(415,1,1782784184,265706,699597,1),(416,1,1782784187,265706,699597,1),(417,1,1782784188,265706,699597,1),(418,1,1782784189,265706,699597,1),(419,1,1782784190,265706,699597,1),(420,1,1782784192,265706,699597,1),(421,1,1782784218,265706,699597,1),(422,1,1782784253,265706,699597,1),(423,1,1782784891,265706,699597,1),(424,1,1782784973,265706,699597,1),(425,1,1782786024,265706,699597,1),(426,1,1782786116,265706,699597,1),(427,1,1782786750,265706,699597,1),(428,1,1782786842,265706,699597,1),(429,1,1782787819,265706,699597,1),(430,1,1782791421,265706,699597,1),(431,1,1782845345,256283,709020,2),(432,1,1782845418,256283,709020,1),(433,1,1782850178,256283,709020,1),(434,1,1782850246,256283,709020,1),(435,1,1782851743,256283,709020,1),(436,1,1782851744,256283,709020,1),(437,1,1782851745,256283,709020,1),(438,1,1782851746,256283,709020,1),(439,1,1782851747,256283,709020,1),(440,1,1782851792,256283,709020,1),(441,1,1782851793,256284,709020,1),(442,1,1782851828,256317,709020,1),(443,1,1782851865,256354,709020,1),(444,1,1782851866,256355,709020,1),(445,1,1782851867,256356,709020,1),(446,1,1782852170,256650,709020,1),(447,1,1782852178,256657,709020,1),(448,1,1782852179,256657,709020,1),(449,1,1782852198,256657,709020,1),(450,1,1782852199,256658,709020,1),(451,1,1782852323,256780,709020,1),(452,1,1782852324,256780,709020,1),(453,1,1782852325,256781,709020,1),(454,1,1782852327,256784,709020,1),(455,1,1782852335,256791,709020,1),(456,1,1782852385,256840,709020,1),(457,1,1782852386,256842,709020,1),(458,1,1782852388,256843,709020,1),(459,1,1782852432,256886,709020,1),(460,1,1782852433,256886,709020,1),(461,1,1782852599,256886,709020,1),(462,1,1782852600,256886,709020,1),(463,1,1782852601,256886,709020,1),(464,1,1782852614,256886,709020,1),(465,1,1782852615,256886,709020,1),(466,1,1782852616,256886,709020,1),(467,1,1782852617,256886,709020,1),(468,1,1782852619,256886,709020,1),(469,1,1782852620,256886,709020,1),(470,1,1782852661,256886,709020,1),(471,1,1782852683,256886,709020,1),(472,1,1782856263,256886,709020,1),(473,1,1782859864,256886,709020,1),(474,1,1782863466,256886,709020,1),(475,1,1782901341,256693,709213,2),(476,1,1782901343,256695,709213,1),(477,1,1782901440,256789,709213,1),(478,1,1782903019,258327,709213,1),(479,1,1782903026,258333,709213,1),(480,1,1782903027,258333,709213,1),(481,1,1782903030,258333,709213,1),(482,1,1782903031,258333,709213,1),(483,1,1782903033,258335,709213,1),(484,1,1782904615,259873,709213,1),(485,1,1782908216,263374,709213,1),(486,1,1782908866,263997,709213,1),(487,1,1782908867,263998,709213,1),(488,1,1782911296,266354,709213,1),(489,1,1782911297,266354,709213,1),(490,1,1782911298,266354,709213,1),(491,1,1782911299,266354,709213,1),(492,1,1782911300,266354,709213,1),(493,1,1782911301,266354,709213,1),(494,1,1782911302,266354,709213,1),(495,1,1782911303,266354,709213,1),(496,1,1782911314,266354,709213,1),(497,1,1782911315,266354,709213,1),(498,1,1782911316,266354,709213,1),(499,1,1782911317,266354,709213,1),(500,1,1782911318,266354,709213,1),(501,1,1782911319,266354,709213,1),(502,1,1782911320,266354,709213,1);

--
-- Table structure for table `iot_log_raw`
--

CREATE TABLE `iot_log_raw` (
  `log_id` int NOT NULL AUTO_INCREMENT,
  `rcv_timestamp` int DEFAULT NULL,
  `raw_msg` blob,
  `source_ip` char(16) DEFAULT NULL,
  `bytes_red` smallint DEFAULT NULL,
  `origin` varchar(45) DEFAULT NULL,
  `imei` char(32) DEFAULT NULL,
  `server_signature` char(16) DEFAULT NULL,
  PRIMARY KEY (`log_id`)
) ENGINE=InnoDB DEFAULT CHARSET=utf8mb4 COLLATE=utf8mb4_0900_ai_ci;

--
-- Dumping data for table `iot_log_raw`
--


--
-- Table structure for table `iot_log_running`
--

CREATE TABLE `iot_log_running` (
  `running_id` int NOT NULL AUTO_INCREMENT,
  `log_gps_data_id` int DEFAULT NULL,
  `asset_id` int DEFAULT NULL,
  `event_timestamp` int DEFAULT NULL,
  `lat` decimal(10,7) DEFAULT NULL,
  `lng` decimal(10,7) DEFAULT NULL,
  `hour_count` int DEFAULT NULL,
  `hour_count_offset` int DEFAULT '0',
  `entry_type` tinyint DEFAULT NULL,
  `location_id` int DEFAULT NULL,
  PRIMARY KEY (`running_id`),
  KEY `unit` (`asset_id`,`event_timestamp`)
) ENGINE=InnoDB AUTO_INCREMENT=49 DEFAULT CHARSET=utf8mb4 COLLATE=utf8mb4_0900_ai_ci;

--
-- Dumping data for table `iot_log_running`
--

INSERT INTO `iot_log_running` VALUES (1,1,1,1782228778,-34.8861151,-56.1082467,6,0,1,NULL),(2,13,1,1782229377,-34.8862213,-56.1087752,589,0,0,NULL),(3,14,1,1782229395,-34.8862971,-56.1087829,589,0,1,NULL),(4,15,1,1782229395,-34.8862999,-56.1087810,NULL,0,0,NULL),(5,16,1,1782229396,-34.8863030,-56.1087784,590,0,1,NULL),(6,25,1,1782229902,-34.8863227,-56.1087693,1080,0,0,NULL),(7,26,1,1782231618,-34.8862052,-56.1086891,2742,0,1,NULL),(8,37,1,1782260574,-34.8863367,-56.1089510,NULL,0,0,NULL),(9,232,1,1782261122,-34.8862534,-56.1086989,30969,0,1,NULL),(10,244,1,1782273846,-34.8862034,-56.1087027,NULL,0,0,NULL),(11,250,1,1782309877,-34.8861973,-56.1086872,78300,0,1,NULL),(12,251,1,1782320888,-34.8862435,-56.1087435,NULL,0,0,NULL),(13,299,1,1782333999,-34.8862697,-56.1086564,101140,0,1,NULL),(14,315,1,1782228778,-34.8861151,-56.1082467,NULL,0,1,NULL),(15,327,1,1782229377,-34.8862213,-56.1087752,NULL,0,0,NULL),(16,328,1,1782229395,-34.8862971,-56.1087829,NULL,0,1,NULL),(17,329,1,1782229395,-34.8862999,-56.1087810,NULL,0,0,NULL),(18,330,1,1782229396,-34.8863030,-56.1087784,NULL,0,1,NULL),(19,339,1,1782229902,-34.8863227,-56.1087693,NULL,0,0,NULL),(20,340,1,1782231618,-34.8862052,-56.1086891,NULL,0,1,NULL),(21,351,1,1782260574,-34.8863367,-56.1089510,NULL,0,0,NULL),(22,546,1,1782261122,-34.8862534,-56.1086989,NULL,0,1,NULL),(23,558,1,1782273846,-34.8862034,-56.1087027,NULL,0,0,NULL),(24,564,1,1782309877,-34.8861973,-56.1086872,NULL,0,1,NULL),(25,565,1,1782320888,-34.8862435,-56.1087435,NULL,0,0,NULL),(26,613,1,1782333999,-34.8862697,-56.1086564,NULL,0,1,NULL),(27,639,1,1782351995,-34.8863780,-56.1089002,118621,0,0,NULL),(28,705,1,1782407201,-34.8862422,-56.1086701,NULL,115111,1,NULL),(29,712,1,1782407437,-34.8862517,-56.1087349,NULL,115111,0,NULL),(30,722,1,1782407552,-34.8865689,-56.1091125,19579,115111,1,NULL),(31,733,1,1782408449,-34.8865386,-56.1092166,20451,115111,0,NULL),(32,755,1,1782413466,-34.8861646,-56.1087308,20499,123549,1,NULL),(33,770,1,1782415216,-34.8863136,-56.1088195,22201,123549,0,NULL),(34,780,1,1782421459,-34.8866316,-56.1088450,28200,123549,1,NULL),(35,832,1,1782505549,-34.8861728,-56.1087646,9902,685365,1,NULL),(36,857,1,1782551034,-34.8860833,-56.1085383,NULL,688980,0,NULL),(37,908,1,1782609741,-34.8862093,-56.1087993,109279,688980,1,NULL),(38,917,1,1782610167,-34.8862537,-56.1088073,109691,688980,0,NULL),(39,931,1,1782610211,-34.8862398,-56.1087381,109727,688980,1,NULL),(40,1016,1,1782757142,-34.8861817,-56.1086775,252351,688980,0,NULL),(41,1022,1,1782760591,-34.8861598,-56.1085609,255695,688980,1,NULL),(42,1093,1,1782761477,-34.8862115,-56.1087140,256553,688980,0,NULL),(43,1157,1,1782784158,-34.8861856,-56.1086868,NULL,699597,1,NULL),(44,1166,1,1782784165,-34.8861919,-56.1086962,NULL,699597,0,NULL),(45,1240,1,1782851828,-34.8862550,-56.1087422,256317,709020,1,NULL),(46,1306,1,1782852179,-34.8861960,-56.1086845,256657,709020,0,NULL),(47,1341,1,1782852335,-34.8862398,-56.1087339,256791,709020,1,NULL),(48,1345,1,1782852432,-34.8862088,-56.1087064,256886,709020,0,NULL);

--
-- Table structure for table `iot_parse_error`
--

CREATE TABLE `iot_parse_error` (
  `iot_error_id` int NOT NULL AUTO_INCREMENT,
  `error_ts` int DEFAULT NULL,
  `message` blob,
  `context` text,
  `tags` varchar(64) DEFAULT NULL,
  PRIMARY KEY (`iot_error_id`)
) ENGINE=InnoDB DEFAULT CHARSET=utf8mb4 COLLATE=utf8mb4_0900_ai_ci;

--
-- Dumping data for table `iot_parse_error`
--


--
-- Table structure for table `maintenance_plan_assets`
--

CREATE TABLE `maintenance_plan_assets` (
  `plan_asset_id` int NOT NULL AUTO_INCREMENT,
  `maintenance_plan_id` int NOT NULL,
  `asset_id` int NOT NULL,
  `assigned_at` int unsigned NOT NULL,
  `assigned_by` int DEFAULT NULL,
  `active` tinyint DEFAULT '1',
  PRIMARY KEY (`plan_asset_id`),
  UNIQUE KEY `uq_plan_asset` (`maintenance_plan_id`,`asset_id`),
  KEY `fk_maint_pa_asset` (`asset_id`),
  CONSTRAINT `fk_maint_pa_asset` FOREIGN KEY (`asset_id`) REFERENCES `assets` (`asset_id`) ON DELETE CASCADE,
  CONSTRAINT `fk_maint_pa_plan` FOREIGN KEY (`maintenance_plan_id`) REFERENCES `maintenance_plans` (`maintenance_plan_id`) ON DELETE CASCADE
) ENGINE=InnoDB AUTO_INCREMENT=4 DEFAULT CHARSET=utf8mb4 COLLATE=utf8mb4_0900_ai_ci;

--
-- Dumping data for table `maintenance_plan_assets`
--

INSERT INTO `maintenance_plan_assets` VALUES (2,1,1,1782853517,1,1),(3,1,6,1782853638,1,1);

--
-- Table structure for table `maintenance_plans`
--

CREATE TABLE `maintenance_plans` (
  `maintenance_plan_id` int NOT NULL AUTO_INCREMENT,
  `org_id` int NOT NULL,
  `plan_name` varchar(120) NOT NULL,
  `description` text,
  `active` tinyint DEFAULT '1',
  `created_at` int unsigned NOT NULL,
  `created_by` int DEFAULT NULL,
  `update_ts` int DEFAULT NULL,
  `updated_by` int DEFAULT NULL,
  PRIMARY KEY (`maintenance_plan_id`),
  KEY `fk_maint_plans_org` (`org_id`),
  CONSTRAINT `fk_maint_plans_org` FOREIGN KEY (`org_id`) REFERENCES `organizations` (`org_id`)
) ENGINE=InnoDB AUTO_INCREMENT=2 DEFAULT CHARSET=utf8mb4 COLLATE=utf8mb4_0900_ai_ci;

--
-- Dumping data for table `maintenance_plans`
--

INSERT INTO `maintenance_plans` VALUES (1,1,'Mantenimiento compresor de tornillo Ingersoll Rand','Plan preventivo segun intervalos de fabrica IR (UP6/SSR). Disparadores por horas de uso y calendario; vence el primero que se alcance.',1,1782835503,1,1782853527,1);

--
-- Table structure for table `maintenance_records`
--

CREATE TABLE `maintenance_records` (
  `maintenance_record_id` int NOT NULL AUTO_INCREMENT,
  `org_id` int NOT NULL,
  `asset_id` int NOT NULL,
  `maintenance_task_id` int DEFAULT NULL,
  `maintenance_schedule_id` int DEFAULT NULL,
  `performed_at` int unsigned NOT NULL,
  `hours_at_service` decimal(16,3) DEFAULT NULL,
  `mileage_at_service` decimal(10,3) DEFAULT NULL,
  `cost` decimal(10,2) DEFAULT NULL,
  `cost_currency` tinyint DEFAULT NULL,
  `provider` varchar(120) DEFAULT NULL,
  `performed_by` int DEFAULT NULL,
  `notes` text,
  `created_at` int unsigned NOT NULL,
  PRIMARY KEY (`maintenance_record_id`),
  KEY `idx_maint_rec_asset` (`asset_id`,`performed_at`),
  KEY `fk_maint_rec_org` (`org_id`),
  KEY `fk_maint_rec_task` (`maintenance_task_id`),
  KEY `fk_maint_rec_sched` (`maintenance_schedule_id`),
  CONSTRAINT `fk_maint_rec_asset` FOREIGN KEY (`asset_id`) REFERENCES `assets` (`asset_id`) ON DELETE CASCADE,
  CONSTRAINT `fk_maint_rec_org` FOREIGN KEY (`org_id`) REFERENCES `organizations` (`org_id`),
  CONSTRAINT `fk_maint_rec_sched` FOREIGN KEY (`maintenance_schedule_id`) REFERENCES `maintenance_schedules` (`maintenance_schedule_id`) ON DELETE SET NULL,
  CONSTRAINT `fk_maint_rec_task` FOREIGN KEY (`maintenance_task_id`) REFERENCES `maintenance_tasks` (`maintenance_task_id`) ON DELETE SET NULL
) ENGINE=InnoDB DEFAULT CHARSET=utf8mb4 COLLATE=utf8mb4_0900_ai_ci;

--
-- Dumping data for table `maintenance_records`
--


--
-- Table structure for table `maintenance_schedules`
--

CREATE TABLE `maintenance_schedules` (
  `maintenance_schedule_id` int NOT NULL AUTO_INCREMENT,
  `asset_id` int NOT NULL,
  `maintenance_task_id` int NOT NULL,
  `base_hours` decimal(16,3) DEFAULT NULL,
  `base_mileage` decimal(10,3) DEFAULT NULL,
  `base_ts` int DEFAULT NULL,
  `next_due_hours` decimal(16,3) DEFAULT NULL,
  `next_due_mileage` decimal(10,3) DEFAULT NULL,
  `next_due_ts` int DEFAULT NULL,
  `status` tinyint DEFAULT '0',
  `last_record_id` int DEFAULT NULL,
  `active` tinyint DEFAULT '1',
  PRIMARY KEY (`maintenance_schedule_id`),
  UNIQUE KEY `uq_asset_task` (`asset_id`,`maintenance_task_id`),
  KEY `fk_maint_sched_task` (`maintenance_task_id`),
  CONSTRAINT `fk_maint_sched_asset` FOREIGN KEY (`asset_id`) REFERENCES `assets` (`asset_id`) ON DELETE CASCADE,
  CONSTRAINT `fk_maint_sched_task` FOREIGN KEY (`maintenance_task_id`) REFERENCES `maintenance_tasks` (`maintenance_task_id`) ON DELETE CASCADE
) ENGINE=InnoDB AUTO_INCREMENT=34 DEFAULT CHARSET=utf8mb4 COLLATE=utf8mb4_0900_ai_ci;

--
-- Dumping data for table `maintenance_schedules`
--

INSERT INTO `maintenance_schedules` VALUES (25,6,19,0.000,0.000,1782853638,150.000,NULL,1785445638,0,NULL,1),(26,6,20,0.000,0.000,1782853638,NULL,NULL,1783458438,0,NULL,1),(27,6,21,0.000,0.000,1782853638,150.000,NULL,1785445638,0,NULL,1),(28,6,22,0.000,0.000,1782853638,500.000,NULL,1790629638,0,NULL,1),(29,6,23,0.000,0.000,1782853638,3000.000,NULL,1814389638,0,NULL,1),(30,6,24,0.000,0.000,1782853638,3000.000,NULL,1814389638,0,NULL,1),(31,6,25,0.000,0.000,1782853638,3000.000,NULL,1814389638,0,NULL,1),(32,6,26,0.000,0.000,1782853638,6000.000,NULL,1845925638,0,NULL,1),(33,6,27,0.000,0.000,1782853638,6000.000,NULL,1845925638,0,NULL,1);

--
-- Table structure for table `maintenance_tasks`
--

CREATE TABLE `maintenance_tasks` (
  `maintenance_task_id` int NOT NULL AUTO_INCREMENT,
  `maintenance_plan_id` int NOT NULL,
  `task_name` varchar(120) NOT NULL,
  `description` text,
  `interval_hours` decimal(10,1) DEFAULT NULL,
  `interval_mileage` decimal(10,1) DEFAULT NULL,
  `interval_days` int DEFAULT NULL,
  `warn_hours` decimal(10,1) DEFAULT NULL,
  `warn_mileage` decimal(10,1) DEFAULT NULL,
  `warn_days` int DEFAULT NULL,
  `is_recurring` tinyint DEFAULT '1',
  `estimated_cost` decimal(10,2) DEFAULT NULL,
  `sort_order` smallint DEFAULT '0',
  `active` tinyint DEFAULT '1',
  PRIMARY KEY (`maintenance_task_id`),
  KEY `fk_maint_tasks_plan` (`maintenance_plan_id`),
  CONSTRAINT `fk_maint_tasks_plan` FOREIGN KEY (`maintenance_plan_id`) REFERENCES `maintenance_plans` (`maintenance_plan_id`) ON DELETE CASCADE
) ENGINE=InnoDB AUTO_INCREMENT=28 DEFAULT CHARSET=utf8mb4 COLLATE=utf8mb4_0900_ai_ci;

--
-- Dumping data for table `maintenance_tasks`
--

INSERT INTO `maintenance_tasks` VALUES (19,1,'Inspeccionar y limpiar filtro de aire','Revisar indicador de restriccion; limpiar o reemplazar segun estado.',150.0,NULL,30,NULL,NULL,NULL,1,NULL,10,1),(20,1,'Inspeccionar tension y estado de correa','Verificar tension, alineacion y desgaste de la correa de transmision.',NULL,NULL,7,NULL,NULL,NULL,1,NULL,20,1),(21,1,'Inspeccion general: ajustar conexiones y fasteners','Reapriete de fasteners y conexiones; revision de fugas y vibraciones.',150.0,NULL,30,NULL,NULL,NULL,1,NULL,30,1),(22,1,'Cambiar filtro de aceite (coolant)','Reemplazo del filtro de coolant del compresor.',500.0,NULL,90,NULL,NULL,NULL,1,NULL,40,1),(23,1,'Reemplazar filtro de aire','Reemplazo del elemento de filtro de aire independientemente del indicador.',3000.0,NULL,365,NULL,NULL,NULL,1,NULL,50,1),(24,1,'Cambiar coolant (Ultra Coolant)','Cambio de coolant/lubricante del compresor.',3000.0,NULL,365,NULL,NULL,NULL,1,NULL,60,1),(25,1,'Reemplazar elemento separador aire/aceite','Reemplazo del elemento separador aire/aceite.',3000.0,NULL,365,NULL,NULL,NULL,1,NULL,70,1),(26,1,'Reemplazar correa de transmision e inspeccionar poleas','Reemplazo de correa y verificacion de poleas/sheaves.',6000.0,NULL,730,NULL,NULL,NULL,1,NULL,80,1),(27,1,'Lubricar o reemplazar rodamientos del motor','Lubricacion o reemplazo de rodamientos del motor electrico.',6000.0,NULL,730,NULL,NULL,NULL,1,NULL,90,1);

--
-- Table structure for table `marcas`
--

CREATE TABLE `marcas` (
  `id_marca` int NOT NULL AUTO_INCREMENT,
  `nombre_marca` varchar(60) NOT NULL,
  `activa` tinyint(1) NOT NULL DEFAULT '1',
  PRIMARY KEY (`id_marca`),
  UNIQUE KEY `uk_marcas_nombre` (`nombre_marca`)
) ENGINE=InnoDB AUTO_INCREMENT=4 DEFAULT CHARSET=utf8mb4 COLLATE=utf8mb4_0900_ai_ci;

--
-- Dumping data for table `marcas`
--

INSERT INTO `marcas` VALUES (1,'Teltonika',1),(2,'Queclink',1),(3,'Genérica',1);

--
-- Table structure for table `modelo_sensores`
--

CREATE TABLE `modelo_sensores` (
  `id_modelo` int NOT NULL,
  `sensor_id` int NOT NULL,
  `io_id` int DEFAULT NULL,
  PRIMARY KEY (`id_modelo`,`sensor_id`),
  KEY `fk_modelo_sensores_sensor` (`sensor_id`),
  CONSTRAINT `fk_modelo_sensores_modelo` FOREIGN KEY (`id_modelo`) REFERENCES `modelos_de_dispositivos` (`id_modelo`),
  CONSTRAINT `fk_modelo_sensores_sensor` FOREIGN KEY (`sensor_id`) REFERENCES `sensors` (`sensor_id`)
) ENGINE=InnoDB DEFAULT CHARSET=utf8mb4 COLLATE=utf8mb4_0900_ai_ci;

--
-- Dumping data for table `modelo_sensores`
--

INSERT INTO `modelo_sensores` VALUES (2,1,239),(2,2,240),(2,3,449),(2,4,66),(2,5,67),(2,6,1),(2,7,2),(2,8,3),(2,9,NULL),(2,10,NULL),(2,11,NULL),(2,12,NULL),(2,13,NULL),(2,14,16),(3,1,239),(3,2,240),(3,3,449),(3,4,800),(3,5,67),(3,6,1),(3,7,2),(3,8,3),(3,9,NULL),(3,10,NULL),(3,11,NULL),(3,12,NULL),(3,13,NULL),(3,14,16),(4,1,239),(4,2,240),(4,3,449),(4,4,66),(4,5,67),(4,6,1),(4,7,2),(4,8,3),(4,9,NULL),(4,10,NULL),(4,11,NULL),(4,12,NULL),(4,13,NULL),(4,14,16),(5,1,239),(5,2,240),(5,3,449),(5,4,800),(5,5,67),(5,6,1),(5,7,2),(5,8,3),(5,9,NULL),(5,10,NULL),(5,11,NULL),(5,12,NULL),(5,13,NULL),(5,14,16);

--
-- Table structure for table `modelos_de_dispositivos`
--

CREATE TABLE `modelos_de_dispositivos` (
  `id_modelo` int NOT NULL AUTO_INCREMENT,
  `id_marca` int NOT NULL,
  `nombre_modelo` varchar(60) NOT NULL,
  `activo` tinyint(1) NOT NULL DEFAULT '1',
  PRIMARY KEY (`id_modelo`),
  UNIQUE KEY `uk_modelos_marca_nombre` (`id_marca`,`nombre_modelo`),
  CONSTRAINT `fk_modelos_marca` FOREIGN KEY (`id_marca`) REFERENCES `marcas` (`id_marca`)
) ENGINE=InnoDB AUTO_INCREMENT=6 DEFAULT CHARSET=utf8mb4 COLLATE=utf8mb4_0900_ai_ci;

--
-- Dumping data for table `modelos_de_dispositivos`
--

INSERT INTO `modelos_de_dispositivos` VALUES (2,1,'FMC130',1),(3,1,'FTC134',1),(4,1,'FMC920',1),(5,1,'FTC305',1);

--
-- Table structure for table `org_config`
--

CREATE TABLE `org_config` (
  `org_id` int NOT NULL,
  `param_key` varchar(64) NOT NULL,
  `description` varchar(255) DEFAULT NULL,
  `param_value` varchar(255) DEFAULT NULL,
  PRIMARY KEY (`org_id`,`param_key`)
) ENGINE=InnoDB DEFAULT CHARSET=utf8mb4 COLLATE=utf8mb4_0900_ai_ci;

--
-- Dumping data for table `org_config`
--

INSERT INTO `org_config` VALUES (1,'refreshRate','Frecuencia de actualización automática del dashboard, en segundos','20');

--
-- Table structure for table `pre_process`
--

CREATE TABLE `pre_process` (
  `id` int NOT NULL AUTO_INCREMENT,
  `uuid` char(36) CHARACTER SET utf8mb4 COLLATE utf8mb4_unicode_ci NOT NULL,
  `connection_id` char(8) CHARACTER SET utf8mb4 COLLATE utf8mb4_unicode_ci NOT NULL,
  `sequence` int unsigned NOT NULL,
  `rcv_timestamp` bigint NOT NULL,
  `imei` char(15) CHARACTER SET utf8mb4 COLLATE utf8mb4_unicode_ci NOT NULL,
  `remote_ip` varchar(45) CHARACTER SET utf8mb4 COLLATE utf8mb4_unicode_ci DEFAULT NULL,
  `message_type` varchar(3) CHARACTER SET utf8mb4 COLLATE utf8mb4_unicode_ci NOT NULL,
  `message_hex` longtext CHARACTER SET utf8mb4 COLLATE utf8mb4_unicode_ci NOT NULL,
  `source_file` varchar(255) CHARACTER SET utf8mb4 COLLATE utf8mb4_unicode_ci NOT NULL,
  `status` varchar(32) CHARACTER SET utf8mb4 COLLATE utf8mb4_unicode_ci NOT NULL,
  `pre_process_ts` bigint NOT NULL,
  PRIMARY KEY (`id`),
  UNIQUE KEY `uk_pre_process_uuid` (`uuid`),
  UNIQUE KEY `uk_pre_process_conn_seq` (`connection_id`,`sequence`),
  KEY `idx_pre_process_imei_ts` (`imei`,`rcv_timestamp`),
  KEY `idx_pre_process_type_ts` (`message_type`,`rcv_timestamp`),
  KEY `idx_pre_process_status_ts` (`status`,`pre_process_ts`),
  KEY `idx_status` (`status`,`message_type`),
  KEY `idx_pre_process_status_ts_id` (`status`,`pre_process_ts`,`id`),
  KEY `idx_pre_process_status_type_ts_id` (`status`,`message_type`,`pre_process_ts`,`id`),
  KEY `idx_pre_process_rcv_timestamp` (`rcv_timestamp`)
) ENGINE=InnoDB AUTO_INCREMENT=888 DEFAULT CHARSET=utf8mb4 COLLATE=utf8mb4_unicode_ci;

--
-- Dumping data for table `pre_process`
--

INSERT INTO `pre_process` VALUES (1,'f0a0f28a-b297-459c-810c-04005ead007f','d37a5820',2,1782260958774,'863238074948862','176.83.136.103','8E','[BLOB]','TTK.NL.MAC.2026-06-23-21.jsonl','RDY',1782337616502),(2,'ab61f94f-2327-4875-98a6-b750f27f49c6','d37a5820',3,1782260960017,'863238074948862','176.83.136.103','8E','[BLOB]','TTK.NL.MAC.2026-06-23-21.jsonl','RDY',1782337615971),(3,'1cf744ff-d08a-40db-882c-0e0ceb782028','d37a5820',4,1782260960905,'863238074948862','176.83.136.103','8E','[BLOB]','TTK.NL.MAC.2026-06-23-21.jsonl','RDY',1782337616003),(4,'6db2728f-8ef8-4253-b79d-e16d96f51e41','d37a5820',5,1782260961820,'863238074948862','176.83.136.103','8E','[BLOB]','TTK.NL.MAC.2026-06-23-21.jsonl','RDY',1782337616029),(5,'8b6b30d6-9ddf-4eb5-9762-49aa83200062','d37a5820',6,1782260962695,'863238074948862','176.83.136.103','8E','[BLOB]','TTK.NL.MAC.2026-06-23-21.jsonl','RDY',1782337616052),(6,'c8892b40-e1be-4e8a-b818-7774dc6eda8c','d37a5820',7,1782260963600,'863238074948862','176.83.136.103','8E','[BLOB]','TTK.NL.MAC.2026-06-23-21.jsonl','RDY',1782337616080),(7,'7159ba9b-226c-47eb-8b8e-075c9851b56e','d37a5820',8,1782260964444,'863238074948862','176.83.136.103','8E','[BLOB]','TTK.NL.MAC.2026-06-23-21.jsonl','RDY',1782337616103),(8,'19ebc02b-604a-4f73-b047-7ba10b0736a6','d37a5820',9,1782260965333,'863238074948862','176.83.136.103','8E','[BLOB]','TTK.NL.MAC.2026-06-23-21.jsonl','RDY',1782337616125),(9,'c6abf4d8-777a-433b-9bfc-21fa3990a2bc','d37a5820',10,1782260966303,'863238074948862','176.83.136.103','8E','[BLOB]','TTK.NL.MAC.2026-06-23-21.jsonl','RDY',1782337616145),(10,'221f5abb-91dd-41e9-b8a1-33cd26085646','d37a5820',11,1782260967232,'863238074948862','176.83.136.103','8E','[BLOB]','TTK.NL.MAC.2026-06-23-21.jsonl','RDY',1782337616169),(11,'4deb2983-1b1d-48e2-b209-06619262376d','d37a5820',12,1782260968093,'863238074948862','176.83.136.103','8E','[BLOB]','TTK.NL.MAC.2026-06-23-21.jsonl','RDY',1782337616187),(12,'d8c0894f-1ba5-412b-b55c-317c5552e2f4','d37a5820',13,1782260969577,'863238074948862','176.83.136.103','8E','[BLOB]','TTK.NL.MAC.2026-06-23-21.jsonl','RDY',1782337616203),(13,'cef7ef9f-4d44-4908-a820-b21e2b0c0238','d37a5820',14,1782260971029,'863238074948862','176.83.136.103','8E','[BLOB]','TTK.NL.MAC.2026-06-23-21.jsonl','RDY',1782337616218),(14,'dc051b47-b68e-4279-bad3-7a3d7d0666d2','d37a5820',15,1782260971908,'863238074948862','176.83.136.103','8E','[BLOB]','TTK.NL.MAC.2026-06-23-21.jsonl','RDY',1782337616233),(15,'cdeb0804-8853-4720-982e-3b60d93a1aa2','d37a5820',16,1782260972935,'863238074948862','176.83.136.103','8E','[BLOB]','TTK.NL.MAC.2026-06-23-21.jsonl','RDY',1782337616246),(16,'7c93f09f-7a76-4929-8b0b-3bd606101cc6','d37a5820',17,1782260973832,'863238074948862','176.83.136.103','8E','[BLOB]','TTK.NL.MAC.2026-06-23-21.jsonl','RDY',1782337616261),(17,'53429f66-8873-4445-85f4-7bfbf8fd8f2d','d37a5820',18,1782260974961,'863238074948862','176.83.136.103','8E','[BLOB]','TTK.NL.MAC.2026-06-23-21.jsonl','RDY',1782337616275),(18,'7a34723c-e594-4bab-8fac-d1f607978557','d37a5820',19,1782260976005,'863238074948862','176.83.136.103','8E','[BLOB]','TTK.NL.MAC.2026-06-23-21.jsonl','RDY',1782337616289),(19,'22dbec87-2f67-4955-942d-33a3a3f43e0b','d37a5820',20,1782260976965,'863238074948862','176.83.136.103','8E','[BLOB]','TTK.NL.MAC.2026-06-23-21.jsonl','RDY',1782337616300),(20,'ca6958a7-9fc9-4561-8781-03f15c22dc18','d37a5820',21,1782261052379,'863238074948862','176.83.136.103','8E','00000000000000718E010000019EF709726A01DE8E7A1DEB34C5CF0025004911000000FB0011000800FB0100150300450100C80000EF0100F00033D20233D30A000500430FE500440000004601A100B5000C00B60009000300100000037A01C1000078B5032000003127000127E80000000000000000000001000084D3','TTK.NL.MAC.2026-06-23-21.jsonl','RDY',1782337616307),(21,'d47c5bc0-96e0-405a-8ff2-acbef75e36ab','d37a5820',22,1782261053201,'863238074948862','176.83.136.103','8E','00000000000000718E010000019EF709727401DE8E7A1DEB34C5CF0025004911000001660011000801660000150300450100C80000EF0100F00033D20233D30A000500430FE500440000004601A100B5000C00B60009000300100000037A01C1000078B6032000003127000127E80000000000000000000001000093AF','TTK.NL.MAC.2026-06-23-21.jsonl','RDY',1782337616312),(22,'8a3f9dcc-4d0a-460d-87b7-b311fc1feed9','d37a5820',23,1782261054008,'863238074948862','176.83.136.103','8E','000000000000006E8E010000019EF709726000DE8E7A1DEB34C5CF0025004910000000EF0010000700EF0100150300450100C80000F00033D20233D30A000500430FE500440000004601A100B5000C00B60009000300100000037A01C1000078B5032000003127000127E8000000000000000000000100008646','TTK.NL.MAC.2026-06-23-21.jsonl','RDY',1782337616317),(23,'f0125931-ca3e-4629-b81d-80dfcfc2ee78','d37a5820',24,1782261113989,'863238074948862','176.83.136.103','8E','000000000000006E8E010000019EF70A60A800DE8E7E1AEB34C8460027006014000000F00010000700F00100150300450100C80000EF0133D20233D30A000500430FD7004400000046019500B5000A00B60007000300100000037A01C1000078F1032000003127000127E8000000000000000000000100001743','TTK.NL.MAC.2026-06-23-21.jsonl','RDY',1782337616324),(24,'3e67575c-449b-441f-a9f4-420cb05b1dbe','d37a5820',25,1782261114803,'863238074948862','176.83.136.103','8E','00000000000000718E010000019EF70A649001DE8E7E1AEB34C8460027006011000000FB0011000800FB0000150300450100C80000EF0100F00133D20233D30A000500430FE2004400000046019500B5000B00B60008000300100000037A01C1000078F1032000003127000127E80000000000000000000001000017E2','TTK.NL.MAC.2026-06-23-21.jsonl','RDY',1782337616331),(25,'bf777572-7794-4334-8d82-73d51f100cc6','d37a5820',26,1782261115571,'863238074948862','176.83.136.103','8E','000000000000006E8E010000019EF70A60B200DE8E7E1AEB34C8460027006014000000000010000700150300450100C80000EF0100F00133D20233D30A000500430FD7004400000046019500B5000A00B60007000300100000037A01C1000078F1032000003127000127E800000000000000000000010000BEFA','TTK.NL.MAC.2026-06-23-21.jsonl','RDY',1782337616336),(26,'1289702d-5320-4c43-9956-923e257daa20','d37a5820',27,1782261122898,'863238074948862','176.83.136.103','8E','00000000000000718E010000019EF70A83D001DE8E7DF3EB34C7BA002700D712000100FA0011000800FA0100150500450100C80000EF0100F00133D20233D30A000500430FE2004400000046019200B5000A00B60007000300100000037A01C1000078F9032000003127000127E800000000000000000000010000C694','TTK.NL.MAC.2026-06-23-21.jsonl','RDY',1782337616343),(27,'0acd951d-5908-4bc4-ad91-bbd3d88d85fb','d37a5820',28,1782261174879,'863238074948862','176.83.136.103','8E','000000000000006E8E010000019EF70B4B0800DE8E7E36EB34C70D002600610E000000000010000700150500450100C80000EF0100F00133D20233D30A000500430FE5004400000046018900B5000F00B6000C000300100000038A01C10000792B032000003127000127E8000000000000000000000100000188','TTK.NL.MAC.2026-06-23-21.jsonl','RDY',1782337616349),(28,'3f731fec-afb2-4373-8249-2de01a63f1f9','d37a5820',29,1782261177232,'863238074948862','176.83.136.103','8E','000000000000006E8E010000019EF70B56C000DE8E7E36EB34C70D002600610E000000F00010000700F00000150500450100C80000EF0133D20233D30A000500430FE5004400000046018600B5000F00B6000C000300100000038A01C10000792E032000003127000127E80000000000000000000001000020A9','TTK.NL.MAC.2026-06-23-21.jsonl','RDY',1782337616354),(29,'48138d9c-70f9-40c5-9c6f-c8e27808fcd4','d37a5820',30,1782261178812,'863238074948862','176.83.136.103','8E','00000000000000718E010000019EF70B5E9001DE8E7E36EB34C70D002600610E000000FB0011000800FB0100150500450100C80000EF0100F00033D20233D30A000500430FE5004400000046018600B5000F00B6000C000300100000038A01C100007930032000003127000127E800000000000000000000010000F685','TTK.NL.MAC.2026-06-23-21.jsonl','RDY',1782337616359),(30,'f779de00-a244-46ab-868e-e92b6a282aa7','b7f804b4',2,1782263707550,'863238074948862','176.83.136.103','8E','[BLOB]','TTK.NL.MAC.2026-06-23-22.jsonl','RDY',1782337616364),(31,'9d1d4788-4359-4f42-ba85-38bfb1e4231f','b7f804b4',3,1782263708437,'863238074948862','176.83.136.103','8E','[BLOB]','TTK.NL.MAC.2026-06-23-22.jsonl','RDY',1782337616371),(32,'48ffa059-c62c-493c-b4d3-333b774a50af','2f52a0d6',2,1782267044578,'863238074948862','176.83.136.103','8E','000000000000006E8E010000019EF7645FB800DE8E7DCDEB34C9AE0020002B16000000000010000700150500450100C80000EF0100F00033D20333D30A000500430FE5004400000046012000B5000900B60006000300100000039201C100008F50032000003127000127E800000000000000000000010000BEFD','TTK.NL.MAC.2026-06-23-23.jsonl','RDY',1782337616376),(33,'e3605189-82d8-4277-bb08-61a19902c314','57ea2f69',2,1782271004153,'863238074948862','176.83.136.103','8E','000000000000006E8E010000019EF79B560800DE8E7DCDEB34C9AE0020002B14000000000010000700150500450100C80000EF0100F00033D20433D30A000500430FE2004400000046011A00B5000B00B60007000300100000039201C100009CF8032000003127000127E800000000000000000000010000936E','TTK.NL.MAC.2026-06-24-00.jsonl','RDY',1782337616380),(34,'a2eb1681-f897-47c4-8cc9-c72c56c357f8','e5995009',2,1782273849405,'863238074948862','176.83.136.103','8E','[BLOB]','TTK.NL.MAC.2026-06-24-01.jsonl','RDY',1782337616387),(35,'15c22137-6cf2-431d-9c03-cc9bcfb5aa8d','e5995009',3,1782273850807,'863238074948862','176.83.136.103','8E','[BLOB]','TTK.NL.MAC.2026-06-24-01.jsonl','RDY',1782337616392),(36,'431231eb-3739-4bf0-b39b-607c20ce1aee','b91fda4c',2,1782274243810,'863238074948862','176.83.136.103','8E','000000000000006E8E010000019EF7D2487000DE8E7DCDEB34C9AE0020002B13000000000010000700150500450100C80000EF0100F00033D20533D30A000500430FD2004400000046011800B5000A00B60008000300100000039201C10000AA9A032000003127000127E800000000000000000000010000FEC9','TTK.NL.MAC.2026-06-24-01.jsonl','RDY',1782337616396),(37,'2f93b174-1e3b-448e-ab01-a07606eef3d0','37c3eba1',2,1782331926558,'863238074948862','95.127.130.5','8E','[BLOB]','TTK.NL.MAC.2026-06-24-17.jsonl','RDY',1782337616410),(39,'c1995e2c-85cb-4173-a225-c84430741ee2','37c3eba1',3,1782331927728,'863238074948862','95.127.130.5','8E','[BLOB]','TTK.NL.MAC.2026-06-24-17.jsonl','RDY',1782337616419),(40,'69a3455a-134a-46f5-a97f-c6631e3e0dc1','37c3eba1',4,1782331928676,'863238074948862','95.127.130.5','8E','[BLOB]','TTK.NL.MAC.2026-06-24-17.jsonl','RDY',1782337616433),(41,'12676722-f0fb-486c-ab3c-b970f9c42b39','37c3eba1',5,1782331929656,'863238074948862','95.127.130.5','8E','[BLOB]','TTK.NL.MAC.2026-06-24-17.jsonl','RDY',1782337616451),(42,'2243141d-4955-45d2-a91e-7685cd35d979','37c3eba1',6,1782331930615,'863238074948862','95.127.130.5','8E','[BLOB]','TTK.NL.MAC.2026-06-24-17.jsonl','RDY',1782337616459),(43,'5fd99b7b-8c86-4100-a15c-89fbb759fdaa','073574c6',2,1782333992020,'863238074948862','95.127.130.5','8E','00000000000000718E010000019EFB625CA001DE8E8066EB34C5F70024002D0B000000FB0011000800FB0000150500450100C80000EF0100F00133D20433D30A000500431001004400000046013400B5000C00B6000900030010000003BC01C100018B0A032000003127000127E8000000000000000000000100007FDD','TTK.NL.MAC.2026-06-24-17.jsonl','RDY',1782337616464),(44,'b6408a7c-1c85-400f-b714-940a3aefa147','073574c6',3,1782333992878,'863238074948862','95.127.130.5','8E','[BLOB]','TTK.NL.MAC.2026-06-24-17.jsonl','RDY',1782337616469),(45,'ffba582d-7ff6-4e0f-a6c4-8828a103f428','073574c6',4,1782333999988,'863238074948862','95.127.130.5','8E','00000000000000718E010000019EFB62879801DE8E7F9CEB34C7170024001C0C000100FA0011000800FA0100150500450100C80000EF0100F00133D20433D30A000500430FFE004400000046013400B5000C00B6000900030010000003C501C100018B14032000003127000127E8000000000000000000000100000B26','TTK.NL.MAC.2026-06-24-17.jsonl','RDY',1782337616475),(46,'5421cb89-c74e-4a97-ae04-680ccfeeac55','073574c6',5,1782334048911,'863238074948862','95.127.130.5','8E','000000000000006E8E010000019EFB63431800DE8E801FEB34CA3B0025000D09000200000010000700150500450100C80000EF0100F00133D20433D30A000500430FFE004400000046013900B5000D00B6000A00030010000003CD01C100018B43032000003127000127E800000000000000000000010000FB3D','TTK.NL.MAC.2026-06-24-17.jsonl','RDY',1782337616479),(47,'b474dbc8-2bc1-447f-a8cd-f307ccfdfe3d','073574c6',6,1782334068173,'863238074948862','95.127.130.5','8E','000000000000006E8E010000019EFB638D5000DE8E7F7CEB34C79D002500C708000000F00010000700F00000150500450100C80000EF0133D20433D30A000500430FFB004400000046013A00B5000E00B6000C00030010000003D101C100018B56032000003127000127E800000000000000000000010000B996','TTK.NL.MAC.2026-06-24-17.jsonl','RDY',1782337616483),(48,'35303614-eeea-40bc-a9d8-0c9212e6ce2d','073574c6',7,1782334068916,'863238074948862','95.127.130.5','8E','00000000000000718E010000019EFB63952001DE8E7F7CEB34C79D002500C708000000FB0011000800FB0100150500450100C80000EF0100F00033D20433D30A000500430FFE004400000046013A00B5000E00B6000C00030010000003D101C100018B57032000003127000127E800000000000000000000010000320B','TTK.NL.MAC.2026-06-24-17.jsonl','RDY',1782337616487),(49,'222bafd2-4380-4301-ab28-fdd936ebeef0','3aed75a4',2,1782337723917,'863238074948862','95.127.130.5','8E','000000000000006E8E010000019EFB9A358000DE8E7F7CEB34C79D0000000000000000000010000700150500450200C80000EF0100F00033D20533D30A000500430FFB004400000046012A00B503E800B603E800030010000003D101C1000198EE032000003127000127E8000000000000000000000100005196','TTK.NL.MAC.2026-06-24-18.jsonl','RDY',1782337726115),(51,'8443a415-597d-408f-b31c-4fb07bc2b0f6','645a634f',2,1782341324307,'863238074948862','95.127.130.5','8E','000000000000006E8E010000019EFBD12BD000DE8E7F7CEB34C79D002500C715000000000010000700150500450100C80000EF0100F00033D20633D30A000500430FF9004400000046012700B5000A00B6000700030010000003D101C10001A69A032000003127000127E8000000000000000000000100005966','TTK.NL.MAC.2026-06-24-19.jsonl','RDY',1782341325635),(53,'c6440aba-670f-4d88-91f7-9e091d2381ef','68f4fbc7',2,1782344924165,'863238074948862','95.127.130.5','8E','000000000000006E8E010000019EFC081E3800DE8E7F7CEB34C79D002500C713000000000010000700150500450100C80000EF0100F00033D20733D30A000500430FFB004400000046012400B5000900B6000600030010000003D101C10001B443032000003127000127E800000000000000000000010000901B','TTK.NL.MAC.2026-06-24-20.jsonl','RDY',1782344925940),(55,'bf08ab67-4104-428c-82c6-9692290dfe19','32249881',2,1782348508136,'863238074948862','95.127.130.5','8E','00000000000000718E010000019EFC3FDFA801DE8E7DDEEB34CA69001D003616000000FB0011000800FB0000150500450100C80000EF0100F00133D20833D30A000500430FFB004400000046012700B5000900B6000600030010000003D101C10001C220032000003127000127E800000000000000000000010000C550','TTK.NL.MAC.2026-06-24-21.jsonl','RDY',1782348509992),(56,'6da93e0e-2cd9-4095-b79c-d764d6c097a3','32249881',3,1782348508979,'863238074948862','95.127.130.5','8E','[BLOB]','TTK.NL.MAC.2026-06-24-21.jsonl','RDY',1782348510037),(59,'4659ecc1-8467-4825-8630-a2d811497f82','32249881',4,1782348513916,'863238074948862','95.127.130.5','8E','000000000000006E8E010000019EFC3FFB0000DE8E7CE7EB34CAEA001D014F07000200000010000700150500450100C80000EF0100F00133D20833D30A000500430FFB004400000046012700B5000F00B6000D00030010000003DA01C10001C227032000003127000127E80000000000000000000001000052F9','TTK.NL.MAC.2026-06-24-21.jsonl','RDY',1782348515623),(63,'5255a017-c6a0-4113-a2c3-5b420e17331b','32249881',5,1782348572613,'863238074948862','95.127.130.5','8E','000000000000006E8E010000019EFC40E17800DE8E7C36EB34CB9F0000000000000000F00010000700F00000150500450200C80000EF0133D20833D30A000500430FFB004400000046012A00B503E800B603E800030010000003DC01C10001C261032000003127000127E8000000000000000000000100002B29','TTK.NL.MAC.2026-06-24-21.jsonl','RDY',1782348574803),(64,'72f514f9-e49a-46b2-8f9a-cc13805f0521','32249881',6,1782348573375,'863238074948862','95.127.130.5','8E','00000000000000718E010000019EFC40E56001DE8E7C36EB34CB9F0000000000000000FB0011000800FB0100150500450200C80000EF0100F00033D20833D30A000500430FFB004400000046012A00B503E800B603E800030010000003DC01C10001C261032000003127000127E800000000000000000000010000E036','TTK.NL.MAC.2026-06-24-21.jsonl','RDY',1782348574809),(70,'bce87a62-efe7-4cb5-8a67-80c45e6fc0f5','4431a351',2,1782351995005,'863238074948862','95.127.130.5','8E','00000000000000718E010000019EFC7514C001DE8E76B1EB34C2FF002100D409000200FB0011000800FB0000150500450100C80000EF0100F00133D20933D30A000500430FFE004400000046012400B5000F00B6000C00030010000003F601C10001CF5A032000003127000127E80000000000000000000001000052A2','TTK.NL.MAC.2026-06-24-22.jsonl','RDY',1782351996362),(72,'2646ef1d-6124-4301-8b76-19a8801800ad','4431a351',3,1782351996195,'863238074948862','95.127.130.5','8E','[BLOB]','TTK.NL.MAC.2026-06-24-22.jsonl','RDY',1782351998403),(73,'9cc18ea7-7e15-4547-9efa-990d394cfaa4','4431a351',4,1782351996946,'863238074948862','95.127.130.5','8E','00000000000000718E010000019EFC75209601DE8E7616EB34C2DC002100EE0C000101660011000801660100150500450100C80000EF0000F00133D20933D30A000500430FFB004400000046012400B5000D00B6000A00030010000003F901C10001CF5D032000000000000127E8000000000000000000000100001DF5','TTK.NL.MAC.2026-06-24-22.jsonl','RDY',1782351998408),(74,'e28d25d6-0d10-4179-8c3a-771a2d4c6746','4431a351',5,1782351997772,'863238074948862','95.127.130.5','8E','[BLOB]','TTK.NL.MAC.2026-06-24-22.jsonl','RDY',1782351998415),(79,'161599be-36a3-43b9-8023-87a0b78e5382','4431a351',6,1782352051671,'863238074948862','95.127.130.5','8E','000000000000006E8E010000019EFC75FB3800DE8E7D11EB34C7C9002200170C000000000010000700150400450100C80000EF0000F00133D20933D30A000500430FDD004400000046012500B5001100B6000E000300100000040D01C10001CF5D032000000000000127E8000000000000000000000100002E9D','TTK.NL.MAC.2026-06-24-22.jsonl','RDY',1782352052903),(85,'af7dd37c-30d3-4ecb-abb7-9ae6eb6a87ba','4431a351',7,1782352061159,'863238074948862','95.127.130.5','8E','000000000000006E8E010000019EFC761E6000DE8E7D88EB34C7340022009B0C000000F00010000700F00000150400450100C80000EF0033D20933D30A000500430FCC004400000046012400B5001100B6000E000300100000040D01C10001CF5D032000000000000127E8000000000000000000000100004B49','TTK.NL.MAC.2026-06-24-22.jsonl','RDY',1782352062999),(86,'b8372c8d-4bcf-47d1-a678-284dd2cf5708','2c9c3965',2,1782358123611,'863238074948862','95.127.130.5','8E','000000000000006E8E010000019EFCACEDA000DE8E7D88EB34C7340022009B10000000000010000700150400450100C80000EF0000F00033D20033D30A000500430F17004400000046010400B5000A00B60007000300100000040D01C10001CF5D032000000000000127E80000000000000000000001000037FD','TTK.NL.MAC.2026-06-25-00.jsonl','RDY',1782358125575),(88,'cd7c9505-c09f-41fd-a03f-9c93894ff9d7','abc3d241',2,1782359323744,'863238074948862','95.127.130.5','8E','000000000000006E8E010000019EFCE3E00800DE8E7D88EB34C7340022009B15000000000010000700150400450100C80000EF0000F00033D20133D30A000500430EA500440000004600FE00B5000900B60006000300100000040D01C10001CF5D032000000000000127E800000000000000000000010000EDB3','TTK.NL.MAC.2026-06-25-00.jsonl','RDY',1782359324658),(91,'ae3e4926-c499-4464-9123-4792daa74cd7','327f7cc7',2,1782386889028,'863238074948862','213.4.175.115','8E','[BLOB]','TTK.NL.MAC.2026-06-25-08.jsonl','RDY',1782386890740),(94,'cbeaa118-8fd6-48bd-a6d5-88f52b357341','8248d8a7',2,1782387244947,'863238074948862','213.4.175.115','8E','00000000000000718E010000019EFE8EF41001DE8E6EE6EB34C2AB0000000000000000FC0011000800FC0100150500450200C80000EF0100F00033D20433D30A000500430FF9004400000046013E00B503E800B603E800030010000003F901C1000018B5032000000CB2000127E800000000000000000000010000F5E5','TTK.NL.MAC.2026-06-25-08.jsonl','RDY',1782387246624),(97,'3be94ac2-e80c-4ce7-b2b7-aa65ec61afc3','45a46161',2,1782388070783,'863238074948862','213.4.175.115','8E','000000000000006E8E010000019EFE99D15000DE8E6EE6EB34C2AB0000000000000000000010000700150500450200C80000EF0100F00033D20433D30A000500430FBB004400000046013300B503E800B603E800030010000003F901C100001B6A032000000000000127E8000000000000000000000100009F81','TTK.NL.MAC.2026-06-25-08.jsonl','RDY',1782388071192),(101,'623e271c-196e-4b33-9ac1-118292f17dfc','40bc796c',2,1782389445175,'863238074948862','213.4.175.115','8E','00000000000000718E010000019EFEB085D001DE8E6EE6EB34C2AB0000000000000000FC0011000800FC0000150500450200C80000EF0100F00033D20533D30A000500430F5F004400000046012E00B503E800B603E800030010000003F901C100002114032000003127000127E8000000000000000000000100000EDD','TTK.NL.MAC.2026-06-25-09.jsonl','RDY',1782389445992),(103,'11b39a9c-7229-401f-9691-453920e9efc5','40bc796c',3,1782389447848,'863238074948862','213.4.175.115','8E','[BLOB]','TTK.NL.MAC.2026-06-25-09.jsonl','RDY',1782389450043),(104,'5d271f99-7c95-40c4-8ee4-0f57e399ea11','40bc796c',4,1782389448687,'863238074948862','213.4.175.115','8E','000000000000006E8E010000019EFEB0919200DE8E6EE6EB34C2AB0000000000000000EF0010000700EF0000150500450200C80000F00033D20533D30A000500430FA0004401740046012E00B503E800B603E800030010000003F901C10000211703200000302D000127E8000000000000000000000100008CC3','TTK.NL.MAC.2026-06-25-09.jsonl','RDY',1782389450053),(108,'13f2d322-0da2-45f9-91db-4df5eb556aa2','d85c0d1a',2,1782390448024,'863238074948862','213.4.175.115','8E','[BLOB]','TTK.NL.MAC.2026-06-25-09.jsonl','RDY',1782390448561),(113,'5892b555-21e4-4228-9646-7cd1af633332','d85c0d1a',3,1782390448833,'863238074948862','213.4.175.115','8E','000000000000006E8E010000019EFEBFD3C800DE8E6EE6EB34C2AB0000000000000000EF0010000700EF0100150500450200C80000F00033D20533D30A000500431001004400000046016000B503E800B603E800030010000003F901C100002117032000003127000127E8000000000000000000000100005A21','TTK.NL.MAC.2026-06-25-09.jsonl','RDY',1782390450594),(119,'5b9da8b9-2165-4d36-a17b-f917dd8e896d','d85c0d1a',4,1782390453762,'863238074948862','213.4.175.115','8E','00000000000000718E010000019EFEBFEF2001DE8E6EE6EB34C2AB0000000000000000FC0011000800FC0100150500450200C80000EF0100F00033D20533D30A000500430FFB004400000046016000B503E800B603E800030010000003F901C10000211F032000000053000127E8000000000000000000000100001F41','TTK.NL.MAC.2026-06-25-09.jsonl','RDY',1782390454638),(120,'511e3cb6-9fea-4f94-92e3-19f5227c9660','d85c0d1a',5,1782390455650,'863238074948862','213.4.175.115','8E','00000000000000718E010000019EFEBFF6F001DE8E6EE6EB34C2AB0000000000000000FC0011000800FC0000150500450200C80000EF0100F00033D20533D30A000500430FD4004400000046016000B503E800B603E800030010000003F901C100002121032000003127000127E800000000000000000000010000910F','TTK.NL.MAC.2026-06-25-09.jsonl','RDY',1782390456664),(121,'dcb61d3f-2578-4690-905b-be40a113c0d7','d85c0d1a',6,1782390457646,'863238074948862','213.4.175.115','8E','00000000000000718E010000019EFEBFFEC001DE8E6EE6EB34C2AB0000000000000000FC0011000800FC0100150500450200C80000EF0100F00033D20533D30A000500430FF9004400000046016000B503E800B603E800030010000003F901C100002123032000000000000127E8000000000000000000000100002DA7','TTK.NL.MAC.2026-06-25-09.jsonl','RDY',1782390458690),(122,'4a682b39-8955-4e20-a949-6cb1837f735d','d85c0d1a',7,1782390458725,'863238074948862','213.4.175.115','8E','00000000000000718E010000019EFEC0069001DE8E6EE6EB34C2AB0000000000000000FC0011000800FC0000150500450200C80000EF0100F00033D20533D30A000500430FDD004400000046016000B503E800B603E800030010000003F901C1000021240320000030D4000127E800000000000000000000010000474F','TTK.NL.MAC.2026-06-25-09.jsonl','RDY',1782390460714),(123,'5350ef98-883c-4345-a950-4b69a0e23790','d85c0d1a',8,1782390574937,'863238074948862','213.4.175.115','8E','00000000000000718E010000019EFEC1CBB001DE8E6EE6EB34C2AB0000000000000000FB0011000800FB0000150500450200C80000EF0000F00033D20533D30A000500430FF6004400000046015B00B503E800B603E800030010000003F901C100002194032000003127000127E8000000000000000000000100004F49','TTK.NL.MAC.2026-06-25-09.jsonl','RDY',1782390575747),(124,'a8404fb8-1350-4b7d-897e-4819b8c8d653','d85c0d1a',9,1782390575756,'863238074948862','213.4.175.115','8E','00000000000000718E010000019EFEC1CBBA01DE8E6EE6EB34C2AB0000000000000001660011000801660100150500450200C80000EF0000F00033D20533D30A000500430FF6004400000046015B00B503E800B603E800030010000003F901C100002194032000003127000127E800000000000000000000010000B52B','TTK.NL.MAC.2026-06-25-09.jsonl','RDY',1782390577772),(125,'41565102-c102-4c7c-979b-895f59ccc18c','d85c0d1a',10,1782390576568,'863238074948862','213.4.175.115','8E','00000000000000718E010000019EFEC1CF9801DE8E6EE6EB34C2AB0000000000000000FC0011000800FC0100150500450200C80000EF0000F00033D20533D30A000500430FD2004400000046015B00B503E800B603E800030010000003F901C100002194032000000000000127E800000000000000000000010000D9C9','TTK.NL.MAC.2026-06-25-09.jsonl','RDY',1782390577777),(126,'cf635a3c-073c-435d-b97f-0c61c1395c0a','d85c0d1a',11,1782390577386,'863238074948862','213.4.175.115','8E','000000000000006E8E010000019EFEC1C7C800DE8E6EE6EB34C2AB0000000000000000EF0010000700EF0000150500450200C80000F00033D20533D30A000500430FF6004400000046015B00B503E800B603E800030010000003F901C100002194032000003127000127E80000000000000000000001000028C1','TTK.NL.MAC.2026-06-25-09.jsonl','RDY',1782390577781),(127,'340e170f-3882-4e99-a33d-9a78712492a9','24d9f547',2,1782391669903,'863238074948862','213.4.175.115','8E','000000000000006E8E010000019EFED0C3B800DE8E6EE6EB34C2AB0000000000000000000010000700150500450200C80000EF0000F00033D20533D30A000500430F97004400000046012E00B503E800B603E800030010000003F901C100002194032000000000000127E8000000000000000000000100001018','TTK.NL.MAC.2026-06-25-09.jsonl','RDY',1782391670626),(128,'c9988d61-7090-42a7-90e1-b68ee1f38080','9e75211b',2,1782394165891,'863238074948862','213.4.175.115','8E','[BLOB]','TTK.NL.MAC.2026-06-25-10.jsonl','RDY',1782394167529),(130,'b847950d-2c2b-4a21-be12-164bfd0db6f3','9e75211b',3,1782394167497,'863238074948862','213.4.175.115','8E','00000000000000718E010000019EFEF89ED801DE8E6EE6EB34C2AB0000000000000001660011000801660000150500450200C80000EF0100F00033D20633D30A000500430F1A004400000046011800B503E800B603E800030010000003F901C100002195032000000000000127E800000000000000000000010000179A','TTK.NL.MAC.2026-06-25-10.jsonl','RDY',1782394169555),(131,'cf614f3e-3adb-4aa4-a085-c0161f3d6fbb','9e75211b',4,1782394168278,'863238074948862','213.4.175.115','8E','00000000000000718E010000019EFEF89EE201DE8E6EE6EB34C2AB0000000000000000FC0011000800FC0000150500450200C80000EF0100F00033D20633D30A000500430F1A004400000046011800B503E800B603E800030010000003F901C1000021950320000030D4000127E800000000000000000000010000D0E5','TTK.NL.MAC.2026-06-25-10.jsonl','RDY',1782394169561),(132,'3f66b9c7-8603-445d-b860-5884d319e7c0','9e75211b',5,1782394169048,'863238074948862','213.4.175.115','8E','00000000000000718E010000019EFEF89EEC01DE8E6EE6EB34C2AB0000000000000000FB0011000800FB0100150500450200C80000EF0100F00033D20633D30A000500430F33004400000046011800B503E800B603E800030010000003F901C1000021950320000030D4000127E8000000000000000000000100006805','TTK.NL.MAC.2026-06-25-10.jsonl','RDY',1782394169565),(137,'c1ed1974-8518-4d56-b305-6f9b19aa3e41','9e75211b',6,1782394169855,'863238074948862','213.4.175.115','8E','000000000000006E8E010000019EFEF89AF000DE8E6EE6EB34C2AB0000000000000000EF0010000700EF0100150500450200C80000F00033D20633D30A000500430F1A004400000046011800B503E800B603E800030010000003F901C100002194032000000000000127E80000000000000000000001000050B3','TTK.NL.MAC.2026-06-25-10.jsonl','RDY',1782394171589),(143,'be83aba6-a643-4f75-b36f-f41f278ddb97','4c715759',2,1782395269552,'863238074948862','213.4.175.115','8E','000000000000006E8E010000019EFF07BA0800DE8E6EE6EB34C2AB0000000000000000000010000700150500450200C80000EF0100F00033D20633D30A000500430FF9004400CC0046015E00B503E800B603E800030010000003F901C1000025590320000030D4000127E800000000000000000000010000300B','TTK.NL.MAC.2026-06-25-10.jsonl','RDY',1782395271054),(144,'8db7bbb8-428d-44fb-84f7-ca151b1ab1a0','a53942d7',2,1782398870134,'863238074948862','213.4.175.115','8E','000000000000006E8E010000019EFF3EAC7000DE8E6EE6EB34C2AB0000000000000000000010000700150500450200C80000EF0100F00033D20733D30A000500430FFB004400000046015800B503E800B603E800030010000003F901C10000330B032000003127000127E80000000000000000000001000019EB','TTK.NL.MAC.2026-06-25-11.jsonl','RDY',1782398872084),(146,'bd0dab18-c12c-4f54-88fb-c7bd854f6e1f','d8779ce9',2,1782402377249,'863238074948862','213.4.175.115','8E','00000000000000718E010000019EFF75DD5801DE8E6EE6EB34C2AB0000000000000000FB0011000800FB0000150500450200C80000EF0100F00133D20833D30A000500430FF6004400000046016700B503E800B603E800030010000003F901C1000040C7032000003127000127E80000000000000000000001000049C8','TTK.NL.MAC.2026-06-25-12.jsonl','RDY',1782402377997),(148,'01a7de16-3502-454e-bf9c-1caaf8b6032e','d8779ce9',3,1782402378266,'863238074948862','213.4.175.115','8E','[BLOB]','TTK.NL.MAC.2026-06-25-12.jsonl','RDY',1782402380058),(151,'4c78b268-f3cc-48c4-8071-66d8ecf3fad8','d8779ce9',4,1782402421487,'863238074948862','213.4.175.115','8E','000000000000006E8E010000019EFF768D2000DE8E6EE6EB34C2AB0000000000000000000010000700150500450200C80000EF0100F00133D20833D30A000500430FFB004400000046016A00B503E800B603E800030010000003F901C1000040F3032000003127000127E800000000000000000000010000DC42','TTK.NL.MAC.2026-06-25-12.jsonl','RDY',1782402422487),(155,'e978dec5-5442-4868-a3da-b9b22a6628b7','d8779ce9',5,1782402434405,'863238074948862','213.4.175.115','8E','000000000000006E8E010000019EFF76C3D000DE8E6EE6EB34C2AB0000000000000000F00010000700F00000150500450200C80000EF0133D20833D30A000500430FF6004400000046016A00B503E800B603E800030010000003F901C100004101032000003127000127E80000000000000000000001000033D5','TTK.NL.MAC.2026-06-25-12.jsonl','RDY',1782402434609),(160,'65fa2381-6248-4ba0-97f7-13d504fa180d','d8779ce9',6,1782402435219,'863238074948862','213.4.175.115','8E','00000000000000718E010000019EFF76C7B801DE8E6EE6EB34C2AB0000000000000000FB0011000800FB0100150500450200C80000EF0100F00033D20833D30A000500430FF9004400000046016A00B503E800B603E800030010000003F901C100004101032000003127000127E8000000000000000000000100001DC0','TTK.NL.MAC.2026-06-25-12.jsonl','RDY',1782402436635),(166,'0719f309-02a0-4639-82a5-a46ff5ad4c96','d96152bc',2,1782404868883,'863238074948862','213.4.175.115','8E','[BLOB]','TTK.NL.MAC.2026-06-25-13.jsonl','RDY',1782404870132),(167,'e1bb8f21-4aaa-41ec-b785-cf74050eb269','d96152bc',3,1782404869764,'863238074948862','213.4.175.115','8E','000000000000006E8E010000019EFF9BDBE800DE8E6EE6EB34C2AB0000000000000000EF0010000700EF0000150500450200C80000F00033D20933D30A000500430FF9004400000046015100B503E800B603E800030010000003F901C100004A40032000003127000127E8000000000000000000000100006F86','TTK.NL.MAC.2026-06-25-13.jsonl','RDY',1782404870138),(170,'b92e51a0-b9a1-4bf0-9275-9bf65ed74575','b9a2a9d9',2,1782407184813,'863238074948862','213.4.175.115','8E','[BLOB]','TTK.NL.MAC.2026-06-25-14.jsonl','RDY',1782407185147),(172,'6615e8de-95d3-4728-a492-53633f835473','b9a2a9d9',3,1782407185641,'863238074948862','213.4.175.115','8E','[BLOB]','TTK.NL.MAC.2026-06-25-14.jsonl','RDY',1782407187182),(173,'9692d1bb-29ca-4945-ad0b-2dc8ece27f7d','b9a2a9d9',4,1782407186544,'863238074948862','213.4.175.115','8E','[BLOB]','TTK.NL.MAC.2026-06-25-14.jsonl','RDY',1782407187188),(174,'d5fddeba-68b0-47cc-950e-7627e5770882','b9a2a9d9',5,1782407203121,'863238074948862','213.4.175.115','8E','000000000000006E8E010000019EFFBF80E800DE8E6EE6EB34C2AB000E014004000000F00010000700F00100150500450100C80000EF0133D20033D30A000500430FE5004400000046016C00B5002400B6002200030010000003F901C100004B2B032000003127000127E8000000000000000000000100004966','TTK.NL.MAC.2026-06-25-14.jsonl','RDY',1782407205363),(175,'4d33c6fc-d295-4990-86d1-c0364949250f','b9a2a9d9',6,1782407203942,'863238074948862','213.4.175.115','8E','00000000000000718E010000019EFFBF80FC01DE8E7F13EB34C82A002D005A04000400FA0011000800FA0100150500450100C80000EF0100F00133D20033D30A000500430FE5004400000046016C00B5002400B60022000300100000042101C100004B2B032000003127000127E800000000000000000000010000857D','TTK.NL.MAC.2026-06-25-14.jsonl','RDY',1782407205386),(176,'6c2b74b2-64dc-4319-86e6-7ac61178b347','b9a2a9d9',7,1782407204699,'863238074948862','213.4.175.115','8E','00000000000000718E010000019EFFBF88B801DE8E7F8FEB34C7D1002D007004000300FB0011000800FB0000150500450100C80000EF0100F00133D20033D30A000500430FE8004400000046016C00B5002400B60022000300100000042101C100004B2C032000003127000127E8000000000000000000000100000B1F','TTK.NL.MAC.2026-06-25-14.jsonl','RDY',1782407205393),(177,'ee7a4c49-2ebf-4d0f-a2dd-1ffcb8e1794c','b9a2a9d9',8,1782407205491,'863238074948862','213.4.175.115','8E','000000000000006E8E010000019EFFBF80F200DE8E6EE6EB34C2AB000E014004000000000010000700150500450100C80000EF0100F00133D20033D30A000500430FE5004400000046016C00B5002400B6002200030010000003F901C100004B2B032000003127000127E800000000000000000000010000433E','TTK.NL.MAC.2026-06-25-14.jsonl','RDY',1782407207416),(178,'22775bc2-dac9-482d-98a0-1275b2c6609d','b9a2a9d9',9,1782407243447,'863238074948862','213.4.175.115','8E','000000000000006E8E010000019EFFC01D2800DE8E80EEEB34CB38002F003E05000600000010000700150500450100C80000EF0100F00133D20033D30A000500430FE5004400000046016D00B5001600B60014000300100000043701C100004B51032000003127000127E800000000000000000000010000C06B','TTK.NL.MAC.2026-06-25-14.jsonl','RDY',1782407243756),(179,'ba6c1b0a-8ad8-4eb7-b409-8549f8951fca','b9a2a9d9',10,1782407263500,'863238074948862','213.4.175.115','8E','000000000000006E8E010000019EFFC06B4800DE8E7CB8EB34C814002F007705000200000010000700150500450100C80000EF0100F00133D20033D30A000500430FE5004400000046016C00B5001600B60014000300100000044401C100004B65032000003127000127E8000000000000000000000100008BBE','TTK.NL.MAC.2026-06-25-14.jsonl','RDY',1782407263964),(180,'70cdd293-acee-4572-9074-7e0955d8f592','b9a2a9d9',11,1782407264319,'863238074948862','213.4.175.115','8E','000000000000006E8E010000019EFFC06F3000DE8E7C9AEB34C7DF002F007804000200F00010000700F00000150500450100C80000EF0133D20033D30A000500430FE5004400000046016C00B5002F00B6002E000300100000044401C100004B66032000003127000127E8000000000000000000000100001E0C','TTK.NL.MAC.2026-06-25-14.jsonl','RDY',1782407265992),(181,'8e0c742d-0d02-4dea-b86d-863e7066c5b8','b9a2a9d9',12,1782407265155,'863238074948862','213.4.175.115','8E','00000000000000718E010000019EFFC0731801DE8E7C8BEB34C7CB002F007304000000FB0011000800FB0100150500450100C80000EF0100F00033D20033D30A000500430FE5004400000046016C00B5002F00B6002E000300100000044401C100004B67032000003127000127E800000000000000000000010000A75A','TTK.NL.MAC.2026-06-25-14.jsonl','RDY',1782407265998),(182,'8819b151-c252-452b-bd03-8baa69d0ed6e','65108836',2,1782407441317,'863238074948862','213.4.175.115','8E','[BLOB]','TTK.NL.MAC.2026-06-25-14.jsonl','RDY',1782407441829),(183,'2e5b0e8a-80c7-444a-ab67-1a35bf3e54dc','65108836',3,1782407442216,'863238074948862','213.4.175.115','8E','[BLOB]','TTK.NL.MAC.2026-06-25-14.jsonl','RDY',1782407443854),(184,'243fdaae-e4aa-4764-bdee-e6b77d24613f','65108836',4,1782407444040,'863238074948862','213.4.175.115','8E','000000000000006E8E010000019EFFC32A6800DE8E7C8BEB34C7CB002F007305000000EF0010000700EF0100150500450100C80000F00033D20033D30A000500430FCC004400000046016000B5001600B60014000300100000044401C100004C10032000000000000127E8000000000000000000000100000CD1','TTK.NL.MAC.2026-06-25-14.jsonl','RDY',1782407445882),(185,'c2a27513-ed70-48ab-abcd-852076d30314','65108836',5,1782407444872,'863238074948862','213.4.175.115','8E','00000000000000718E010000019EFFC32E5001DE8E7C8BEB34C7CB002F007305000001660011000801660000150500450100C80000EF0100F00033D20033D30A000500430FC4004400000046016000B5001600B60014000300100000044401C100004C11032000000000000127E8000000000000000000000100004518','TTK.NL.MAC.2026-06-25-14.jsonl','RDY',1782407445888),(186,'6e69ded0-3e39-4f16-8144-540eff0f3612','65108836',6,1782407445693,'863238074948862','213.4.175.115','8E','00000000000000718E010000019EFFC3323801DE8E7C8BEB34C7CB002F007305000000FB0011000800FB0100150500450100C80000EF0100F00033D20033D30A000500430FC6004400000046016000B5001600B60014000300100000044401C100004C11032000000000000127E800000000000000000000010000CB39','TTK.NL.MAC.2026-06-25-14.jsonl','RDY',1782407447908),(187,'dae3e43e-59ca-4846-a466-6a13219a0698','65108836',7,1782407554376,'863238074948862','213.4.175.115','8E','00000000000000718E010000019EFFC4DC0001DE8E6DCBEB34BB67002F00DF05000400FA0011000800FA0100150500450100C80000EF0100F00033D20033D30A000500430FC6004400000046015800B5001F00B6001E000300100000047601C100004C7B032000000000000127E800000000000000000000010000EBA6','TTK.NL.MAC.2026-06-25-14.jsonl','RDY',1782407555032),(188,'ea9f47ff-9dab-43fa-a3b9-f5c130e64154','65108836',8,1782407555291,'863238074948862','213.4.175.115','8E','[BLOB]','TTK.NL.MAC.2026-06-25-14.jsonl','RDY',1782407557058),(189,'f6920d13-7db2-4dda-88ef-faffe59681d2','65108836',9,1782407556074,'863238074948862','213.4.175.115','8E','00000000000000718E010000019EFFC4DFE801DE8E6E25EB34BC17002F00EA06000400FB0011000800FB0000150500450100C80000EF0100F00133D20033D30A000500430FC4004400000046015800B5001600B60013000300100000047601C100004C7C032000000000000127E8000000000000000000000100003A19','TTK.NL.MAC.2026-06-25-14.jsonl','RDY',1782407557064),(190,'250c55ff-aa92-4e07-a692-55ea6718e1cf','65108836',10,1782407590967,'863238074948862','213.4.175.115','8E','00000000000000718E010000019EFFC568A000DE8E754BEB34C4DF002F00EF07000000F20011000800F20000150500450100C80000EF0100F00133D20033D30A000500430FC4004400000046015600B5001300B60011000300100000049501C100004C9E032000000000000127E8000000000000000000000100001D1E','TTK.NL.MAC.2026-06-25-14.jsonl','RDY',1782407591408),(191,'25a995ec-1a89-47a1-b748-afd8ebf373f0','65108836',11,1782407614953,'863238074948862','213.4.175.115','8E','000000000000006E8E010000019EFFC5CA4800DE8E78F1EB34C3E00000000000000000000010000700150500450200C80000EF0100F00133D20033D30A000500430FC1004400000046015600B5007200B6007100030010000004A001C100004CB6032000000000000127E80000000000000000000001000062F0','TTK.NL.MAC.2026-06-25-14.jsonl','RDY',1782407615683),(192,'f0b1875c-344e-4b1e-b5b2-79b6b0660fae','65108836',12,1782407674957,'863238074948862','213.4.175.115','8E','000000000000006E8E010000019EFFC6B0C000DE8E6FE7EB34C307002E00FE05000300000010000700150500450100C80000EF0100F00133D20033D30A000500430FBE004400000046015100B5001D00B6001B00030010000004BF01C100004CF0032000000000000127E800000000000000000000010000F695','TTK.NL.MAC.2026-06-25-14.jsonl','RDY',1782407676260),(193,'1fa152a1-a365-465b-8f01-75ce2eae03f9','65108836',13,1782407697027,'863238074948862','213.4.175.115','8E','000000000000006E8E010000019EFFC70A9800DE8E6497EB34BD68002E00DD04000600000010000700150500450100C80000EF0100F00133D20033D30A000500430FBE004400000046015000B5004100B6004000030010000004E001C100004D06032000000000000127E8000000000000000000000100008822','TTK.NL.MAC.2026-06-25-14.jsonl','RDY',1782407698466),(194,'23c21949-afd3-4121-8772-ef6de918fab9','65108836',14,1782407698971,'863238074948862','213.4.175.115','8E','000000000000006E8E010000019EFFC70E8000DE8E6410EB34BCEB002E00E804000600000010000700150500450100C80000EF0100F00133D20033D30A000500430FBB004400000046015000B5004100B6004000030010000004E301C100004D07032000000000000127E800000000000000000000010000FF2D','TTK.NL.MAC.2026-06-25-14.jsonl','RDY',1782407700494),(195,'b7d823a1-1f3f-4553-8cb6-f7aa99601554','65108836',15,1782407706165,'863238074948862','213.4.175.115','8E','000000000000006E8E010000019EFFC72DC000DE8E69A9EB34BCBB002E00E005000400F00010000700F00000150500450100C80000EF0133D20033D30A000500430FB0004400000046015000B5002400B6002200030010000004EE01C100004D0F032000000000000127E800000000000000000000010000F24C','TTK.NL.MAC.2026-06-25-14.jsonl','RDY',1782407706565),(196,'a1ce9574-2837-4109-9bad-d0a2d0fbe617','65108836',16,1782407707888,'863238074948862','213.4.175.115','8E','00000000000000718E010000019EFFC7359001DE8E69BAEB34BC96002E00E105000000FB0011000800FB0100150500450100C80000EF0100F00033D20033D30A000500430FA8004400000046015000B5002400B6002200030010000004EE01C100004D11032000000000000127E8000000000000000000000100008015','TTK.NL.MAC.2026-06-25-14.jsonl','RDY',1782407708593),(197,'f92a0c63-00e5-4ef8-a3f2-0eb651e56ac8','74d4a696',2,1782408452963,'863238074948862','213.4.175.115','8E','[BLOB]','TTK.NL.MAC.2026-06-25-14.jsonl','RDY',1782408454235),(198,'9d26618b-f329-46a8-b25d-5e0127c3ddb0','74d4a696',3,1782408453777,'863238074948862','213.4.175.115','8E','000000000000006E8E010000019EFFD28BFC00DE8E69BAEB34BC960000000000000000EF0010000700EF0000150500450100C80000F00033D20033D30A000500430F7E004400000046013300B5004200B6004100030010000004EE01C100004FE3032000000000000127E800000000000000000000010000905B','TTK.NL.MAC.2026-06-25-14.jsonl','RDY',1782408454240),(199,'2a0078b0-5e79-42cd-80c3-8e34478744e5','53a5b7b0',2,1782411351294,'863238074948862','213.4.175.115','8E','000000000000006E8E010000019EFFFDA71000DE8E69BAEB34BC960000000000000000000010000700150500450200C80000EF0000F00033D20133D30A000500430EFE004400000046012600B5001C00B6001A00030010000004EE01C100004FE3032000000000000127E800000000000000000000010000EFAA','TTK.NL.MAC.2026-06-25-15.jsonl','RDY',1782411351570),(202,'7533d7da-1b0b-431b-89a3-ba5e4c97e7a8','ed52952a',2,1782411531677,'863238074948862','213.4.175.115','8E','[BLOB]','TTK.NL.MAC.2026-06-25-15.jsonl','RDY',1782411533929),(205,'80665809-757f-49e6-bacd-f4a14c0ca3f4','ed52952a',3,1782411585602,'863238074948862','213.4.175.115','8E','000000000000006E8E010000019F00025A3000DE8E69BAEB34BC960000000000000000000010000700150400450200C80000EF0000F00133D20133D30A000500430F06004400000046012D00B503E800B603E800030010000004EE01C100004FE3032000000000000127E80000000000000000000001000084F1','TTK.NL.MAC.2026-06-25-15.jsonl','RDY',1782411586434),(209,'56f9a981-71da-4934-84f2-56161448ac7c','ed52952a',4,1782411599182,'863238074948862','213.4.175.115','8E','000000000000006E8E010000019F000294C800DE8E69BAEB34BC960000000000000000F00010000700F00000150400450200C80000EF0033D20133D30A000500430F01004400000046012E00B503E800B603E800030010000004EE01C100004FE3032000000000000127E800000000000000000000010000AECA','TTK.NL.MAC.2026-06-25-15.jsonl','RDY',1782411600569),(214,'22aa5a2a-5f32-473a-92a9-49217480aea5','ed52952a',5,1782411607832,'863238074948862','213.4.175.115','8E','00000000000000718E010000019F0002B7F001DE8E69BAEB34BC960000000000000000FC0011000800FC0000150400450200C80000EF0000F00033D20133D30A000500430EF6004400000046013000B503E800B603E800030010000004EE01C100004FE3032000003127000127E800000000000000000000010000046E','TTK.NL.MAC.2026-06-25-15.jsonl','RDY',1782411608754),(225,'8c9fb2cf-c92f-46d6-9dae-6abc0fd5f349','c34e3c5d',2,1782412071280,'863238074948862','213.4.175.115','8E','00000000000000718E010000019F0009341800DE8E69BAEB34BC960000000000000000F20011000800F20000150400450200C80000EF0000F00033D20233D30A000500430FA0004401730046016D00B503E800B603E800030010000004EE01C100004FE30320000030D4000127E800000000000000000000010000E0EC','TTK.NL.MAC.2026-06-25-15.jsonl','RDY',1782412073446),(226,'8e4d3f7e-cc8f-4a13-8079-58840ce3a6c2','545d0e80',2,1782413413554,'863238074948862','213.4.175.115','8E','[BLOB]','TTK.NL.MAC.2026-06-25-15.jsonl','RDY',1782414780142),(227,'0c13a32d-58fc-457e-9742-b8de8ae6e2ac','545d0e80',3,1782413414434,'863238074948862','213.4.175.115','8E','[BLOB]','TTK.NL.MAC.2026-06-25-15.jsonl','RDY',1782414780156),(228,'7ffa4c08-4f26-4668-bc81-d07058b7a20f','545d0e80',4,1782413418794,'863238074948862','213.4.175.115','8E','00000000000000718E010000019F001E5A3201DE8E69BAEB34BC960000000000000000FB0011000800FB0100150400450200C80000EF0100F00033D20233D30A000500430FC9004400000046014F00B503E800B603E800030010000004EE01C100004FE4032000000000000127E8000000000000000000000100004625','TTK.NL.MAC.2026-06-25-15.jsonl','RDY',1782414780168),(229,'5e29a762-dc57-421c-845f-e7a44465eddb','545d0e80',5,1782413419584,'863238074948862','213.4.175.115','8E','00000000000000718E010000019F001E5E1001DE8E69BAEB34BC960000000000000001660011000801660000150400450200C80000EF0100F00033D20233D30A000500430FC9004400000046014F00B503E800B603E800030010000004EE01C100004FE4032000000000000127E800000000000000000000010000BA6D','TTK.NL.MAC.2026-06-25-15.jsonl','RDY',1782414780178),(230,'d7710b25-6e73-4167-be1f-4aad729cbea1','545d0e80',6,1782413420412,'863238074948862','213.4.175.115','8E','000000000000006E8E010000019F001E5A2800DE8E69BAEB34BC960000000000000000EF0010000700EF0100150400450200C80000F00033D20233D30A000500430FC9004400000046014F00B503E800B603E800030010000004EE01C100004FE3032000000000000127E800000000000000000000010000DAB0','TTK.NL.MAC.2026-06-25-15.jsonl','RDY',1782414780186),(231,'e858b4ce-faaf-443b-8e80-54b4067f105c','545d0e80',7,1782413461049,'863238074948862','213.4.175.115','8E','000000000000006E8E010000019F001EFE3800DE8E69BAEB34BC960000000000000000F00010000700F00100150400450200C80000EF0133D20233D30A000500430FCC004400000046014E00B5003500B6003400030010000004EE01C10000500D032000000000000127E8000000000000000000000100005788','TTK.NL.MAC.2026-06-25-15.jsonl','RDY',1782414780195),(232,'828df337-cac9-4437-902c-1ac55a8b76a1','545d0e80',8,1782413461852,'863238074948862','213.4.175.115','8E','00000000000000718E010000019F001F022001DE8E69BAEB34BC960000000000000000FB0011000800FB0000150400450200C80000EF0100F00133D20233D30A000500430FC6004400000046014E00B5003500B6003400030010000004EE01C10000500D032000000000000127E8000000000000000000000100001010','TTK.NL.MAC.2026-06-25-15.jsonl','RDY',1782414780205),(233,'d8682107-89ee-4a8c-899d-3dcee4746bf0','545d0e80',9,1782413462887,'863238074948862','213.4.175.115','8E','000000000000006E8E010000019F001EFE4200DE8E69BAEB34BC960000000000000000000010000700150400450200C80000EF0100F00133D20233D30A000500430FCC004400000046014E00B5003500B6003400030010000004EE01C10000500D032000000000000127E800000000000000000000010000A54E','TTK.NL.MAC.2026-06-25-15.jsonl','RDY',1782414780214),(234,'90e0f028-0165-4796-b3c8-106f703fcb7d','545d0e80',10,1782413467387,'863238074948862','213.4.175.115','8E','00000000000000718E010000019F001F199001DE8E7CB4EB34CB320017015E05000200FA0011000800FA0100150400450200C80000EF0100F00133D20233D30A000500430FBE004400000046014E00B5001800B60016000300100000052B01C100005013032000000000000127E80000000000000000000001000036C2','TTK.NL.MAC.2026-06-25-15.jsonl','RDY',1782414780231),(235,'f082b6db-240f-42c4-b0bc-fc976026ce6f','545d0e80',11,1782413519062,'863238074948862','213.4.175.115','8E','00000000000000718E010000019F001FE0C801DE8E7C8AEB34C9280000000000000000FC0011000800FC0000150500450200C80000EF0100F00133D20233D30A000500430FC6004400000046014C00B5010500B60104000300100000054101C100005045032000003127000127E8000000000000000000000100003305','TTK.NL.MAC.2026-06-25-15.jsonl','RDY',1782414780238),(236,'5c3ace4d-965e-428d-b513-e79cfce83bbf','545d0e80',12,1782413521113,'863238074948862','213.4.175.115','8E','[BLOB]','TTK.NL.MAC.2026-06-25-15.jsonl','RDY',1782414780249),(237,'679e7906-742c-473e-8dd6-ca22e77afae7','545d0e80',13,1782413522832,'863238074948862','213.4.175.115','8E','00000000000000718E010000019F001FF06801DE8E7C8AEB34C9280000000000000000FB0011000800FB0100150400450200C80000EF0100F00033D20233D30A000500430FED004400DE0046014C00B5002D00B6002C000300100000054101C100005049032000003080000127E8000000000000000000000100005452','TTK.NL.MAC.2026-06-25-15.jsonl','RDY',1782414780257),(238,'f71a94fc-3fab-4441-83c3-b2adbadbf55a','545d0e80',14,1782413593191,'863238074948862','213.4.175.115','8E','00000000000000718E010000019F002101D801DE8E793DEB34C5600000000000000000FC0011000800FC0100150400450200C80000EF0100F00033D20233D30A000500431004004400B40046015000B503E800B603E8000300100000054101C10000508D0320000000FA000127E8000000000000000000000100006253','TTK.NL.MAC.2026-06-25-15.jsonl','RDY',1782414780267),(239,'8f3fcf89-1f6d-4090-ba52-041eed27de1f','545d0e80',15,1782413595071,'863238074948862','213.4.175.115','8E','00000000000000718E010000019F002109A801DE8E793DEB34C5600000000000000000FC0011000800FC0000150300450200C80000EF0100F00033D20233D30A000500430FE0004400000046015000B5001900B60017000300100000054101C10000508F0320000030D4000127E8000000000000000000000100004B42','TTK.NL.MAC.2026-06-25-15.jsonl','RDY',1782414780274),(240,'0e674596-54fd-4179-ba79-011480908e3b','95f096a5',2,1782413722617,'863238074948862','213.4.175.115','8E','00000000000000718E010000019F0022F5D801DE8E793DEB34C5600000000000000000FB0011000800FB0000150200450200C80000EF0100F00133D20233D30A000500430FE5004400000046015000B503E800B603E8000300100000054101C100005109032000003127000127E80000000000000000000001000035D0','TTK.NL.MAC.2026-06-25-15.jsonl','RDY',1782414780285),(241,'babacfb9-cd88-478b-b23d-91dc8f7bcb7a','95f096a5',3,1782413723457,'863238074948862','213.4.175.115','8E','[BLOB]','TTK.NL.MAC.2026-06-25-15.jsonl','RDY',1782414780294),(242,'b1f26e39-7cf7-4785-acdc-e51f9a6e12c5','95f096a5',4,1782413779512,'863238074948862','213.4.175.115','8E','000000000000006E8E010000019F0023D48000DE8E793DEB34C5600000000000000000000010000700150200450200C80000EF0100F00133D20233D30A000500430FE5004400000046015600B503E800B603E8000300100000054101C100005141032000003127000127E800000000000000000000010000BCCA','TTK.NL.MAC.2026-06-25-15.jsonl','RDY',1782414780303),(243,'45f43aba-f5c6-4244-913a-e6df138b2bde','95f096a5',5,1782413782531,'863238074948862','213.4.175.115','8E','000000000000006E8E010000019F0023E42000DE8E793DEB34C5600000000000000000F00010000700F00000150200450200C80000EF0133D20233D30A000500430FE5004400000046015600B503E800B603E8000300100000054101C100005145032000003127000127E800000000000000000000010000B4B0','TTK.NL.MAC.2026-06-25-15.jsonl','RDY',1782414780311),(244,'c5cab8c9-eb01-4d1d-a261-487767fa21fc','95f096a5',6,1782413784320,'863238074948862','213.4.175.115','8E','00000000000000718E010000019F0023EBF001DE8E793DEB34C5600000000000000000FB0011000800FB0100150200450200C80000EF0100F00033D20233D30A000500430FE5004400000046015600B503E800B603E8000300100000054101C1000051470320000030D4000127E800000000000000000000010000661A','TTK.NL.MAC.2026-06-25-15.jsonl','RDY',1782414780318),(245,'d092cc96-1876-4bcb-8dab-876ce1c8ba3c','b081877a',2,1782414840236,'863238074948862','213.4.175.115','8E','00000000000000718E010000019F0033FD3801DE8E793DEB34C5600000000000000000FC0011000800FC0100150300450200C80000EF0100F00033D20333D30A000500430FE5004400000046013D00B503E800B603E8000300100000054101C100005547032000000053000127E8000000000000000000000100003699','TTK.NL.MAC.2026-06-25-16.jsonl','RDY',1782414841976),(247,'378242e6-1250-48eb-8f0f-404c18eb051a','1a458ea1',2,1782415220739,'863238074948862','213.4.175.115','8E','[BLOB]','TTK.NL.MAC.2026-06-25-16.jsonl','RDY',1782415221970),(250,'e0d703c5-59b8-49b9-a9b8-4807abda47e0','1a458ea1',3,1782415221661,'863238074948862','213.4.175.115','8E','000000000000006E8E010000019F0039CD9400DE8E793DEB34C5600000000000000000EF0010000700EF0000150300450200C80000F00033D20333D30A000500430FAB004400000046012800B503E800B603E8000300100000054101C1000056B9032000000000000127E800000000000000000000010000E48A','TTK.NL.MAC.2026-06-25-16.jsonl','RDY',1782415223986),(254,'0164355b-27f7-427a-b2f1-5d2c7da8cee0','1a458ea1',4,1782415299692,'863238074948862','213.4.175.115','8E','000000000000006E8E010000019F003AEE9000DE8E793DEB34C5600000000000000000EF0010000700EF0100150300450200C80000F00033D20333D30A000500430FA0004400000046012900B503E800B603E8000300100000054101C1000056B9032000000000000127E8000000000000000000000100006DE5','TTK.NL.MAC.2026-06-25-16.jsonl','RDY',1782415300681),(259,'6ef0fa93-4535-4760-8132-cfff7418e103','1a458ea1',5,1782415300843,'863238074948862','213.4.175.115','8E','[BLOB]','TTK.NL.MAC.2026-06-25-16.jsonl','RDY',1782415302713),(265,'96925d3d-93dc-481f-b111-c30b5095feb3','1a458ea1',6,1782415346827,'863238074948862','213.4.175.115','8E','00000000000000718E010000019F003BAA1001DE8E793DEB34C5600000000000000000FC0011000800FC0000150300450200C80000EF0100F00033D20333D30A000500430F9A004400000046012B00B503E800B603E8000300100000054101C1000056E8032000003127000127E800000000000000000000010000B4EE','TTK.NL.MAC.2026-06-25-16.jsonl','RDY',1782415349184),(266,'75a6aa75-f10f-43ca-a6f8-c320cd8d45a9','1a458ea1',7,1782415347641,'863238074948862','213.4.175.115','8E','[BLOB]','TTK.NL.MAC.2026-06-25-16.jsonl','RDY',1782415349196),(267,'5b49cfbd-2497-4dda-b72a-92b4a7a08966','c2247f5c',2,1782421462793,'863238074948862','213.4.175.115','8E','[BLOB]','TTK.NL.MAC.2026-06-25-18.jsonl','RDY',1782421464202),(268,'654a8d68-ceb1-4914-bf86-e0768109ba69','c2247f5c',3,1782421463721,'863238074948862','213.4.175.115','8E','[BLOB]','TTK.NL.MAC.2026-06-25-18.jsonl','RDY',1782421464215),(271,'3e27e197-67e4-431b-a9b3-6a997a2b2844','c2247f5c',4,1782421521720,'863238074948862','213.4.175.115','8E','000000000000006E8E010000019F0099FA9800DE8E7DC6EB34CAB2001C007D09000000000010000700150500450100C80000EF0100F00133D20533D30A000500430FF9004400000046013000B5000D00B6000A00030010000005A801C100006E63032000003127000127E8000000000000000000000100004967','TTK.NL.MAC.2026-06-25-18.jsonl','RDY',1782421523002),(272,'3ab74a1a-c7a5-4b3a-8aa4-7484a5a89d0c','c2247f5c',5,1782421522601,'863238074948862','213.4.175.115','8E','000000000000006E8E010000019F0099FE8000DE8E7DC6EB34CAB2001C007D08000000F00010000700F00000150500450100C80000EF0133D20533D30A000500430FFB004400000046013000B5001300B6001000030010000005A801C100006E64032000003127000127E80000000000000000000001000076D3','TTK.NL.MAC.2026-06-25-18.jsonl','RDY',1782421523045),(277,'2e58fc6e-dd37-49f1-bd03-b3d59935675d','c2247f5c',6,1782421523406,'863238074948862','213.4.175.115','8E','00000000000000718E010000019F009A026801DE8E7DC6EB34CAB2001C007D08000000FB0011000800FB0100150500450100C80000EF0100F00033D20533D30A000500430FFB004400000046013000B5001300B6001000030010000005A801C100006E65032000003127000127E8000000000000000000000100000B67','TTK.NL.MAC.2026-06-25-18.jsonl','RDY',1782421525073),(283,'f887db98-23e0-44a5-94b2-0d108b2c92bb','b1a13565',2,1782434752848,'863238074948862','213.4.175.115','8E','[BLOB]','TTK.NL.MAC.2026-06-25-21.jsonl','RDY',1782434754950),(285,'ce259d92-ed57-4982-a5fd-6f02b32fb05c','33ea1bbf',2,1782435752034,'863238074948862','213.4.175.115','8E','00000000000000718E010000019F017318A001DE8E7CD5EB34C8B3001A00E618000000FB0011000800FB0000150500450100C80000EF0100F00133D20933D30A000500430FFB004400000046012700B5000900B6000600030010000005AF01C10000A463032000003127000127E800000000000000000000010000D3B7','TTK.NL.MAC.2026-06-25-22.jsonl','RDY',1782435753773),(286,'01051c06-3284-4610-9276-1998b2ec5a62','33ea1bbf',3,1782435752880,'863238074948862','213.4.175.115','8E','[BLOB]','TTK.NL.MAC.2026-06-25-22.jsonl','RDY',1782435753814),(289,'9a60206f-12e9-4796-85bb-95746fce3899','33ea1bbf',4,1782435809009,'863238074948862','213.4.175.115','8E','000000000000006E8E010000019F0173FB3000DE8E7E8FEB34C941001B001B0C000100000010000700150500450100C80000EF0100F00133D20933D30A000500430FF9004400000046012A00B5000C00B6000900030010000005C601C10000A49B032000003127000127E8000000000000000000000100001145','TTK.NL.MAC.2026-06-25-22.jsonl','RDY',1782435810327),(290,'b52c855c-0dc9-4399-9039-372b86490d6f','33ea1bbf',5,1782435810251,'863238074948862','213.4.175.115','8E','000000000000006E8E010000019F0174030000DE8E7E8FEB34C995001B00070C000100F00010000700F00000150500450100C80000EF0133D20933D30A000500430FFB004400000046012A00B5000C00B6000900030010000005C601C10000A49E032000003127000127E8000000000000000000000100007DB1','TTK.NL.MAC.2026-06-25-22.jsonl','RDY',1782435810335),(295,'da2d93c7-6301-4c40-b8ce-07c5aa736210','33ea1bbf',6,1782435811219,'863238074948862','213.4.175.115','8E','00000000000000718E010000019F017406E801DE8E7E7AEB34C991001B01620C000000FB0011000800FB0100150500450100C80000EF0100F00033D20933D30A000500430FF9004400000046012A00B5000C00B6000900030010000005C601C10000A49F0320000030D4000127E800000000000000000000010000900D','TTK.NL.MAC.2026-06-25-22.jsonl','RDY',1782435812366),(301,'9a0ec236-a034-4f9f-abfb-5f17dcdf2c66','2563d1ad',2,1782436019732,'863238074948862','213.4.175.115','8E','00000000000000718E010000019F0177181001DE8E7E7AEB34C991001B016209000000FC0011000800FC0100150500450100C80000EF0100F00033D20933D30A000500430FFB004400000046012C00B5001200B6000F00030010000005C601C10000A562032000000000000127E800000000000000000000010000A96D','TTK.NL.MAC.2026-06-25-22.jsonl','RDY',1782436020704),(308,'045d5cdc-bf76-40fc-bdce-bdedcc95448f','c0e8c38d',2,1782442071422,'863238074948862','213.4.175.115','8E','000000000000006E8E010000019F01AAED9800DE8E7E7AEB34C991001B016212000000000010000700150500450100C80000EF0100F00033D20033D30A000500430F25004400000046010D00B5000B00B6000800030010000005C601C10000B246032000000000000127E8000000000000000000000100003AC5','TTK.NL.MAC.2026-06-25-23.jsonl','RDY',1782442072085),(310,'343454f0-6ba5-439a-ad48-2aacf38af95d','33c3e40f',2,1782443031428,'863238074948862','213.4.175.115','8E','000000000000006E8E010000019F01E1E3E800DE8E7E7AEB34C991001B016212000000000010000700150500450100C80000EF0100F00033D20133D30A000500430EB3004400000046010300B5000B00B6000900030010000005C601C10000BFF2032000000000000127E800000000000000000000010000CEC9','TTK.NL.MAC.2026-06-26-00.jsonl','RDY',1782443032338),(312,'36b7ccf3-01c2-4aa8-9947-df7b0e58e13c','eb9c3ed4',2,1782446631129,'863238074948862','213.4.175.115','8E','000000000000006E8E010000019F0218D65000DE8E7E7AEB34C991001B016214000000000010000700150500450100C80000EF0100F00033D20233D30A000500430E6500440000004600FE00B5000900B6000600030010000005C601C10000CD9B032000000000000127E800000000000000000000010000D97E','TTK.NL.MAC.2026-06-26-01.jsonl','RDY',1782446632579),(314,'cf488a29-42ee-4c3c-a0af-a6471da91c2e','2dadd22f',2,1782495464941,'863238074948862','213.4.174.45','8E','[BLOB]','TTK.NL.MAC.2026-06-26-14.jsonl','RDY',1782495466059),(316,'ad475eb9-d9e3-4221-923a-3759ada5843d','2dadd22f',3,1782495465784,'863238074948862','213.4.174.45','8E','000000000000006B8E010000019F0500E6C80000000000000000000000000000000000EF000F000600EF0100450200C80000F00033D2FF33D3FF000500430DD700440174004600DB00B503E800B603E800030010000003F901C1000000000320000030D4000127E80000000000000000000001000001D2','TTK.NL.MAC.2026-06-26-14.jsonl','RDY',1782495467606),(319,'293efa81-8c52-4ca7-ab7e-efebf2c72b71','72eae9a6',2,1782496936583,'863238074948862','213.4.174.45','8E','00000000000000718E010000019F0518B4880100000000000000000000000000000000FB0011000800FB0000150500450200C80000EF0100F00133D2FF33D3FF000500430F2D004401740046019B00B5002700B6002600030010000003F901C1000005F30320000030D4000127E800000000000000000000010000B405','TTK.NL.MAC.2026-06-26-15.jsonl','RDY',1782496938395),(320,'88b99ef2-137f-48d2-9604-22e7dbf769f2','72eae9a6',3,1782496937435,'863238074948862','213.4.174.45','8E','[BLOB]','TTK.NL.MAC.2026-06-26-15.jsonl','RDY',1782496938404),(323,'f098504b-b412-45f7-98e2-288339c62efb','72eae9a6',4,1782496994358,'863238074948862','213.4.174.45','8E','000000000000006E8E010000019F05199B000000000000000000000000000000000000000010000700150500450200C80000EF0100F00133D2FF33D3FF000500430F30004401740046019E00B5002800B6002600030010000003F901C10000062C032000003080000127E800000000000000000000010000395C','TTK.NL.MAC.2026-06-26-15.jsonl','RDY',1782496994559),(327,'ef144b04-878f-42b9-aad6-289ce124eea5','72eae9a6',5,1782496995163,'863238074948862','213.4.174.45','8E','000000000000006E8E010000019F0519A2D00000000000000000000000000000000000F00010000700F00000150500450200C80000EF0133D2FF33D3FF000500430F33004401740046019E00B5002800B6002600030010000003F901C10000062E032000003080000127E8000000000000000000000100001158','TTK.NL.MAC.2026-06-26-15.jsonl','RDY',1782496996583),(328,'65b5b005-9cf2-4b43-a5f4-cc549c121e69','72eae9a6',6,1782496995931,'863238074948862','213.4.174.45','8E','00000000000000718E010000019F0519A6B80100000000000000000000000000000000FB0011000800FB0100150500450200C80000EF0100F00033D2FF33D3FF000500430F30004401740046019E00B5002800B6002600030010000003F901C10000062F032000003080000127E800000000000000000000010000ED04','TTK.NL.MAC.2026-06-26-15.jsonl','RDY',1782496996591),(334,'87c1e7b8-73a9-4883-b95c-08ddfeb691d7','c00e41f7',2,1782497376225,'863238074948862','213.4.174.45','8E','00000000000000718E010000019F051F6B480100000000000000000000000000000000FB0011000800FB0000150500450200C80000EF0100F00133D2FF33D3FF000500430F52004401730046019B00B5001800B6001600030010000003F901C10000079F032000003080000127E8000000000000000000000100002218','TTK.NL.MAC.2026-06-26-15.jsonl','RDY',1782497376760),(341,'5fd1e15d-86bf-474b-9cde-b7d2e51bba53','c00e41f7',3,1782497377029,'863238074948862','213.4.174.45','8E','[BLOB]','TTK.NL.MAC.2026-06-26-15.jsonl','RDY',1782497378788),(342,'a0e6d741-4a9e-4ce1-9403-59c4d35018b2','c00e41f7',4,1782497433004,'863238074948862','213.4.174.45','8E','000000000000006E8E010000019F052051C00000000000000000000000000000000000000010000700150500450200C80000EF0100F00133D2FF33D3FF000500430F5D004401740046019C00B5001900B6001600030010000003F901C1000007D90320000030D4000127E800000000000000000000010000B237','TTK.NL.MAC.2026-06-26-15.jsonl','RDY',1782497435300),(343,'1dfb2007-039d-4bf8-b6ac-cee976883ad5','c00e41f7',5,1782497467051,'863238074948862','213.4.174.45','8E','000000000000006E8E010000019F0520D6900000000000000000000000000000000000F00010000700F00000150500450200C80000EF0133D2FF33D3FF000500430F5F004401740046019C00B5001800B6001600030010000003F901C1000007FA0320000030D4000127E800000000000000000000010000D3F6','TTK.NL.MAC.2026-06-26-15.jsonl','RDY',1782497467619),(344,'decbcb54-0cd4-4bd9-aa7e-cf3e22655a19','c00e41f7',6,1782497468458,'863238074948862','213.4.174.45','8E','00000000000000718E010000019F0520DA780100000000000000000000000000000000FB0011000800FB0100150500450200C80000EF0100F00033D2FF33D3FF000500430F5D004401730046019C00B5001800B6001600030010000003F901C1000007FB032000003080000127E800000000000000000000010000AFAA','TTK.NL.MAC.2026-06-26-15.jsonl','RDY',1782497469651),(345,'e7427fe3-0f16-4786-b809-73c94e6b4d9d','c00e41f7',7,1782497530218,'863238074948862','213.4.174.45','8E','000000000000006E8E010000019F0521CCA80000000000000000000000000000000000F00010000700F00100150500450200C80000EF0133D2FF33D3FF000500430F68004401740046019E00B503E800B603E800030010000003F901C100000838032000003080000127E8000000000000000000000100001E0F','TTK.NL.MAC.2026-06-26-15.jsonl','RDY',1782497532227),(346,'ebc2f348-84a3-486b-9eba-1c26a2f965c0','c00e41f7',8,1782497531505,'863238074948862','213.4.174.45','8E','00000000000000718E010000019F0521D0900100000000000000000000000000000000FB0011000800FB0000150500450200C80000EF0100F00133D2FF33D3FF000500430F65004401740046019E00B503E800B603E800030010000003F901C100000839032000003080000127E800000000000000000000010000C70E','TTK.NL.MAC.2026-06-26-15.jsonl','RDY',1782497532233),(347,'ad697ee9-627c-4c90-be16-548ab436af54','c00e41f7',9,1782497532365,'863238074948862','213.4.174.45','8E','000000000000006E8E010000019F0521CCB20000000000000000000000000000000000000010000700150500450200C80000EF0100F00133D2FF33D3FF000500430F68004401740046019E00B503E800B603E800030010000003F901C100000838032000003080000127E8000000000000000000000100002B51','TTK.NL.MAC.2026-06-26-15.jsonl','RDY',1782497534253),(348,'4896e8aa-2a68-437c-9197-49fb3bc36bbb','c00e41f7',10,1782497590384,'863238074948862','213.4.174.45','8E','000000000000006E8E010000019F0522B7080000000000000000000000000000000000000010000700150200450200C80000EF0100F00133D2FF33D3FF000500430F6B00440173004601A100B5001800B6001500030010000003F901C100000872032000003080000127E800000000000000000000010000071A','TTK.NL.MAC.2026-06-26-15.jsonl','RDY',1782497590835),(349,'b8b31b9f-7f79-40d2-b476-a19690d89d41','c00e41f7',11,1782497593874,'863238074948862','213.4.174.45','8E','000000000000006E8E010000019F0522C6A80000000000000000000000000000000000F00010000700F00000150200450200C80000EF0133D2FF33D3FF000500430F6B00440173004601A100B5001800B6001500030010000003F901C100000876032000003080000127E800000000000000000000010000FA69','TTK.NL.MAC.2026-06-26-15.jsonl','RDY',1782497594877),(350,'26335e9e-6e17-4585-98f7-a047adc677ed','c00e41f7',12,1782497594935,'863238074948862','213.4.174.45','8E','00000000000000718E010000019F0522CA900100000000000000000000000000000000FB0011000800FB0100150200450200C80000EF0100F00033D2FF33D3FF000500430F6D00440174004601A100B5001800B6001500030010000003F901C1000008770320000030D4000127E8000000000000000000000100009DBD','TTK.NL.MAC.2026-06-26-15.jsonl','RDY',1782497596905),(351,'09d5566d-93ce-411f-a0c5-bb8018d9e0d3','e41fa30e',2,1782501245968,'863238074948862','213.4.174.45','8E','000000000000006E8E010000019F0559AD580000000000000000000000000000000000000010000700150200450200C80000EF0100F00033D20433D30A000500430FE8004400000046013800B5002B00B6002A00030010000003F901C100001627032000003127000127E800000000000000000000010000FD5D','TTK.NL.MAC.2026-06-26-16.jsonl','RDY',1782501247968),(353,'394fcbd8-bbe0-4470-9606-05a58fd0f208','ccbd4385',2,1782504483435,'863238074948862','213.4.174.45','8E','[BLOB]','TTK.NL.MAC.2026-06-26-17.jsonl','RDY',1782504484226),(355,'0013c0af-8383-4314-912a-afa3f5424278','ccbd4385',3,1782504484311,'863238074948862','213.4.174.45','8E','000000000000006E8E010000019F058BE0F200DE8E8269EB34CE2F003100DA0B000000EF0010000700EF0000150200450100C80000F00033D20533D30A000500430FE8004400000046012A00B5000D00B6000A00030010000003F901C1000022A9032000003127000127E8000000000000000000000100008881','TTK.NL.MAC.2026-06-26-17.jsonl','RDY',1782504486256),(358,'3a352ef1-bf61-436d-96cf-3953f3b20f1e','ccbd4385',4,1782504492023,'863238074948862','213.4.174.45','8E','00000000000000718E010000019F058C080201DE8E8269EB34CE2F003100DA09000000FB0011000800FB0100150500450100C80000EF0100F00033D20533D30A000500430FE8004400000046012A00B5001100B6000F00030010000003F901C1000022A9032000003127000127E8000000000000000000000100001F5F','TTK.NL.MAC.2026-06-26-17.jsonl','RDY',1782504494351),(359,'7dea834a-dc8d-4987-a49c-501648107bd8','ccbd4385',5,1782504492835,'863238074948862','213.4.174.45','8E','00000000000000718E010000019F058C0BE001DE8E8269EB34CE2F003100DA08000001660011000801660000150500450100C80000EF0100F00033D20533D30A000500430FEB004400000046012A00B5001200B6001000030010000003F901C1000022AA032000003127000127E80000000000000000000001000004CE','TTK.NL.MAC.2026-06-26-17.jsonl','RDY',1782504494361),(360,'a57ffbda-c841-406a-9fc9-571e84055772','ccbd4385',6,1782504493635,'863238074948862','213.4.174.45','8E','000000000000006E8E010000019F058C07F800DE8E8269EB34CE2F003100DA09000000EF0010000700EF0100150500450100C80000F00033D20533D30A000500430FE8004400000046012A00B5001200B6000F00030010000003F901C1000022A9032000003127000127E80000000000000000000001000043FC','TTK.NL.MAC.2026-06-26-17.jsonl','RDY',1782504494367),(371,'442e0686-511b-4b57-9c09-1c163e50ac3b','05dc223b',2,1782504845895,'863238074948862','213.4.174.45','8E','000000000000006E8E010000019F05909FC000DE8E8269EB34CE2F003100DA0B000000000010000700150500450100C80000EF0100F00033D20533D30A000500430FEB004400000046012C00B5000C00B6000900030010000003F901C1000023CE032000003127000127E8000000000000000000000100007A52','TTK.NL.MAC.2026-06-26-17.jsonl','RDY',1782504848017),(378,'408dd891-432a-4ac0-909b-8a7f3aef8d2b','ef2b1d2a',2,1782505551789,'863238074948862','213.4.174.45','8E','[BLOB]','TTK.NL.MAC.2026-06-26-17.jsonl','RDY',1782505551882),(379,'b8549293-5222-4aa1-805b-f40d78be1625','ef2b1d2a',3,1782505552586,'863238074948862','213.4.174.45','8E','[BLOB]','TTK.NL.MAC.2026-06-26-17.jsonl','RDY',1782505553904),(380,'8c1a9448-9ffc-4a56-9f6b-bbe2e42ed590','ef2b1d2a',4,1782505610628,'863238074948862','213.4.174.45','8E','000000000000006E8E010000019F059D172800DE8E7D01EB34CDA4002B003509000100000010000700150500450100C80000EF0100F00133D20533D30A000500430FEB004400000046013100B5000D00B6000A000300100000041901C1000026E8032000003127000127E800000000000000000000010000DE5D','TTK.NL.MAC.2026-06-26-17.jsonl','RDY',1782505612898),(381,'5716dcbd-db7d-40a5-8615-e26041d6d466','ef2b1d2a',5,1782505611406,'863238074948862','213.4.174.45','8E','00000000000000718E010000019F059D1EF801DE8E7D22EB34CDB3002C003A08000000FB0011000800FB0100150500450100C80000EF0100F00033D20533D30A000500430FEB004400000046013100B5001200B60010000300100000041901C1000026EA032000003127000127E800000000000000000000010000C4F0','TTK.NL.MAC.2026-06-26-17.jsonl','RDY',1782505612904),(382,'50b986a1-7866-42d3-8e93-f5bfcee542de','ef2b1d2a',6,1782505612238,'863238074948862','213.4.174.45','8E','000000000000006E8E010000019F059D1B1000DE8E7D22EB34CDB3002C003A08000000F00010000700F00000150500450100C80000EF0133D20533D30A000500430FEB004400000046013100B5001200B60010000300100000041901C1000026EA032000003127000127E8000000000000000000000100008CBF','TTK.NL.MAC.2026-06-26-17.jsonl','RDY',1782505612911),(383,'df49c2f7-eac9-4727-9430-7b234f866763','dae63e8e',2,1782509286126,'863238074948862','213.4.174.45','8E','000000000000006E8E010000019F05D4099000DE8E7D22EB34CDB3002C003A0B000000000010000700150500450100C80000EF0100F00033D20633D30A000500430FEB004400000046013200B5000D00B6000A000300100000041901C100003497032000003127000127E800000000000000000000010000BE65','TTK.NL.MAC.2026-06-26-18.jsonl','RDY',1782509286292),(385,'b609d3a8-bb77-4e60-953d-d74b059f3b09','0168039c',2,1782511003763,'863238074948862','213.4.174.45','8E','00000000000000718E010000019F05EF5DA801DE8E809BEB34CB22003A004C0D000100FB0011000800FB0000150500450100C80000EF0100F00133D20733D30A000500430FE8004400000046013300B5000D00B6000A000300100000042301C100003B65032000003127000127E800000000000000000000010000AB99','TTK.NL.MAC.2026-06-26-18.jsonl','RDY',1782511005119),(386,'6d21a447-8688-4611-b575-680f97a0f815','0168039c',3,1782511004568,'863238074948862','213.4.174.45','8E','[BLOB]','TTK.NL.MAC.2026-06-26-18.jsonl','RDY',1782511005129),(390,'00ba0964-6763-4c59-bdc5-5072e6783992','0168039c',4,1782511060547,'863238074948862','213.4.174.45','8E','000000000000006E8E010000019F05F0442000DE8E843AEB34CE4E003C00390D000300000010000700150500450100C80000EF0100F00133D20733D30A000500430FE8004400000046013600B5000C00B60008000300100000043401C100003B9E032000003127000127E8000000000000000000000100001558','TTK.NL.MAC.2026-06-26-18.jsonl','RDY',1782511061648),(391,'a790cff8-f4f0-4fac-ab17-5d2973f18370','0168039c',5,1782511061340,'863238074948862','213.4.174.45','8E','000000000000006E8E010000019F05F0442A00DE8E8439EB34CE5F003C003B0C000000F00010000700F00000150500450100C80000EF0133D20733D30A000500430FEB004400000046013600B5000C00B60009000300100000043401C100003B9F032000003127000127E800000000000000000000010000AFA7','TTK.NL.MAC.2026-06-26-18.jsonl','RDY',1782511061656),(397,'9d3b469f-e779-46b1-8afc-0e90fec321a0','0168039c',6,1782511062289,'863238074948862','213.4.174.45','8E','00000000000000718E010000019F05F04BF001DE8E8439EB34CE5F003C003B0C000000FB0011000800FB0100150500450100C80000EF0100F00033D20733D30A000500430FE8004400000046013600B5000C00B60009000300100000043401C100003BA0032000003127000127E800000000000000000000010000284C','TTK.NL.MAC.2026-06-26-18.jsonl','RDY',1782511063678),(404,'b311f43a-307a-4a83-88a6-4af5730e55e9','567e1074',2,1782514686863,'863238074948862','213.4.174.45','8E','000000000000006E8E010000019F0627368800DE8E8439EB34CE5F003C003B17000000000010000700150500450100C80000EF0100F00033D20833D30A000500430FEB004400000046012900B5000800B60006000300100000043401C100004949032000003127000127E8000000000000000000000100004734','TTK.NL.MAC.2026-06-26-19.jsonl','RDY',1782514687890),(406,'4f019936-3b7f-4a8b-95cc-006bf6646e1d','b995af85',2,1782518286255,'863238074948862','213.4.174.45','8E','000000000000006E8E010000019F065E2CD800DE8E8439EB34CE5F003C003B13000000000010000700150500450100C80000EF0100F00033D20933D30A000500430FE8004400000046012700B5000A00B60007000300100000043401C1000056F2032000003127000127E800000000000000000000010000DFD1','TTK.NL.MAC.2026-06-26-20.jsonl','RDY',1782518286586),(408,'2a01c0a4-d14d-4010-8a17-56a3d8733c70','516148da',2,1782521886564,'863238074948862','213.4.174.45','8E','000000000000006E8E010000019F06951F4000DE8E8439EB34CE5F003C003B18000000000010000700150500450100C80000EF0100F00033D20033D30A000500430FE8004400000046012500B5000900B60006000300100000043401C10000649B032000003127000127E80000000000000000000001000010CF','TTK.NL.MAC.2026-06-26-21.jsonl','RDY',1782521887234),(410,'0fb01897-dff4-498a-b5c5-ff70897c919e','d04e7cf1',2,1782525486069,'863238074948862','213.4.174.45','8E','000000000000006E8E010000019F06CC159000DE8E8439EB34CE5F003C003B16000000000010000700150500450100C80000EF0100F00033D20133D30A000500430FE8004400000046012400B5000900B60007000300100000043401C100007244032000003127000127E800000000000000000000010000BC25','TTK.NL.MAC.2026-06-26-22.jsonl','RDY',1782525487292),(412,'83fdec7c-0e60-4def-9141-aba118b4f044','5eba6bdb',2,1782529086375,'863238074948862','213.4.174.45','8E','000000000000006E8E010000019F070307F800DE8E8439EB34CE5F003C003B12000000000010000700150500450100C80000EF0100F00033D20233D30A000500430FE8004400000046012200B5000A00B60008000300100000043401C100007FE9032000003127000127E8000000000000000000000100006A37','TTK.NL.MAC.2026-06-26-23.jsonl','RDY',1782529088435),(414,'047ed652-614d-401b-a934-ed9f34efbf12','49b43841',2,1782532686213,'863238074948862','213.4.174.45','8E','000000000000006E8E010000019F0739FE4800DE8E8439EB34CE5F003C003B16000000000010000700150500450100C80000EF0100F00033D20333D30A000500430FE8004400000046011F00B5000A00B60006000300100000043401C100008D94032000003127000127E8000000000000000000000100001C0C','TTK.NL.MAC.2026-06-27-00.jsonl','RDY',1782532686465),(416,'0fb37a6e-46e3-4f50-8b9d-a7a5a05749d9','9844827a',2,1782536285758,'863238074948862','213.4.174.45','8E','000000000000006E8E010000019F0770F0B000DE8E8439EB34CE5F003C003B18000000000010000700150500450100C80000EF0100F00033D20433D30A000500430FE8004400000046011F00B5000A00B60006000300100000043401C100009B3D032000003127000127E8000000000000000000000100000A79','TTK.NL.MAC.2026-06-27-01.jsonl','RDY',1782536287083),(418,'9d505a93-9976-45cb-8cde-17c5220299c7','fb3af833',2,1782541086029,'863238074948862','213.4.174.45','8E','000000000000006E8E010000019F07A7E70000DE8E8439EB34CE5F003C003B11000000000010000700150500450100C80000EF0100F00033D20533D30A000500430FE8004400000046011B00B5000D00B60007000300100000043401C10000A8E9032000003127000127E800000000000000000000010000A978','TTK.NL.MAC.2026-06-27-03.jsonl','RDY',1782541087117),(420,'4cb775ec-24e8-4835-ada2-e02388aa566e','0d43e147',2,1782543485621,'863238074948862','213.4.174.45','8E','000000000000006E8E010000019F07DED96800DE8E8439EB34CE5F003C003B16000000000010000700150500450100C80000EF0100F00033D20633D30A000500430FE5004400000046011A00B5000B00B60006000300100000043401C10000B694032000003127000127E80000000000000000000001000097AF','TTK.NL.MAC.2026-06-27-03.jsonl','RDY',1782543486718),(423,'29b0b228-a83d-458f-81fd-3a436e1e79c2','20471c5c',2,1782547085998,'863238074948862','213.4.174.45','8E','000000000000006E8E010000019F0815CFB800DE8E8439EB34CE5F003C003B16000000000010000700150500450100C80000EF0100F00033D20733D30A000500430FE8004400000046011900B5000B00B60006000300100000043401C10000C43D032000003127000127E800000000000000000000010000D062','TTK.NL.MAC.2026-06-27-04.jsonl','RDY',1782547086787),(425,'127e0fc8-c709-4ba4-b4fa-ccef329eb32b','eb9c3286',2,1782550686221,'863238074948862','213.4.174.45','8E','000000000000006E8E010000019F084CC22000DE8E8439EB34CE5F003C003B18000000000010000700150500450100C80000EF0100F00033D20833D30A000500430FEB004400000046011800B5000900B60006000300100000043401C10000D1E7032000003127000127E8000000000000000000000100001BCE','TTK.NL.MAC.2026-06-27-05.jsonl','RDY',1782550688068),(427,'547fb6d4-d40f-47c4-8e1c-b1094b3e515d','42717274',2,1782551036957,'863238074948862','213.4.174.45','8E','[BLOB]','TTK.NL.MAC.2026-06-27-06.jsonl','RDY',1782551038453),(428,'cef28a28-a5de-45c4-ab5c-a272ec46f440','42717274',3,1782551037791,'863238074948862','213.4.174.45','8E','[BLOB]','TTK.NL.MAC.2026-06-27-06.jsonl','RDY',1782551038467),(431,'4d262665-6801-44ef-b434-3003c8b5d42d','4dc9e4dc',2,1782554887022,'863238074948862','213.4.174.45','8E','000000000000006E8E010000019F0883B87000DE8E8439EB34CE5F003C003B14000000000010000700150500450100C80000EF0100F00033D20933D30A000500430FEB004400000046011F00B5000B00B60006000300100000043401C10000DF8A032000003127000127E800000000000000000000010000D0D8','TTK.NL.MAC.2026-06-27-07.jsonl','RDY',1782554888710),(433,'f8b60b36-9838-40f9-a537-e55ca2a0d7ac','2026847c',2,1782557885999,'863238074948862','213.4.174.45','8E','000000000000006E8E010000019F08BAAAD800DE8E8439EB34CE5F003C003B18000000000010000700150500450100C80000EF0100F00033D20033D30A000500430FE8004400000046011D00B5000900B60006000300100000043401C10000ED33032000003127000127E800000000000000000000010000F071','TTK.NL.MAC.2026-06-27-07.jsonl','RDY',1782557886642),(436,'426f983d-761c-4856-b667-43366a8126b0','060ce2f0',2,1782561486066,'863238074948862','213.4.174.45','8E','000000000000006E8E010000019F08F1A12800DE8E8439EB34CE5F003C003B15000000000010000700150500450100C80000EF0100F00033D20133D30A000500430FE8004400000046012D00B5000900B60007000300100000043401C10000FADC032000003127000127E800000000000000000000010000B90A','TTK.NL.MAC.2026-06-27-08.jsonl','RDY',1782561486360),(438,'15361956-ccad-4b58-9619-8bdd01a4d4bd','4506b46a',2,1782566047075,'863238074948862','213.4.174.45','8E','000000000000006E8E010000019F0928939000DE8E8439EB34CE5F003C003B17000000000010000700150500450100C80000EF0100F00033D20233D30A000500430FE800440000004601A500B5000B00B60006000300100000043401C100010887032000003127000127E80000000000000000000001000045DA','TTK.NL.MAC.2026-06-27-10.jsonl','RDY',1782566048437),(440,'9098473d-c92f-426f-8bf8-73df75b73270','0cd21fea',2,1782569406651,'863238074948862','213.4.174.45','8E','000000000000006E8E010000019F095F89E000DE8E8439EB34CE5F003C003B14000000000010000700150500450100C80000EF0100F00033D20333D30A000500430FE5004400000046015900B5000C00B60006000300100000043401C100011634032000003127000127E800000000000000000000010000D5A7','TTK.NL.MAC.2026-06-27-11.jsonl','RDY',1782569407844),(442,'8bdb0afa-f1d6-4bcf-b3cf-47d294b01cfe','5487a3b7',2,1782572406230,'863238074948862','213.4.174.45','8E','000000000000006E8E010000019F09967C4800DE8E8439EB34CE5F003C003B13000000000010000700150500450100C80000EF0100F00033D20433D30A000500430FE5004400000046014F00B5000900B60007000300100000043401C1000123E1032000003127000127E8000000000000000000000100004D77','TTK.NL.MAC.2026-06-27-12.jsonl','RDY',1782572407649),(444,'7e4ac501-51b4-4db4-9857-ca16f2d500a5','7f914b8b',2,1782576486606,'863238074948862','213.4.174.45','8E','000000000000006E8E010000019F09CD729800DE8E8439EB34CE5F003C003B1B000000000010000700150400450100C80000EF0100F00033D20533D30A000500430FE5004400000046014C00B5000900B60005000300100000043401C10001318C032000003127000127E800000000000000000000010000DF02','TTK.NL.MAC.2026-06-27-13.jsonl','RDY',1782576487757),(446,'c6add069-4854-4bff-927d-7b5def02dec3','83ac9800',2,1782577754870,'863238074948862','213.4.174.45','8E','[BLOB]','TTK.NL.MAC.2026-06-27-13.jsonl','RDY',1782577755592),(449,'872252fb-815a-459a-9b3e-a0e9c8347466','83ac9800',3,1782577755700,'863238074948862','213.4.174.45','8E','[BLOB]','TTK.NL.MAC.2026-06-27-13.jsonl','RDY',1782577757657),(453,'a6807433-51ef-4d27-9241-9db310f7e3ab','26c2fdb6',2,1782580446354,'863238074948862','213.4.174.45','8E','000000000000006E8E010000019F0A04650000DE8E8439EB34CE5F003C003B18000000000010000700150500450100C80000EF0100F00033D20633D30A000500430FE5004400000046014A00B5000B00B60006000300100000043401C100013F30032000003127000127E8000000000000000000000100007A48','TTK.NL.MAC.2026-06-27-14.jsonl','RDY',1782580447430),(455,'0b611444-5d45-41b7-baf8-0c63c3fa9196','4b9baaa6',2,1782583206587,'863238074948862','213.4.174.45','8E','000000000000006E8E010000019F0A3B5B5000DE8E8439EB34CE5F003C003B09000000000010000700150500450100C80000EF0100F00033D20733D30A000500430FE5004400000046014100B5001300B60011000300100000043401C100014CD8032000003127000127E800000000000000000000010000500E','TTK.NL.MAC.2026-06-27-15.jsonl','RDY',1782583207274),(457,'7ca01766-4d43-4f5a-82b7-d38e60c54019','71d15b14',2,1782591606895,'863238074948862','213.4.174.45','8E','[BLOB]','TTK.NL.MAC.2026-06-27-17.jsonl','RDY',1782591607753),(459,'c4da2495-61bc-4bae-a4eb-88680b9bdb42','f5bf808a',2,1782594006913,'863238074948862','213.4.174.45','8E','000000000000006E8E010000019F0AE0367000DE8E8439EB34CE5F003C003B0F000000000010000700150500450100C80000EF0100F00033D20133D30A000500430FE8004400000046013000B5000B00B60008000300100000043401C1000175DC032000003127000127E800000000000000000000010000B8BB','TTK.NL.MAC.2026-06-27-18.jsonl','RDY',1782594008982),(461,'2f5485aa-b52e-4c33-8d79-4db26dbb4f88','6d6b56de',2,1782597604374,'863238074948862','213.4.174.45','8E','000000000000006E8E010000019F0B172CC000DE8E8439EB34CE5F003C003B15000000000010000700150500450100C80000EF0100F00033D20233D30A000500430FE8004400000046013000B5000B00B60006000300100000043401C100018381032000003127000127E800000000000000000000010000C6AB','TTK.NL.MAC.2026-06-27-19.jsonl','RDY',1782597605083),(463,'1a4f5e33-7cef-4c06-8f1e-ed3b55f73293','384332ef',2,1782601206985,'863238074948862','213.4.174.45','8E','000000000000006E8E010000019F0B4E1F2800DE8E8439EB34CE5F003C003B12000000000010000700150500450100C80000EF0100F00033D20333D30A000500430FE5004400000046013000B5000A00B60007000300100000043401C10001912A032000003127000127E8000000000000000000000100004DA2','TTK.NL.MAC.2026-06-27-20.jsonl','RDY',1782601207585),(465,'92e73814-93b4-4c0a-ab2d-42057b99546c','ed0ece01',2,1782604805471,'863238074948862','213.4.174.45','8E','000000000000006E8E010000019F0B85196000DE8E8439EB34CE5F003C003B11000000000010000700150500450100C80000EF0100F00033D20433D30A000500430FE5004400000046013500B5000A00B60008000300100000043401C100019ED3032000003127000127E8000000000000000000000100003AE6','TTK.NL.MAC.2026-06-27-21.jsonl','RDY',1782604806412),(467,'570cdd51-f5fc-4631-9deb-f0964b670c73','77ba9757',2,1782606939868,'863238074948862','213.4.174.45','8E','[BLOB]','TTK.NL.MAC.2026-06-27-21.jsonl','RDY',1782606941136),(470,'8f48fadc-0d2c-4a51-a70c-bd477ec6fe81','77ba9757',3,1782606940776,'863238074948862','213.4.174.45','8E','000000000000006E8E010000019F0BA73BA800DE8E8439EB34CE5F003C003B10000000EF0010000700EF0000150500450100C80000F00033D20433D30A000500430FE5004400000046013600B5000B00B60007000300100000043401C10001A752032000003127000127E8000000000000000000000100004214','TTK.NL.MAC.2026-06-27-21.jsonl','RDY',1782606943175),(474,'3304428d-a972-46af-8379-197d98db3611','c7d148c9',2,1782608405677,'863238074948862','213.4.174.45','8E','000000000000006E8E010000019F0BBC0BC800DE8E8439EB34CE5F003C003B0D000000000010000700150500450100C80000EF0000F00033D20533D30A000500430FE5004400000046013800B5000E00B6000C000300100000043401C10001A752032000003127000127E800000000000000000000010000C4F8','TTK.NL.MAC.2026-06-27-22.jsonl','RDY',1782608406701),(476,'f2367278-c633-456e-a1d2-dfd5d0bde33b','54501edd',2,1782608708784,'863238074948862','213.4.174.45','8E','[BLOB]','TTK.NL.MAC.2026-06-27-22.jsonl','RDY',1782608709832),(479,'1bf6419a-0e55-48a9-b6e2-dddf98b84638','54501edd',3,1782608709795,'863238074948862','213.4.174.45','8E','[BLOB]','TTK.NL.MAC.2026-06-27-22.jsonl','RDY',1782608711870),(483,'3522631e-c988-4e4e-a3c2-1af21d155450','54501edd',4,1782608723316,'863238074948862','213.4.174.45','8E','000000000000006E8E010000019F0BC26C9800DE8E8439EB34CE5F003C003B0F000000EF0010000700EF0100150500450100C80000F00033D20533D30A000500430FE5004400000046013A00B5000D00B6000B000300100000043401C10001A7540320000030D4000127E800000000000000000000010000E9AF','TTK.NL.MAC.2026-06-27-22.jsonl','RDY',1782608723996),(488,'38d96704-d317-459c-98c0-6e78ac56cdf3','54501edd',5,1782608724264,'863238074948862','213.4.174.45','8E','[BLOB]','TTK.NL.MAC.2026-06-27-22.jsonl','RDY',1782608726060),(489,'989c8fca-844f-4fc8-aa73-e3735cd4f5a2','54501edd',6,1782608725169,'863238074948862','213.4.174.45','8E','000000000000006E8E010000019F0BC27C3800DE8E8439EB34CE5F003C003B0F000000EF0010000700EF0000150500450100C80000F00033D20533D30A000500430FE8004400000046013B00B5000D00B6000B000300100000043401C10001A758032000003127000127E800000000000000000000010000655C','TTK.NL.MAC.2026-06-27-22.jsonl','RDY',1782608726066),(490,'9ad35704-b63e-4d44-aefa-51cd7978ebcb','54501edd',7,1782608730968,'863238074948862','213.4.174.45','8E','000000000000006E8E010000019F0BC2979000DE8E8439EB34CE5F003C003B0E000000EF0010000700EF0100150500450100C80000F00033D20533D30A000500430FE5004400000046013B00B5000E00B6000C000300100000043401C10001A7580320000030D4000127E8000000000000000000000100005EDC','TTK.NL.MAC.2026-06-27-22.jsonl','RDY',1782608732141),(491,'219ed580-2287-48e0-867b-6a9cb2d89264','54501edd',8,1782608731772,'863238074948862','213.4.174.45','8E','00000000000000718E010000019F0BC29B7801DE8E8439EB34CE5F003C003B0E000001660011000801660000150500450100C80000EF0100F00033D20533D30A000500430FE8004400000046013C00B5000E00B6000C000300100000043401C10001A759032000003127000127E800000000000000000000010000FF4A','TTK.NL.MAC.2026-06-27-22.jsonl','RDY',1782608734170),(492,'4252e265-5dc4-4d92-8965-45ec63a0b05e','54501edd',9,1782608732542,'863238074948862','213.4.174.45','8E','00000000000000718E010000019F0BC29F6001DE8E8439EB34CE5F003C003B0E000000FB0011000800FB0100150500450100C80000EF0100F00033D20533D30A000500430FE8004400000046013C00B5000E00B6000C000300100000043401C10001A759032000003127000127E800000000000000000000010000005B','TTK.NL.MAC.2026-06-27-22.jsonl','RDY',1782608734177),(493,'75867064-7e80-430c-a1de-c2811b06aa03','54501edd',10,1782608844275,'863238074948862','213.4.174.45','8E','00000000000000718E010000019F0BC454E001DE8E8439EB34CE5F003C003B0F000000FB0011000800FB0000150500450100C80000EF0100F00033D20533D30A000500430FE5004400000046013F00B5000D00B6000B000300100000043401C10001A7C6032000003127000127E800000000000000000000010000C828','TTK.NL.MAC.2026-06-27-22.jsonl','RDY',1782608844852),(494,'07c9da53-3021-44d6-86f1-583e08517ced','54501edd',11,1782608845180,'863238074948862','213.4.174.45','8E','00000000000000718E010000019F0BC454F401DE8E8439EB34CE5F003C003B0F000001660011000801660100150500450100C80000EF0000F00033D20533D30A000500430FE8004400000046013F00B5000D00B6000B000300100000043401C10001A7C6032000003127000127E80000000000000000000001000019D0','TTK.NL.MAC.2026-06-27-22.jsonl','RDY',1782608846890),(495,'6378546d-aa6b-43c5-ae18-b3a5ea575fa0','54501edd',12,1782608846000,'863238074948862','213.4.174.45','8E','000000000000006E8E010000019F0BC454EA00DE8E8439EB34CE5F003C003B0F000000EF0010000700EF0000150500450100C80000F00033D20533D30A000500430FE5004400000046013F00B5000D00B6000B000300100000043401C10001A7C6032000003127000127E800000000000000000000010000C777','TTK.NL.MAC.2026-06-27-22.jsonl','RDY',1782608846899),(496,'b283ce70-a23e-45d3-9cc5-80c11bd408fa','54501edd',13,1782608923057,'863238074948862','213.4.174.45','8E','[BLOB]','TTK.NL.MAC.2026-06-27-22.jsonl','RDY',1782608923653),(497,'c959dac7-6892-4aa8-b308-779de668dfad','54501edd',14,1782608925928,'863238074948862','213.4.174.45','8E','000000000000006E8E010000019F0BC58D6000DE8E8439EB34CE5F003C003B0F000000EF0010000700EF0100150500450100C80000F00033D20533D30A000500430FE5004400000046014000B5000C00B60009000300100000043401C10001A7C6032000003127000127E800000000000000000000010000D343','TTK.NL.MAC.2026-06-27-22.jsonl','RDY',1782608927707),(498,'60261c24-e177-410a-ba99-4788aea2fa5a','54501edd',15,1782608926740,'863238074948862','213.4.174.45','8E','[BLOB]','TTK.NL.MAC.2026-06-27-22.jsonl','RDY',1782608927717),(499,'714304b8-d93c-409e-8454-69e0eccab913','a2b7d55a',2,1782609743756,'863238074948862','213.4.174.45','8E','[BLOB]','TTK.NL.MAC.2026-06-27-22.jsonl','RDY',1782609745784),(500,'a9f75c94-5e22-4067-a4cd-1f5d830d48dd','a2b7d55a',3,1782609744570,'863238074948862','213.4.174.45','8E','[BLOB]','TTK.NL.MAC.2026-06-27-22.jsonl','RDY',1782609745793),(501,'17aab6a9-a469-40cc-88b8-90313c94c53d','a2b7d55a',4,1782609767545,'863238074948862','213.4.174.45','8E','000000000000006E8E010000019F0BD2667000DE8E77B4EB34C6E8002600D20F000700000010000700150500450100C80000EF0100F00133D20533D30A000500430FE8004400000046013D00B5000B00B60008000300100000045601C10001AAF7032000003127000127E800000000000000000000010000453C','TTK.NL.MAC.2026-06-27-22.jsonl','RDY',1782609768010),(502,'c3a0ef14-da02-4ff1-b1a8-f9b21e5a992a','a2b7d55a',5,1782609771359,'863238074948862','213.4.174.45','8E','000000000000006E8E010000019F0BD2761000DE8E76E5EB34C4BF002600C80F000800000010000700150500450100C80000EF0100F00133D20533D30A000500430FE8004400000046013D00B5000F00B60008000300100000045E01C10001AAFB032000003127000127E8000000000000000000000100002EF1','TTK.NL.MAC.2026-06-27-22.jsonl','RDY',1782609772052),(503,'2a5a0995-ca2b-430e-b75b-f10af76e8c1f','a2b7d55a',6,1782609802306,'863238074948862','213.4.174.45','8E','000000000000006E8E010000019F0BD2EF2800DE8E7975EB34C7CB0022000E14000200000010000700150500450100C80000EF0100F00133D20533D30A000500430FE8004400000046014300B5000900B60006000300100000046701C10001AB19032000003127000127E800000000000000000000010000FF6E','TTK.NL.MAC.2026-06-27-22.jsonl','RDY',1782609804341),(504,'34606d8c-ce36-4c60-a2df-e83a7a0b2ac4','a2b7d55a',7,1782609811662,'863238074948862','213.4.174.45','8E','000000000000006E8E010000019F0BD3163800DE8E79B7EB34C7B70022001513000000F00010000700F00000150500450100C80000EF0133D20533D30A000500430FE8004400000046014300B5000900B60006000300100000046701C10001AB23032000003127000127E800000000000000000000010000F1CD','TTK.NL.MAC.2026-06-27-22.jsonl','RDY',1782609812426),(505,'9aa6b6fe-e215-4572-bacd-799bfdb62c93','a2b7d55a',8,1782609812723,'863238074948862','213.4.174.45','8E','00000000000000718E010000019F0BD31A2001DE8E79B7EB34C7B70022001511000000FB0011000800FB0100150500450100C80000EF0100F00033D20533D30A000500430FE8004400000046014400B5000A00B60006000300100000046701C10001AB24032000003127000127E80000000000000000000001000043E9','TTK.NL.MAC.2026-06-27-22.jsonl','RDY',1782609814456),(506,'35413bb1-fce4-4489-bd37-1628318b0ed2','4e0a43c9',2,1782610169259,'863238074948862','213.4.174.45','8E','[BLOB]','TTK.NL.MAC.2026-06-27-22.jsonl','RDY',1782610170241),(507,'88d22a89-2291-4341-8b52-952297e947a5','4e0a43c9',3,1782610170126,'863238074948862','213.4.174.45','8E','[BLOB]','TTK.NL.MAC.2026-06-27-22.jsonl','RDY',1782610171772),(508,'49a2ce6c-bc78-48af-89d0-7e5376c4c438','4e0a43c9',4,1782610173966,'863238074948862','213.4.174.45','8E','[BLOB]','TTK.NL.MAC.2026-06-27-22.jsonl','RDY',1782610175834),(509,'b9a7aa3b-d240-4003-b762-2e4769da900a','4e0a43c9',5,1782610174784,'863238074948862','213.4.174.45','8E','[BLOB]','TTK.NL.MAC.2026-06-27-22.jsonl','RDY',1782610175849),(510,'83dff9f8-14c4-454a-b1f7-4a998ff87a19','4e0a43c9',6,1782610175706,'863238074948862','213.4.174.45','8E','[BLOB]','TTK.NL.MAC.2026-06-27-22.jsonl','RDY',1782610175868),(511,'688fed67-0f26-49c3-bb7e-18d50c4a912b','4e0a43c9',7,1782610176487,'863238074948862','213.4.174.45','8E','[BLOB]','TTK.NL.MAC.2026-06-27-22.jsonl','RDY',1782610177895),(512,'47bdf781-2e36-4a76-9830-9ab8a9411f53','4e0a43c9',8,1782610177242,'863238074948862','213.4.174.45','8E','[BLOB]','TTK.NL.MAC.2026-06-27-22.jsonl','RDY',1782610177903),(513,'1503ab0e-44a3-4e7d-a429-829ff90343c3','4e0a43c9',9,1782610178099,'863238074948862','213.4.174.45','8E','[BLOB]','TTK.NL.MAC.2026-06-27-22.jsonl','RDY',1782610179938),(514,'4e7776de-7333-43c7-825d-77089624a1e3','4e0a43c9',10,1782610211211,'863238074948862','213.4.174.45','8E','[BLOB]','TTK.NL.MAC.2026-06-27-22.jsonl','RDY',1782610212260),(515,'2efa200b-f35a-456e-a99d-12abd62276f4','4e0a43c9',11,1782610212057,'863238074948862','213.4.174.45','8E','[BLOB]','TTK.NL.MAC.2026-06-27-22.jsonl','RDY',1782610212269),(516,'d72b7753-95f8-4ece-b0d1-9ad67da99be9','4e0a43c9',12,1782610212850,'863238074948862','213.4.174.45','8E','[BLOB]','TTK.NL.MAC.2026-06-27-22.jsonl','RDY',1782610214298),(517,'8f0d1c7f-1fb0-4c0d-877f-cf921d23fd8e','4e0a43c9',13,1782610213669,'863238074948862','213.4.174.45','8E','[BLOB]','TTK.NL.MAC.2026-06-27-22.jsonl','RDY',1782610214307),(518,'a72304f9-4201-4b5a-b68d-232dfeaf9136','4e0a43c9',14,1782610271694,'863238074948862','213.4.174.45','8E','[BLOB]','TTK.NL.MAC.2026-06-27-22.jsonl','RDY',1782610272833),(519,'8012b60c-4ad6-49d2-8989-af851d0237d7','4e0a43c9',15,1782610272513,'863238074948862','213.4.174.45','8E','[BLOB]','TTK.NL.MAC.2026-06-27-22.jsonl','RDY',1782610272840),(520,'9fef61e3-2846-4579-b2d3-a2da1a29fb3a','4e0a43c9',16,1782610273270,'863238074948862','213.4.174.45','8E','[BLOB]','TTK.NL.MAC.2026-06-27-22.jsonl','RDY',1782610274866),(521,'af45453e-27f6-495d-900e-1bacdb82caf9','dc9874c3',2,1782618726135,'863238074948862','213.4.174.45','8E','[BLOB]','TTK.NL.MAC.2026-06-28-00.jsonl','RDY',1782618728147),(523,'3e5e6247-e7fb-41c9-84cc-8b99ec289ec5','605b7a5d',2,1782621126326,'863238074948862','213.4.174.45','8E','[BLOB]','TTK.NL.MAC.2026-06-28-01.jsonl','RDY',1782621128118),(525,'044c1d45-042c-4d31-bcc9-9117bd93e659','b374a5c2',2,1782624725616,'863238074948862','213.4.174.45','8E','[BLOB]','TTK.NL.MAC.2026-06-28-02.jsonl','RDY',1782624726993),(527,'62fc964f-477c-4aa5-bacd-35c5a2b64b5e','93104d98',2,1782628326408,'863238074948862','213.4.174.45','8E','[BLOB]','TTK.NL.MAC.2026-06-28-03.jsonl','RDY',1782628328607),(529,'bc0cfd14-5eef-43a7-a0ba-bebe7676e9d9','8e340a10',2,1782632885940,'863238074948862','213.4.174.45','8E','[BLOB]','TTK.NL.MAC.2026-06-28-04.jsonl','RDY',1782632886572),(531,'444f5eb9-59e7-483c-8c79-6d845b61f16b','107d39ce',2,1782639366488,'863238074948862','213.4.174.45','8E','[BLOB]','TTK.NL.MAC.2026-06-28-06.jsonl','RDY',1782640322228),(533,'d0d49fda-6641-481b-9eb8-1a716892a113','719451bf',2,1782644406217,'863238074948862','213.4.174.45','8E','[BLOB]','TTK.NL.MAC.2026-06-28-08.jsonl','RDY',1782644408319),(536,'8730d13c-bffd-47c3-861b-734524c05849','04fae613',2,1782646448427,'863238074948862','213.4.174.45','8E','[BLOB]','TTK.NL.MAC.2026-06-28-08.jsonl','RDY',1782646450236),(539,'4d5b4188-d812-47d5-ac32-8e44c5ce45ab','a775db3d',2,1782650165669,'863238074948862','213.4.174.45','8E','[BLOB]','TTK.NL.MAC.2026-06-28-09.jsonl','RDY',1782650166279),(541,'ff351d2e-a7d1-40bd-b618-9d430b15a657','e648d8a3',2,1782653885741,'863238074948862','213.4.174.45','8E','[BLOB]','TTK.NL.MAC.2026-06-28-10.jsonl','RDY',1782653887431),(543,'4377ada9-c293-42e9-99c4-869743da5101','a01bf4de',2,1782657125675,'863238074948862','213.4.174.45','8E','[BLOB]','TTK.NL.MAC.2026-06-28-11.jsonl','RDY',1782657127316),(545,'8a41efb1-063b-46d7-914d-3776383aac25','0fd3d818',2,1782657812427,'863238074948862','213.4.174.45','8E','[BLOB]','TTK.NL.MAC.2026-06-28-11.jsonl','RDY',1782657812755),(548,'eb82d434-eeef-4cfb-9c19-897d545d79d2','0fd3d818',3,1782657813308,'863238074948862','213.4.174.45','8E','[BLOB]','TTK.NL.MAC.2026-06-28-11.jsonl','RDY',1782657814804),(552,'3ccb7f2f-ef88-4911-909c-1d49baab477a','0fd3d818',4,1782657869328,'863238074948862','213.4.174.45','8E','[BLOB]','TTK.NL.MAC.2026-06-28-11.jsonl','RDY',1782657871758),(553,'67abde0e-8184-46d7-8844-57394d2c1a43','0fd3d818',5,1782657870455,'863238074948862','213.4.174.45','8E','[BLOB]','TTK.NL.MAC.2026-06-28-11.jsonl','RDY',1782657871769),(559,'c02e3fbe-eb20-4246-a277-5535c3dbe2e1','0fd3d818',6,1782657871710,'863238074948862','213.4.174.45','8E','[BLOB]','TTK.NL.MAC.2026-06-28-11.jsonl','RDY',1782657873804),(560,'61414295-87b6-4922-928b-1ef0781b01cc','66c85800',2,1782661565878,'863238074948862','213.4.174.45','8E','[BLOB]','TTK.NL.MAC.2026-06-28-12.jsonl','RDY',1782661566968),(562,'a16a0b13-35bf-40a3-bc54-5c4a931bf91c','b9aa7832',2,1782666951268,'863238074948862','213.4.174.45','8E','[BLOB]','TTK.NL.MAC.2026-06-28-14.jsonl','RDY',1782666952075),(564,'3228ddc0-8e28-4a6a-ad7e-aca8cd7e18c2','b9aa7832',3,1782666952272,'863238074948862','213.4.174.45','8E','[BLOB]','TTK.NL.MAC.2026-06-28-14.jsonl','RDY',1782666954134),(567,'26213abe-d5ec-4c12-8f89-fda4e198ed87','e9c15ae6',2,1782672486687,'863238074948862','213.4.174.45','8E','[BLOB]','TTK.NL.MAC.2026-06-28-15.jsonl','RDY',1782672487294),(569,'7a224080-0f08-4d0c-ab44-bf90040784b9','ad833c77',2,1782675125660,'863238074948862','213.4.174.45','8E','[BLOB]','TTK.NL.MAC.2026-06-28-16.jsonl','RDY',1782675127882),(571,'378c0050-73a7-4286-be8e-47b85d4dcbd0','636dd12b',2,1782677646138,'863238074948862','213.4.174.45','8E','[BLOB]','TTK.NL.MAC.2026-06-28-17.jsonl','RDY',1782677646421),(573,'a0cceadd-582a-4fcd-85ef-42f6042a2916','23e3fe00',2,1782681966220,'863238074948862','213.4.174.45','8E','[BLOB]','TTK.NL.MAC.2026-06-28-18.jsonl','RDY',1782681967444),(575,'03445922-ad79-4cf2-9c73-d8a84d55b751','f33b88a9',2,1782684846483,'863238074948862','213.4.174.45','8E','[BLOB]','TTK.NL.MAC.2026-06-28-19.jsonl','RDY',1782684847508),(577,'ff090a3a-9534-4257-8221-7a17c8c95978','01dd98af',2,1782688446320,'863238074948862','213.4.174.45','8E','[BLOB]','TTK.NL.MAC.2026-06-28-20.jsonl','RDY',1782688448035),(579,'5f7f1cf1-39c4-4378-be84-d5f5d6d9e1bf','fb997714',2,1782690843570,'863238074948862','213.4.174.45','8E','[BLOB]','TTK.NL.MAC.2026-06-28-20.jsonl','RDY',1782690844415),(582,'35828e6a-2511-45ab-981f-cab0f485df77','fb997714',3,1782690844471,'863238074948862','213.4.174.45','8E','[BLOB]','TTK.NL.MAC.2026-06-28-20.jsonl','RDY',1782690846453),(586,'7fcf5648-55a2-4b01-b702-e68f94f3dd4a','fb997714',4,1782690900350,'863238074948862','213.4.174.45','8E','[BLOB]','TTK.NL.MAC.2026-06-28-20.jsonl','RDY',1782690900918),(591,'d6c6617d-dfa8-406e-971f-eeca88fa5477','fb997714',5,1782690901550,'863238074948862','213.4.174.45','8E','[BLOB]','TTK.NL.MAC.2026-06-28-20.jsonl','RDY',1782690902950),(597,'0d7f4373-3612-4cd4-9f22-cb489b8a84fd','061ae568',2,1782694566962,'863238074948862','213.4.174.45','8E','[BLOB]','TTK.NL.MAC.2026-06-28-21.jsonl','RDY',1782694568090),(599,'4b905044-81bb-45ad-b1aa-8e99db0f270c','42dd1532',2,1782698166167,'863238074948862','213.4.174.45','8E','[BLOB]','TTK.NL.MAC.2026-06-28-22.jsonl','RDY',1782698168190),(601,'fd4f0557-44d9-4de2-a53d-decd21bca963','6a89fe51',2,1782702485977,'863238074948862','213.4.174.45','8E','[BLOB]','TTK.NL.MAC.2026-06-29-00.jsonl','RDY',1782702486513),(603,'979e3e5b-739f-4589-aa5e-c66cc259b951','1d7cd926',2,1782705365650,'863238074948862','213.4.174.45','8E','[BLOB]','TTK.NL.MAC.2026-06-29-00.jsonl','RDY',1782705366623),(606,'e7f1e028-54f8-4c42-ae14-8eac74cf19e0','9d82ca17',2,1782708966243,'863238074948862','213.4.174.45','8E','[BLOB]','TTK.NL.MAC.2026-06-29-01.jsonl','RDY',1782708967954),(608,'d6d30db8-7962-497a-989c-f8b831f15352','3ec02002',2,1782713286362,'863238074948862','213.4.174.45','8E','[BLOB]','TTK.NL.MAC.2026-06-29-03.jsonl','RDY',1782713287537),(610,'d353eafd-157b-4c26-8b28-d2e509079638','f5b6efbb',2,1782717846339,'863238074948862','213.4.174.45','8E','[BLOB]','TTK.NL.MAC.2026-06-29-04.jsonl','RDY',1782717848702),(613,'2d665121-c73d-4c85-95e7-b9eaff0b699b','bc7f4853',2,1782719765711,'863238074948862','213.4.174.45','8E','[BLOB]','TTK.NL.MAC.2026-06-29-04.jsonl','RDY',1782719767929),(616,'be6c46c8-ffd9-4b9f-b506-4c5dac5ec132','f01c8413',2,1782723366297,'863238074948862','213.4.174.45','8E','[BLOB]','TTK.NL.MAC.2026-06-29-05.jsonl','RDY',1782723367485),(618,'b690259b-5871-4324-8f32-483c8b0a6412','c7f152fe',2,1782727925444,'863238074948862','213.4.174.45','8E','[BLOB]','TTK.NL.MAC.2026-06-29-07.jsonl','RDY',1782727927793),(621,'2dabd445-7e06-418f-b9df-cec1765c5d88','7ec333d7',2,1782730566499,'863238074948862','213.4.174.45','8E','[BLOB]','TTK.NL.MAC.2026-06-29-07.jsonl','RDY',1782730568885),(624,'19d409ff-e916-4132-b05b-a3fefdc76f2f','948a5459',2,1782734165725,'863238074948862','213.4.174.45','8E','[BLOB]','TTK.NL.MAC.2026-06-29-08.jsonl','RDY',1782734166905),(626,'9165be53-c570-4934-9d31-9976ef745b9c','52497df5',2,1782737766322,'863238074948862','213.4.174.45','8E','[BLOB]','TTK.NL.MAC.2026-06-29-09.jsonl','RDY',1782737766939),(628,'c104faff-2491-4c52-9845-a74e3badc89b','45f50c98',2,1782740129329,'863238074948862','213.4.174.45','8E','[BLOB]','TTK.NL.MAC.2026-06-29-10.jsonl','RDY',1782740129683),(630,'174e2753-58d8-47a0-986d-6f076d55e7f7','45f50c98',3,1782740130105,'863238074948862','213.4.174.45','8E','[BLOB]','TTK.NL.MAC.2026-06-29-10.jsonl','RDY',1782740131737),(633,'ef3d5000-5102-400d-985b-41186845edb6','f64efb4e',2,1782741367144,'863238074948862','213.4.174.45','8E','[BLOB]','TTK.NL.MAC.2026-06-29-10.jsonl','RDY',1782741368431),(637,'64f630a6-e1ec-4985-a4c3-622ea32165f3','55354452',2,1782744966538,'863238074948862','213.4.174.45','8E','[BLOB]','TTK.NL.MAC.2026-06-29-11.jsonl','RDY',1782744967882),(639,'e7087d22-392b-4354-ad8f-459c746f4559','6b33a3d0',2,1782745525523,'863238074948862','213.4.174.45','8E','[BLOB]','TTK.NL.MAC.2026-06-29-12.jsonl','RDY',1782745527816),(640,'2fba370f-244d-4cd6-a84c-20ed21767fdb','6b33a3d0',3,1782745526314,'863238074948862','213.4.174.45','8E','[BLOB]','TTK.NL.MAC.2026-06-29-12.jsonl','RDY',1782745527841),(645,'2daf86ad-b031-433d-ab01-0d8fe883c1d2','544873ac',2,1782748566171,'863238074948862','213.4.174.45','8E','[BLOB]','TTK.NL.MAC.2026-06-29-12.jsonl','RDY',1782748567935),(649,'2bc1aa29-7555-4001-9288-fa6245fbf981','64826a1d',2,1782749002360,'863238074948862','213.4.174.45','8E','[BLOB]','TTK.NL.MAC.2026-06-29-13.jsonl','RDY',1782749003211),(651,'9619342d-75ff-4f90-90a2-e4e6fdf1667f','64826a1d',3,1782749003204,'863238074948862','213.4.174.45','8E','[BLOB]','TTK.NL.MAC.2026-06-29-13.jsonl','RDY',1782749004749),(654,'d0c544a8-8076-4a1a-9625-26060c6653c6','64826a1d',4,1782749058452,'863238074948862','213.4.174.45','8E','[BLOB]','TTK.NL.MAC.2026-06-29-13.jsonl','RDY',1782749059683),(658,'bc7e7297-ad27-4220-b6a5-272f7d25271b','64826a1d',5,1782749060227,'863238074948862','213.4.174.45','8E','[BLOB]','TTK.NL.MAC.2026-06-29-13.jsonl','RDY',1782749061713),(663,'82592ddf-818d-4f1f-b8f0-ca7e588ac615','64826a1d',6,1782749125251,'863238074948862','213.4.174.45','8E','[BLOB]','TTK.NL.MAC.2026-06-29-13.jsonl','RDY',1782749126171),(669,'5a9b0143-8e1c-4ca6-abdb-f29abc101111','64826a1d',7,1782749126040,'863238074948862','213.4.174.45','8E','[BLOB]','TTK.NL.MAC.2026-06-29-13.jsonl','RDY',1782749128189),(670,'3235e14d-2f01-4bfe-b425-ea29dfda458a','64826a1d',8,1782749126826,'863238074948862','213.4.174.45','8E','[BLOB]','TTK.NL.MAC.2026-06-29-13.jsonl','RDY',1782749128213),(671,'f837804e-a004-4936-a1d6-224339583602','64826a1d',9,1782749185793,'863238074948862','213.4.174.45','8E','[BLOB]','TTK.NL.MAC.2026-06-29-13.jsonl','RDY',1782749186588),(672,'43f7375a-e5dd-41e8-8f33-80987ee29cb5','64826a1d',10,1782749191254,'863238074948862','213.4.174.45','8E','[BLOB]','TTK.NL.MAC.2026-06-29-13.jsonl','RDY',1782749192647),(673,'b8625d15-87ed-4a8a-bc7c-a6cb9978af6c','64826a1d',11,1782749192813,'863238074948862','213.4.174.45','8E','[BLOB]','TTK.NL.MAC.2026-06-29-13.jsonl','RDY',1782749194676),(674,'1948ee92-fa3b-42c2-9410-b1c753a54067','7aa93e88',2,1782753125994,'863238074948862','213.4.174.45','8E','[BLOB]','TTK.NL.MAC.2026-06-29-14.jsonl','RDY',1782753126609),(676,'17090a4d-6916-4640-a046-17404437f05e','7e1a2f95',2,1782756487059,'863238074948862','213.4.174.45','8E','[BLOB]','TTK.NL.MAC.2026-06-29-15.jsonl','RDY',1782756489436),(679,'56a853bf-996c-4349-8065-aa187cdbb65c','6a8f3855',2,1782757144874,'863238074948862','213.4.174.45','8E','[BLOB]','TTK.NL.MAC.2026-06-29-15.jsonl','RDY',1782757146359),(680,'89402821-fa2e-4785-b092-579c05edd20c','6a8f3855',3,1782757146051,'863238074948862','213.4.174.45','8E','[BLOB]','TTK.NL.MAC.2026-06-29-15.jsonl','RDY',1782757146368),(684,'c9b3c0bd-f78a-4f06-99b4-1eb9aa0649cb','6a8f3855',4,1782757146855,'863238074948862','213.4.174.45','8E','[BLOB]','TTK.NL.MAC.2026-06-29-15.jsonl','RDY',1782757148395),(685,'0810415e-40eb-467c-b551-dc611b61b2a1','6a8f3855',5,1782757147691,'863238074948862','213.4.174.45','8E','[BLOB]','TTK.NL.MAC.2026-06-29-15.jsonl','RDY',1782757148404),(691,'a118789d-9390-41a0-b523-ee5121ba2400','fda6bea7',2,1782760086201,'863238074948862','213.4.174.45','8E','[BLOB]','TTK.NL.MAC.2026-06-29-16.jsonl','RDY',1782760087643),(694,'245b98b7-69c1-4c98-806a-428a364d11fc','9c5efdba',2,1782760593877,'863238074948862','213.4.174.45','8E','[BLOB]','TTK.NL.MAC.2026-06-29-16.jsonl','RDY',1782760595814),(695,'a9fec8a2-42e0-48cb-974e-4823d1776b02','9c5efdba',3,1782760594767,'863238074948862','213.4.174.45','8E','[BLOB]','TTK.NL.MAC.2026-06-29-16.jsonl','RDY',1782760595842),(699,'48da1fee-d1c7-4316-ba90-6e0bbf433e04','9c5efdba',4,1782760651681,'863238074948862','213.4.174.45','8E','[BLOB]','TTK.NL.MAC.2026-06-29-16.jsonl','RDY',1782760652351),(704,'7bcac030-405c-4eaf-868d-285747052bc5','9c5efdba',5,1782760653397,'863238074948862','213.4.174.45','8E','[BLOB]','TTK.NL.MAC.2026-06-29-16.jsonl','RDY',1782760654385),(705,'e9ae9a3c-6313-4d3c-b09b-587ea97c3493','9c5efdba',6,1782760654308,'863238074948862','213.4.174.45','8E','[BLOB]','TTK.NL.MAC.2026-06-29-16.jsonl','RDY',1782760654402),(706,'04ce0646-60b4-446b-a41f-5346504e7da1','9c5efdba',7,1782760742098,'863238074948862','213.4.174.45','8E','[BLOB]','TTK.NL.MAC.2026-06-29-16.jsonl','RDY',1782760743572),(707,'79fd1bd0-9c83-462b-b5f5-9c0946a6460c','9c5efdba',8,1782760743815,'863238074948862','213.4.174.45','8E','[BLOB]','TTK.NL.MAC.2026-06-29-16.jsonl','RDY',1782760745599),(708,'d6e6e54d-a280-4b02-8978-ef7fe1dbfca4','9c5efdba',9,1782760744605,'863238074948862','213.4.174.45','8E','[BLOB]','TTK.NL.MAC.2026-06-29-16.jsonl','RDY',1782760745612),(709,'35f31b5d-538a-43c4-8b4a-d6b583e8765d','9c5efdba',10,1782760753402,'863238074948862','213.4.174.45','8E','[BLOB]','TTK.NL.MAC.2026-06-29-16.jsonl','RDY',1782760755795),(710,'3b79ed93-8040-4efa-9330-da47bd7b19c5','9c5efdba',11,1782760779346,'863238074948862','213.4.174.45','8E','[BLOB]','TTK.NL.MAC.2026-06-29-16.jsonl','RDY',1782760780009),(711,'709073d5-62fc-4484-98fc-b3e7b24c61d3','9c5efdba',12,1782760802603,'863238074948862','213.4.174.45','8E','[BLOB]','TTK.NL.MAC.2026-06-29-16.jsonl','RDY',1782760804261),(712,'14877906-3db7-43a2-b113-81f8cd6a96e5','9c5efdba',13,1782760807782,'863238074948862','213.4.174.45','8E','[BLOB]','TTK.NL.MAC.2026-06-29-16.jsonl','RDY',1782760808295),(713,'07e2781f-b9b2-4b74-acf7-8eb379ae3299','9c5efdba',14,1782760808838,'863238074948862','213.4.174.45','8E','[BLOB]','TTK.NL.MAC.2026-06-29-16.jsonl','RDY',1782760810316),(714,'40f13180-644a-4def-8e4c-9623be12faa2','06bdf368',2,1782761214436,'863238074948862','213.4.174.45','8E','[BLOB]','TTK.NL.MAC.2026-06-29-16.jsonl','RDY',1782761215147),(715,'919d484b-16c8-453b-a172-6f5451b5802d','06bdf368',3,1782761215588,'863238074948862','213.4.174.45','8E','[BLOB]','TTK.NL.MAC.2026-06-29-16.jsonl','RDY',1782761216684),(716,'006668a3-09b9-4551-81d9-39067cdd67c4','06bdf368',4,1782761216422,'863238074948862','213.4.174.45','8E','[BLOB]','TTK.NL.MAC.2026-06-29-16.jsonl','RDY',1782761216695),(717,'009d087c-ab07-4e06-8799-9bf788e4f2d4','06bdf368',5,1782761217270,'863238074948862','213.4.174.45','8E','[BLOB]','TTK.NL.MAC.2026-06-29-16.jsonl','RDY',1782761218825),(718,'181af0c9-9b56-47dc-b530-3b79731cf97d','06bdf368',6,1782761218190,'863238074948862','213.4.174.45','8E','[BLOB]','TTK.NL.MAC.2026-06-29-16.jsonl','RDY',1782761218841),(719,'59b08ceb-0d0b-46c5-b6dd-ef92f7394df5','06bdf368',7,1782761218970,'863238074948862','213.4.174.45','8E','[BLOB]','TTK.NL.MAC.2026-06-29-16.jsonl','RDY',1782761220856),(720,'c7290755-12e9-4e4b-a460-fd76697b27a9','06bdf368',8,1782761270084,'863238074948862','213.4.174.45','8E','[BLOB]','TTK.NL.MAC.2026-06-29-16.jsonl','RDY',1782761271245),(721,'fbba4075-a8f8-4eec-8bf0-8aa683c03ce0','06bdf368',9,1782761279699,'863238074948862','213.4.174.45','8E','[BLOB]','TTK.NL.MAC.2026-06-29-16.jsonl','RDY',1782761281356),(722,'e98733b0-788f-4e2c-a47a-42fbfa5d3d19','06bdf368',10,1782761281440,'863238074948862','213.4.174.45','8E','[BLOB]','TTK.NL.MAC.2026-06-29-16.jsonl','RDY',1782761283377),(723,'bc700a18-4748-478d-b289-91ae9f3e213f','ecaecdad',2,1782761475364,'863238074948862','213.4.174.45','8E','[BLOB]','TTK.NL.MAC.2026-06-29-16.jsonl','RDY',1782761477713),(724,'a71b2b03-154a-4b24-9163-e4009fbd960f','ecaecdad',3,1782761476852,'863238074948862','213.4.174.45','8E','[BLOB]','TTK.NL.MAC.2026-06-29-16.jsonl','RDY',1782761477793),(725,'c36ca9d2-187a-4e97-91d2-7ce27e4ff6bd','ecaecdad',4,1782761478828,'863238074948862','213.4.174.45','8E','[BLOB]','TTK.NL.MAC.2026-06-29-16.jsonl','RDY',1782761479876),(726,'ba5800f5-b9fa-4817-b149-d85ef91fc2a3','ecaecdad',5,1782761479684,'863238074948862','213.4.174.45','8E','[BLOB]','TTK.NL.MAC.2026-06-29-16.jsonl','RDY',1782761481427),(727,'3e9247e5-fa99-4528-96bd-9296cce359f2','ecaecdad',6,1782761480498,'863238074948862','213.4.174.45','8E','[BLOB]','TTK.NL.MAC.2026-06-29-16.jsonl','RDY',1782761481450),(728,'9aa1fe9d-1648-421b-b99d-0c0610db77ce','ecaecdad',7,1782761481418,'863238074948862','213.4.174.45','8E','[BLOB]','TTK.NL.MAC.2026-06-29-16.jsonl','RDY',1782761483477),(729,'b4e74c09-97d7-4fa0-b1cd-fbf7c96640f6','ecaecdad',8,1782761483348,'863238074948862','213.4.174.45','8E','[BLOB]','TTK.NL.MAC.2026-06-29-16.jsonl','RDY',1782761483485),(730,'2941cf6d-ef17-4d60-a73f-69fc1bfeea01','ecaecdad',9,1782761484118,'863238074948862','213.4.174.45','8E','[BLOB]','TTK.NL.MAC.2026-06-29-16.jsonl','RDY',1782761485521),(731,'f909b67b-04cf-49e1-9204-0026457c3f97','ecaecdad',10,1782761534087,'863238074948862','213.4.174.45','8E','[BLOB]','TTK.NL.MAC.2026-06-29-16.jsonl','RDY',1782761535930),(732,'2f794871-9bda-4d6b-8715-412127064fd1','ecaecdad',11,1782761536472,'863238074948862','213.4.174.45','8E','[BLOB]','TTK.NL.MAC.2026-06-29-16.jsonl','RDY',1782761537953),(733,'21d8d25f-de26-475e-a36f-7408c56065b1','721d83fd',2,1782761681024,'863238074948862','213.4.174.45','8E','[BLOB]','TTK.NL.MAC.2026-06-29-16.jsonl','RDY',1782761681511),(734,'d72b14bf-2766-436d-a46e-9ddb09dd4dd1','721d83fd',3,1782761681879,'863238074948862','213.4.174.45','8E','[BLOB]','TTK.NL.MAC.2026-06-29-16.jsonl','RDY',1782761683544),(735,'ad2ce475-4d68-40b4-a274-99da060e8adc','721d83fd',4,1782761683274,'863238074948862','213.4.174.45','8E','[BLOB]','TTK.NL.MAC.2026-06-29-16.jsonl','RDY',1782761683553),(736,'e76db90f-5897-42ab-8361-a1a448f60a12','721d83fd',5,1782761684081,'863238074948862','213.4.174.45','8E','[BLOB]','TTK.NL.MAC.2026-06-29-16.jsonl','RDY',1782761685585),(737,'64563c5d-8177-4720-b3f2-191b8b03e756','721d83fd',6,1782761684859,'863238074948862','213.4.174.45','8E','[BLOB]','TTK.NL.MAC.2026-06-29-16.jsonl','RDY',1782761685593),(738,'45cd69e2-c656-48ea-99d1-9f21890b131c','f1b5bfd4',2,1782765246292,'863238074948862','213.4.174.45','8E','[BLOB]','TTK.NL.MAC.2026-06-29-17.jsonl','RDY',1782765247323),(740,'a6429113-01ac-4d87-8d60-7473993c9435','72ee3c76',2,1782768846086,'863238074948862','213.4.174.45','8E','[BLOB]','TTK.NL.MAC.2026-06-29-18.jsonl','RDY',1782768846695),(742,'7003fa42-1d91-4435-a80f-b8cf2760d599','b12e1a47',2,1782772445700,'863238074948862','213.4.174.45','8E','[BLOB]','TTK.NL.MAC.2026-06-29-19.jsonl','RDY',1782772447718),(744,'1d4c4225-e941-4e94-8536-c9d78de0eb4a','7c785f4a',2,1782774562823,'863238074948862','213.4.174.45','8E','[BLOB]','TTK.NL.MAC.2026-06-29-20.jsonl','RDY',1782774564617),(745,'c094c2ee-d3bb-4d32-b4e2-8b54540b079e','7c785f4a',3,1782774563609,'863238074948862','213.4.174.45','8E','[BLOB]','TTK.NL.MAC.2026-06-29-20.jsonl','RDY',1782774564625),(748,'aca071b5-ba28-4d47-a743-cffcebbe8d38','7c785f4a',4,1782774566771,'863238074948862','213.4.174.45','8E','[BLOB]','TTK.NL.MAC.2026-06-29-20.jsonl','RDY',1782774568658),(749,'7b128588-a50d-4ee3-83fa-efb5de52f7f7','7c785f4a',5,1782774567572,'863238074948862','213.4.174.45','8E','[BLOB]','TTK.NL.MAC.2026-06-29-20.jsonl','RDY',1782774568675),(754,'a3ea639b-ffda-4849-9160-3ec2036a0bb7','7c785f4a',6,1782774584642,'863238074948862','213.4.174.45','8E','[BLOB]','TTK.NL.MAC.2026-06-29-20.jsonl','RDY',1782774586808),(755,'95d298d2-0a09-4e43-b09f-68ce1fbea9ae','7c785f4a',7,1782774585523,'863238074948862','213.4.174.45','8E','[BLOB]','TTK.NL.MAC.2026-06-29-20.jsonl','RDY',1782774586845),(756,'0242fcdf-2da9-4070-9a9b-9a58d63c7b1a','7c785f4a',8,1782774586361,'863238074948862','213.4.174.45','8E','[BLOB]','TTK.NL.MAC.2026-06-29-20.jsonl','RDY',1782774586856),(757,'7efa64c8-866e-4506-a7e1-f645925e9a6f','7c785f4a',9,1782774587221,'863238074948862','213.4.174.45','8E','[BLOB]','TTK.NL.MAC.2026-06-29-20.jsonl','RDY',1782774588892),(758,'932f3d20-8cf3-414f-acf1-3b7d52052b65','7c785f4a',10,1782774588059,'863238074948862','213.4.174.45','8E','[BLOB]','TTK.NL.MAC.2026-06-29-20.jsonl','RDY',1782774588912),(759,'9d83b5da-6778-413c-8df1-a944836f33ca','7c785f4a',11,1782774589024,'863238074948862','213.4.174.45','8E','[BLOB]','TTK.NL.MAC.2026-06-29-20.jsonl','RDY',1782774590936),(760,'b23924b5-fc18-4979-ac88-ba78f88dd847','5faadc60',2,1782779383274,'863238074948862','213.4.174.45','8E','[BLOB]','TTK.NL.MAC.2026-06-29-21.jsonl','RDY',1782779384086),(762,'d874b7dc-31d6-4477-b9f4-8279ca084e04','747761e9',2,1782781944855,'863238074948862','213.4.174.45','8E','[BLOB]','TTK.NL.MAC.2026-06-29-22.jsonl','RDY',1782781945529),(764,'8de83ede-c14b-48b3-adac-1ca82b6fe23b','747761e9',3,1782781946028,'863238074948862','213.4.174.45','8E','[BLOB]','TTK.NL.MAC.2026-06-29-22.jsonl','RDY',1782781947546),(767,'ff9b731f-d9c3-4291-a10e-3b85205c06ce','f7b6e87e',2,1782784161401,'863238074948862','213.4.174.45','8E','[BLOB]','TTK.NL.MAC.2026-06-29-22.jsonl','RDY',1782784162802),(768,'cdfd2cd3-fc4e-486e-a8a7-0b6132ad5084','f7b6e87e',3,1782784162259,'863238074948862','213.4.174.45','8E','[BLOB]','TTK.NL.MAC.2026-06-29-22.jsonl','RDY',1782784162809),(769,'d5058b13-d6d9-4ac4-8486-ecbe47cc43bc','f7b6e87e',4,1782784166193,'863238074948862','213.4.174.45','8E','[BLOB]','TTK.NL.MAC.2026-06-29-22.jsonl','RDY',1782784166832),(770,'19f2b26c-ac11-4cab-af0b-5cb28c1a66da','f7b6e87e',5,1782784166981,'863238074948862','213.4.174.45','8E','[BLOB]','TTK.NL.MAC.2026-06-29-22.jsonl','RDY',1782784168857),(771,'493a79ed-8d3f-4162-9faa-d8fbd58c424b','f7b6e87e',6,1782784174500,'863238074948862','213.4.174.45','8E','[BLOB]','TTK.NL.MAC.2026-06-29-22.jsonl','RDY',1782784176915),(772,'eadc54e0-27be-4aac-92f3-c9b5fc8522bb','f7b6e87e',7,1782784175316,'863238074948862','213.4.174.45','8E','[BLOB]','TTK.NL.MAC.2026-06-29-22.jsonl','RDY',1782784176975),(773,'77feec1f-f397-4bb2-aa50-04b333af2540','f7b6e87e',8,1782784178762,'863238074948862','213.4.174.45','8E','[BLOB]','TTK.NL.MAC.2026-06-29-22.jsonl','RDY',1782784181007),(774,'be023cdf-6bb5-4756-a70d-d8cf4d256c7a','f7b6e87e',9,1782784179580,'863238074948862','213.4.174.45','8E','[BLOB]','TTK.NL.MAC.2026-06-29-22.jsonl','RDY',1782784181016),(775,'75a0de3e-5ced-4279-80f5-819b75683258','f7b6e87e',10,1782784182135,'863238074948862','213.4.174.45','8E','[BLOB]','TTK.NL.MAC.2026-06-29-22.jsonl','RDY',1782784183044),(776,'eec82f3d-86b0-4dee-98cb-4c24ebf85a6b','f7b6e87e',11,1782784184197,'863238074948862','213.4.174.45','8E','[BLOB]','TTK.NL.MAC.2026-06-29-22.jsonl','RDY',1782784185062),(777,'e805451b-392a-4ee2-8b0a-2fe8527d97a8','f7b6e87e',12,1782784186061,'863238074948862','213.4.174.45','8E','[BLOB]','TTK.NL.MAC.2026-06-29-22.jsonl','RDY',1782784187084),(778,'83fa08a9-6359-4270-874b-77ee8dde678c','f7b6e87e',13,1782784187856,'863238074948862','213.4.174.45','8E','[BLOB]','TTK.NL.MAC.2026-06-29-22.jsonl','RDY',1782784189110),(779,'3a06f001-7cde-43a6-9332-8a675d97100d','f7b6e87e',14,1782784188634,'863238074948862','213.4.174.45','8E','[BLOB]','TTK.NL.MAC.2026-06-29-22.jsonl','RDY',1782784189126),(780,'9a2b3dc3-7227-4831-822b-ffe123d50830','f7b6e87e',15,1782784189396,'863238074948862','213.4.174.45','8E','[BLOB]','TTK.NL.MAC.2026-06-29-22.jsonl','RDY',1782784191150),(781,'83230062-d3d6-44a8-9461-3c89e741a1ba','f7b6e87e',16,1782784190167,'863238074948862','213.4.174.45','8E','[BLOB]','TTK.NL.MAC.2026-06-29-22.jsonl','RDY',1782784191161),(782,'fa851b58-c5b8-47d2-a15d-f6aa5ba3ed9b','f7b6e87e',17,1782784190929,'863238074948862','213.4.174.45','8E','[BLOB]','TTK.NL.MAC.2026-06-29-22.jsonl','RDY',1782784193199),(783,'e98f09cd-71cf-4550-a2ba-8f7768daa725','f7b6e87e',18,1782784191772,'863238074948862','213.4.174.45','8E','[BLOB]','TTK.NL.MAC.2026-06-29-22.jsonl','RDY',1782784193214),(784,'f4daa968-6eaa-4b8e-8d3b-026610c114f3','f7b6e87e',19,1782784192555,'863238074948862','213.4.174.45','8E','[BLOB]','TTK.NL.MAC.2026-06-29-22.jsonl','RDY',1782784193221),(785,'eee4a227-fedb-47e5-b8a5-c0a8bde868b9','f7b6e87e',20,1782784193418,'863238074948862','213.4.174.45','8E','[BLOB]','TTK.NL.MAC.2026-06-29-22.jsonl','RDY',1782784195237),(786,'9b0cfa5c-4854-4884-ab21-f68ed2e40f02','f7b6e87e',21,1782784194174,'863238074948862','213.4.174.45','8E','[BLOB]','TTK.NL.MAC.2026-06-29-22.jsonl','RDY',1782784195244),(787,'a7245ee6-a8e5-4058-9977-12b13decc587','f7b6e87e',22,1782784220031,'863238074948862','213.4.174.45','8E','[BLOB]','TTK.NL.MAC.2026-06-29-22.jsonl','RDY',1782784221437),(788,'f2d5a07c-e9c5-4fea-bcc0-27183da41de4','2c1f613d',2,1782787056733,'863238074948862','176.83.217.155','8E','[BLOB]','TTK.NL.MAC.2026-06-29-23.jsonl','RDY',1782787058492),(789,'a5e6fc13-f244-4c21-a9f1-e9a3a9126271','2c1f613d',3,1782787057631,'863238074948862','176.83.217.155','8E','[BLOB]','TTK.NL.MAC.2026-06-29-23.jsonl','RDY',1782787058520),(792,'a36f6105-ce8c-405f-8f19-d4927cd5c701','dde2806f',2,1782790662770,'863238074948862','176.83.217.155','8E','[BLOB]','TTK.NL.MAC.2026-06-30-00.jsonl','RDY',1782790664433),(794,'171cc441-5dd3-461f-96de-90fed51e3c7a','c2021a15',2,1782791502191,'863238074948862','176.83.217.155','8E','[BLOB]','TTK.NL.MAC.2026-06-30-00.jsonl','RDY',1782791503956),(797,'6d7ff40e-63da-4d6f-9e2f-a0bf927a83bd','3a1dc006',2,1782851832409,'863238074948862','80.29.216.228','8E','[BLOB]','TTK.NL.MAC.2026-06-30-17.jsonl','RDY',1782851834025),(799,'44ff0f6e-fa63-464c-8649-bffe87b310a8','3a1dc006',3,1782851833946,'863238074948862','80.29.216.228','8E','[BLOB]','TTK.NL.MAC.2026-06-30-17.jsonl','RDY',1782851836087),(800,'63a076ba-5ee8-45c7-9709-3432e382f3ab','3a1dc006',4,1782851834763,'863238074948862','80.29.216.228','8E','[BLOB]','TTK.NL.MAC.2026-06-30-17.jsonl','RDY',1782851836108),(801,'7ace82b1-f7d2-4bd4-93b3-a9d4820faef8','3a1dc006',5,1782851836193,'863238074948862','80.29.216.228','8E','[BLOB]','TTK.NL.MAC.2026-06-30-17.jsonl','RDY',1782851838155),(802,'0642a2ae-a930-4635-bca8-195a722c8b1e','3a1dc006',6,1782851837629,'863238074948862','80.29.216.228','8E','[BLOB]','TTK.NL.MAC.2026-06-30-17.jsonl','RDY',1782851838266),(803,'b3de68ee-6c1a-4e63-8e95-574b61f08d18','3a1dc006',7,1782851839163,'863238074948862','80.29.216.228','8E','[BLOB]','TTK.NL.MAC.2026-06-30-17.jsonl','RDY',1782851840305),(804,'03d60995-7d45-4ba4-ad57-a4dcc1a293ef','3a1dc006',8,1782851840699,'863238074948862','80.29.216.228','8E','[BLOB]','TTK.NL.MAC.2026-06-30-17.jsonl','RDY',1782851842353),(805,'6cbee582-b5ab-447d-a9f0-8553121cc538','3a1dc006',9,1782851843980,'863238074948862','80.29.216.228','8E','[BLOB]','TTK.NL.MAC.2026-06-30-17.jsonl','RDY',1782851846413),(806,'82480b58-906d-4058-8c2a-489e2d94a40c','3a1dc006',10,1782851867549,'863238074948862','80.29.216.228','8E','[BLOB]','TTK.NL.MAC.2026-06-30-17.jsonl','RDY',1782851868562),(807,'188a1ec7-d8fa-4f6b-af50-13da5e4015b8','3a1dc006',11,1782851868330,'863238074948862','80.29.216.228','8E','[BLOB]','TTK.NL.MAC.2026-06-30-17.jsonl','RDY',1782851870581),(808,'adc2d527-2b4c-4216-a9e9-cb2baca505ef','3a1dc006',12,1782851869352,'863238074948862','80.29.216.228','8E','[BLOB]','TTK.NL.MAC.2026-06-30-17.jsonl','RDY',1782851870587),(809,'df251545-a99f-4e44-b240-a5d12a1dfd47','aa3b8fb0',2,1782852173972,'863238074948862','80.29.216.228','8E','[BLOB]','TTK.NL.MAC.2026-06-30-17.jsonl','RDY',1782852174307),(810,'697705e5-fe4b-489d-8854-4c6c0a369bf7','aa3b8fb0',3,1782852179344,'863238074948862','80.29.216.228','8E','[BLOB]','TTK.NL.MAC.2026-06-30-17.jsonl','RDY',1782852180363),(811,'2a72cc3d-8ef7-48a9-8a3c-53c5f037f127','aa3b8fb0',4,1782852180110,'863238074948862','80.29.216.228','8E','[BLOB]','TTK.NL.MAC.2026-06-30-17.jsonl','RDY',1782852182391),(812,'c6842dc8-f66d-4e3b-b2f4-fedf8fb703a8','aa3b8fb0',5,1782852198987,'863238074948862','80.29.216.228','8E','[BLOB]','TTK.NL.MAC.2026-06-30-17.jsonl','RDY',1782852200483),(813,'67a6c738-3bd9-451a-b046-7822f4371cc4','aa3b8fb0',6,1782852199743,'863238074948862','80.29.216.228','8E','[BLOB]','TTK.NL.MAC.2026-06-30-17.jsonl','RDY',1782852200489),(814,'fc00e4d6-f841-4352-9e19-a2e9c0bbd60d','aa3b8fb0',7,1782852200500,'863238074948862','80.29.216.228','8E','[BLOB]','TTK.NL.MAC.2026-06-30-17.jsonl','RDY',1782852202508),(815,'608bafa8-2049-4c0d-8a67-98991dc7f449','7957dccc',2,1782852331220,'863238074948862','80.29.216.228','8E','[BLOB]','TTK.NL.MAC.2026-06-30-17.jsonl','RDY',1782852331830),(816,'5798b098-1bdf-4f07-9af8-42596bc8d161','7957dccc',3,1782852332683,'863238074948862','80.29.216.228','8E','[BLOB]','TTK.NL.MAC.2026-06-30-17.jsonl','RDY',1782852333875),(817,'4b5e3b0a-5474-4309-89df-d89e3c31a0bd','7957dccc',4,1782852333458,'863238074948862','80.29.216.228','8E','[BLOB]','TTK.NL.MAC.2026-06-30-17.jsonl','RDY',1782852333887),(818,'10758939-952f-4977-a3bb-0aefd5a9f959','7957dccc',5,1782852334230,'863238074948862','80.29.216.228','8E','[BLOB]','TTK.NL.MAC.2026-06-30-17.jsonl','RDY',1782852335901),(819,'343ee489-6a71-49a8-ac0d-2d0eda9633ef','7957dccc',6,1782852336771,'863238074948862','80.29.216.228','8E','[BLOB]','TTK.NL.MAC.2026-06-30-17.jsonl','RDY',1782852337930),(820,'a34e1c24-fdc8-4b9c-96be-9deae90f0e08','7957dccc',7,1782852387634,'863238074948862','80.29.216.228','8E','[BLOB]','TTK.NL.MAC.2026-06-30-17.jsonl','RDY',1782852388737),(821,'8f09ac38-400d-4af5-82f5-093d4f36cfec','7957dccc',8,1782852388758,'863238074948862','80.29.216.228','8E','[BLOB]','TTK.NL.MAC.2026-06-30-17.jsonl','RDY',1782852390256),(822,'1798df3a-0f03-4b25-b56e-2e76858a9d24','7957dccc',9,1782852389705,'863238074948862','80.29.216.228','8E','[BLOB]','TTK.NL.MAC.2026-06-30-17.jsonl','RDY',1782852390261),(823,'4d3b9275-530d-4945-8333-c46e5518726a','7957dccc',10,1782852434297,'863238074948862','80.29.216.228','8E','[BLOB]','TTK.NL.MAC.2026-06-30-17.jsonl','RDY',1782852435075),(824,'0713e6aa-eba2-48fe-9071-7cdd937d4a85','7957dccc',11,1782852435115,'863238074948862','80.29.216.228','8E','[BLOB]','TTK.NL.MAC.2026-06-30-17.jsonl','RDY',1782852437113),(825,'f1f15070-a0e2-4ece-9d99-427869860fb4','7957dccc',12,1782852435879,'863238074948862','80.29.216.228','8E','[BLOB]','TTK.NL.MAC.2026-06-30-17.jsonl','RDY',1782852437122),(826,'e96e4fcc-6c13-45a8-88b9-bf31bbd00ff3','2f7f5e70',2,1782852604188,'863238074948862','80.29.216.228','8E','[BLOB]','TTK.NL.MAC.2026-06-30-17.jsonl','RDY',1782852604730),(827,'fe3b2a01-beaf-42d8-ac88-3ed2ee696063','2f7f5e70',3,1782852604931,'863238074948862','80.29.216.228','8E','[BLOB]','TTK.NL.MAC.2026-06-30-17.jsonl','RDY',1782852606756),(828,'497f15b9-5e4a-48f3-a9df-377986cc2bf6','2f7f5e70',4,1782852606170,'863238074948862','80.29.216.228','8E','[BLOB]','TTK.NL.MAC.2026-06-30-17.jsonl','RDY',1782852606761),(829,'7989a7fc-4a51-4979-af31-8c913465d6ff','2f7f5e70',5,1782852616244,'863238074948862','80.29.216.228','8E','[BLOB]','TTK.NL.MAC.2026-06-30-17.jsonl','RDY',1782852616829),(830,'88347187-12a0-4d9e-a888-45f8f9b8ebc5','2f7f5e70',6,1782852617166,'863238074948862','80.29.216.228','8E','[BLOB]','TTK.NL.MAC.2026-06-30-17.jsonl','RDY',1782852618866),(831,'d2be43e2-d49e-458a-8340-f67efbbbde4a','2f7f5e70',7,1782852617996,'863238074948862','80.29.216.228','8E','[BLOB]','TTK.NL.MAC.2026-06-30-17.jsonl','RDY',1782852618892),(832,'c3add45c-d845-4bb4-96aa-84449992b029','2f7f5e70',8,1782852618802,'863238074948862','80.29.216.228','8E','[BLOB]','TTK.NL.MAC.2026-06-30-17.jsonl','RDY',1782852620925),(833,'43438be4-c555-46dc-96a5-79f17209a4f9','2f7f5e70',9,1782852621565,'863238074948862','80.29.216.228','8E','[BLOB]','TTK.NL.MAC.2026-06-30-17.jsonl','RDY',1782852622949),(834,'32a415fa-721b-4f02-8168-5ae0dc4f7137','2f7f5e70',10,1782852622383,'863238074948862','80.29.216.228','8E','[BLOB]','TTK.NL.MAC.2026-06-30-17.jsonl','RDY',1782852622972),(835,'239149b6-a7e4-4f2e-9b97-dad31592f38b','2f7f5e70',11,1782852623213,'863238074948862','80.29.216.228','8E','[BLOB]','TTK.NL.MAC.2026-06-30-17.jsonl','RDY',1782852624996),(836,'158fdd45-3626-467b-b1c7-3bc9a9b104b8','2f7f5e70',12,1782852664646,'863238074948862','80.29.216.228','8E','[BLOB]','TTK.NL.MAC.2026-06-30-17.jsonl','RDY',1782852665261),(837,'27753964-cc5d-4cce-9802-54cdd15cffd6','2f7f5e70',13,1782852684881,'863238074948862','80.29.216.228','8E','[BLOB]','TTK.NL.MAC.2026-06-30-17.jsonl','RDY',1782852685422),(838,'f21f931f-8b6c-4579-8c89-3ff07fa978e3','ad847d97',2,1782856330623,'863238074948862','80.29.216.228','8E','[BLOB]','TTK.NL.MAC.2026-06-30-18.jsonl','RDY',1782856332646),(840,'ca98994e-a1ba-498e-bd9e-78b9d69c1bb6','3f192280',2,1782859931012,'863238074948862','80.29.216.228','8E','[BLOB]','TTK.NL.MAC.2026-06-30-19.jsonl','RDY',1782859932186),(842,'5e208579-d01e-4e53-aab0-4b045dc267f5','19a8d0ea',2,1782863530133,'863238074948862','80.29.216.228','8E','[BLOB]','TTK.NL.MAC.2026-06-30-20.jsonl','RDY',1782863531851),(844,'81511f85-ba62-467e-b288-a65b182d41f1','2463ba2d',2,1782901442765,'863238074948862','80.29.209.214','8E','[BLOB]','TTK.NL.MAC.2026-07-01-07.jsonl','RDY',1782901443089),(846,'8d8e11b1-7cfe-45a0-bf58-afbae8b2f5cd','2463ba2d',3,1782901443532,'863238074948862','80.29.209.214','8E','[BLOB]','TTK.NL.MAC.2026-07-01-07.jsonl','RDY',1782901445107),(851,'795c264f-1b43-4467-9a85-bb5421295f38','c3e9a418',2,1782903021433,'863238074948862','80.29.209.214','8E','[BLOB]','TTK.NL.MAC.2026-07-01-07.jsonl','RDY',1782903023422),(855,'4cc918af-fa38-49a8-aa96-d3e9740cf2d3','c3e9a418',3,1782903026390,'863238074948862','80.29.209.214','8E','[BLOB]','TTK.NL.MAC.2026-07-01-07.jsonl','RDY',1782903027459),(860,'c1e632e1-c18d-468e-8d58-1dc9a8390d2c','c3e9a418',4,1782903027184,'863238074948862','80.29.209.214','8E','[BLOB]','TTK.NL.MAC.2026-07-01-07.jsonl','RDY',1782903029499),(861,'a0f00e7c-acdf-408d-899c-7e612a92fb13','c3e9a418',5,1782903030639,'863238074948862','80.29.209.214','8E','[BLOB]','TTK.NL.MAC.2026-07-01-07.jsonl','RDY',1782903031518),(862,'b7c4b621-d96c-4f47-962a-d5530b496984','c3e9a418',6,1782903031422,'863238074948862','80.29.209.214','8E','[BLOB]','TTK.NL.MAC.2026-07-01-07.jsonl','RDY',1782903033544),(863,'0e86c1cf-62be-4c67-8f61-8a64c07e1634','c3e9a418',7,1782903032283,'863238074948862','80.29.209.214','8E','[BLOB]','TTK.NL.MAC.2026-07-01-07.jsonl','RDY',1782903033552),(864,'681707a7-442c-48a0-ac74-35562ddd6c0a','c3e9a418',8,1782903033038,'863238074948862','80.29.209.214','8E','[BLOB]','TTK.NL.MAC.2026-07-01-07.jsonl','RDY',1782903033559),(865,'fafa16fe-1008-4ab9-8721-72ed658c8c91','677eed8f',2,1782904701564,'863238074948862','80.29.209.214','8E','[BLOB]','TTK.NL.MAC.2026-07-01-08.jsonl','RDY',1782904703129),(867,'a1956c60-225f-4094-a802-86395baf87a5','8aadb88f',2,1782908301734,'863238074948862','80.29.209.214','8E','[BLOB]','TTK.NL.MAC.2026-07-01-09.jsonl','RDY',1782908303743),(869,'1590cda7-bab6-49f2-ac7c-6d3af3ffcbcb','574ae3c8',2,1782908868213,'863238074948862','80.29.209.214','8E','[BLOB]','TTK.NL.MAC.2026-07-01-09.jsonl','RDY',1782908868879),(872,'b378cab0-1e05-4062-a361-0c4ec9b10399','ce7c8479',2,1782911301533,'863238074948862','80.29.209.214','8E','[BLOB]','TTK.NL.MAC.2026-07-01-10.jsonl','RDY',1782911302448),(874,'02780ae4-1746-4c6c-9c17-97966f1a5816','ce7c8479',3,1782911303065,'863238074948862','80.29.209.214','8E','[BLOB]','TTK.NL.MAC.2026-07-01-10.jsonl','RDY',1782911304619),(875,'dae13bc7-24e2-4048-8bff-1e1dc56cae54','ce7c8479',4,1782911310963,'863238074948862','80.29.209.214','8E','[BLOB]','TTK.NL.MAC.2026-07-01-10.jsonl','RDY',1782911312767),(876,'ad856a42-d971-40ca-83bc-b256f9c5c2f4','ce7c8479',5,1782911312333,'863238074948862','80.29.209.214','8E','[BLOB]','TTK.NL.MAC.2026-07-01-10.jsonl','RDY',1782911312797),(877,'79ee4a81-37c2-4307-adb3-95a4e23ee784','ce7c8479',6,1782911313089,'863238074948862','80.29.209.214','8E','[BLOB]','TTK.NL.MAC.2026-07-01-10.jsonl','RDY',1782911314846),(878,'ae4f0e86-e517-4732-923e-2e7a525d36a6','ce7c8479',7,1782911313909,'863238074948862','80.29.209.214','8E','[BLOB]','TTK.NL.MAC.2026-07-01-10.jsonl','RDY',1782911314854),(879,'9eae46e5-bc56-42f0-a004-25796621b4bf','ce7c8479',8,1782911314925,'863238074948862','80.29.209.214','8E','[BLOB]','TTK.NL.MAC.2026-07-01-10.jsonl','RDY',1782911316895),(880,'229b07c5-bfef-492a-9ecd-8975def43775','ce7c8479',9,1782911315744,'863238074948862','80.29.209.214','8E','[BLOB]','TTK.NL.MAC.2026-07-01-10.jsonl','RDY',1782911316903),(881,'bfde1700-c8c2-4211-88c9-9ceb5ed7c57e','ce7c8479',10,1782911316521,'863238074948862','80.29.209.214','8E','[BLOB]','TTK.NL.MAC.2026-07-01-10.jsonl','RDY',1782911316917),(882,'87d5654e-31e7-449d-8213-fe4da3dcf1be','ce7c8479',11,1782911317289,'863238074948862','80.29.209.214','8E','[BLOB]','TTK.NL.MAC.2026-07-01-10.jsonl','RDY',1782911318974),(883,'4834036b-7593-4799-baf2-65a9a62b92a9','ce7c8479',12,1782911318228,'863238074948862','80.29.209.214','8E','[BLOB]','TTK.NL.MAC.2026-07-01-10.jsonl','RDY',1782911318987),(884,'43b7eb7a-6296-498f-80f7-6cff31608f26','ce7c8479',13,1782911319040,'863238074948862','80.29.209.214','8E','[BLOB]','TTK.NL.MAC.2026-07-01-10.jsonl','RDY',1782911321040),(885,'309637fd-e02b-431c-81b4-b8d68287dd7a','ce7c8479',14,1782911319816,'863238074948862','80.29.209.214','8E','[BLOB]','TTK.NL.MAC.2026-07-01-10.jsonl','RDY',1782911321050),(886,'7cd047df-6cbc-46d1-bc6a-df6eff534def','ce7c8479',15,1782911320754,'863238074948862','80.29.209.214','8E','[BLOB]','TTK.NL.MAC.2026-07-01-10.jsonl','RDY',1782911468704),(887,'f9fc10b6-45a9-482a-9f3c-1e09252c1002','ce7c8479',16,1782911321515,'863238074948862','80.29.209.214','8E','[BLOB]','TTK.NL.MAC.2026-07-01-10.jsonl','RDY',1782911468709);

--
-- Table structure for table `pre_process_backup`
--

CREATE TABLE `pre_process_backup` (
  `id` int NOT NULL AUTO_INCREMENT,
  `uuid` char(36) CHARACTER SET utf8mb4 COLLATE utf8mb4_unicode_ci NOT NULL,
  `connection_id` char(8) CHARACTER SET utf8mb4 COLLATE utf8mb4_unicode_ci NOT NULL,
  `sequence` int unsigned NOT NULL,
  `rcv_timestamp` bigint NOT NULL,
  `imei` char(15) CHARACTER SET utf8mb4 COLLATE utf8mb4_unicode_ci NOT NULL,
  `remote_ip` varchar(45) CHARACTER SET utf8mb4 COLLATE utf8mb4_unicode_ci DEFAULT NULL,
  `message_type` varchar(3) CHARACTER SET utf8mb4 COLLATE utf8mb4_unicode_ci NOT NULL,
  `message_hex` longtext CHARACTER SET utf8mb4 COLLATE utf8mb4_unicode_ci NOT NULL,
  `source_file` varchar(255) CHARACTER SET utf8mb4 COLLATE utf8mb4_unicode_ci NOT NULL,
  `status` varchar(32) CHARACTER SET utf8mb4 COLLATE utf8mb4_unicode_ci NOT NULL,
  `pre_process_ts` bigint NOT NULL,
  PRIMARY KEY (`id`),
  KEY `idx_pre_process_imei_ts` (`imei`,`rcv_timestamp`),
  KEY `idx_pre_process_type_ts` (`message_type`,`rcv_timestamp`),
  KEY `idx_pre_process_status_ts` (`status`,`pre_process_ts`),
  KEY `idx_status` (`status`,`message_type`),
  KEY `idx_pre_process_status_ts_id` (`status`,`pre_process_ts`,`id`),
  KEY `idx_pre_process_status_type_ts_id` (`status`,`message_type`,`pre_process_ts`,`id`),
  KEY `idx_pre_process_rcv_timestamp` (`rcv_timestamp`)
) ENGINE=InnoDB DEFAULT CHARSET=utf8mb4 COLLATE=utf8mb4_unicode_ci;

--
-- Dumping data for table `pre_process_backup`
--


--
-- Table structure for table `sensors`
--

CREATE TABLE `sensors` (
  `sensor_id` int NOT NULL AUTO_INCREMENT,
  `sensor_name` varchar(60) NOT NULL,
  `value_type` varchar(30) NOT NULL,
  PRIMARY KEY (`sensor_id`),
  UNIQUE KEY `uk_sensors_nombre` (`sensor_name`)
) ENGINE=InnoDB AUTO_INCREMENT=15 DEFAULT CHARSET=utf8mb4 COLLATE=utf8mb4_0900_ai_ci;

--
-- Dumping data for table `sensors`
--

INSERT INTO `sensors` VALUES (1,'Ignicion','boolean'),(2,'Movimiento','boolean'),(3,'Horometro (horas de motor)','numeric'),(4,'Voltaje externo','numeric'),(5,'Voltaje bateria interna','numeric'),(6,'Entrada digital 1','boolean'),(7,'Entrada digital 2','boolean'),(8,'Entrada digital 3','boolean'),(9,'Posicion GPS','geo'),(10,'Velocidad','numeric'),(11,'Rumbo','numeric'),(12,'Altitud','numeric'),(13,'Satelites GNSS','numeric'),(14,'Odometro total','numeric');

--
-- Table structure for table `user_granted_assets`
--

CREATE TABLE `user_granted_assets` (
  `user_id` int NOT NULL,
  `asset_id` int NOT NULL,
  `valid_from` int DEFAULT NULL,
  `valid_thru` bigint DEFAULT NULL,
  `enabled` tinyint DEFAULT '1',
  PRIMARY KEY (`user_id`,`asset_id`)
) ENGINE=MyISAM DEFAULT CHARSET=utf8mb4 COLLATE=utf8mb4_0900_ai_ci;

--
-- Dumping data for table `user_granted_assets`
--


--
-- Table structure for table `usuario_granted_assets`
--

CREATE TABLE `usuario_granted_assets` (
  `usuario_id` int NOT NULL,
  `asset_id` int NOT NULL,
  `valid_from` int DEFAULT NULL,
  `valid_thru` bigint DEFAULT NULL,
  `enabled` tinyint DEFAULT '1',
  PRIMARY KEY (`usuario_id`,`asset_id`)
) ENGINE=InnoDB DEFAULT CHARSET=utf8mb4 COLLATE=utf8mb4_0900_ai_ci;

--
-- Dumping data for table `usuario_granted_assets`
--

INSERT INTO `usuario_granted_assets` VALUES (1,1,NULL,NULL,1);

--
-- Dumping events for database 'iotmetrix'
--

--
-- Dumping routines for database 'iotmetrix'
--


